(3965,1,0,'Joomla','','joomla','file','',0,'3.9.24','','https://update.joomla.org/core/sts/extension_sts.xml','',''),(3966,1,0,'Joomla','','joomla','file','',0,'3.9.24','','https://update.joomla.org/core/sts/extension_sts.xml','',''),(3967,1,0,'Joomla','','joomla','file','',0,'3.9.24','','https://update.joomla.org/core/sts/extension_sts.xml','',''),(3968,1,0,'Joomla','','joomla','file','',0,'3.9.24','','https://update.joomla.org/core/sts/extension_sts.xml','',''),(3969,1,0,'Joomla','','joomla','file','',0,'3.9.25','','https://update.joomla.org/core/sts/extension_sts.xml','',''),(3970,1,0,'Joomla','','joomla','file','',0,'3.9.25','','https://update.joomla.org/core/sts/extension_sts.xml','',''),(3971,1,0,'Joomla','','joomla','file','',0,'3.9.25','','https://update.joomla.org/core/sts/extension_sts.xml','',''),(3972,1,0,'Joomla','','joomla','file','',0,'3.9.25','','https://update.joomla.org/core/sts/extension_sts.xml','',''),(3973,1,0,'Joomla','','joomla','file','',0,'3.9.25','','https://update.joomla.org/core/sts/extension_sts.xml','',''),(3974,1,0,'Joomla','','joomla','file','',0,'3.9.25','','https://update.joomla.org/core/sts/extension_sts.xml','',''),(3975,1,0,'Joomla','','joomla','file','',0,'3.9.25','','https://update.joomla.org/core/sts/extension_sts.xml','',''),(3976,1,0,'Joomla','','joomla','file','',0,'3.9.25','','https://update.joomla.org/core/sts/extension_sts.xml','',''),(3977,1,0,'Joomla','','joomla','file','',0,'3.9.25','','https://update.joomla.org/core/sts/extension_sts.xml','',''),(3978,1,0,'Joomla','','joomla','file','',0,'3.9.25','','https://update.joomla.org/core/sts/extension_sts.xml','',''),(3979,1,0,'Joomla','','joomla','file','',0,'3.9.25','','https://update.joomla.org/core/sts/extension_sts.xml','',''),(3980,1,0,'Joomla','','joomla','file','',0,'3.9.25','','https://update.joomla.org/core/sts/extension_sts.xml','',''),(3981,1,0,'Joomla','','joomla','file','',0,'3.9.25','','https://update.joomla.org/core/sts/extension_sts.xml','',''),(3982,1,0,'Joomla','','joomla','file','',0,'3.9.25','','https://update.joomla.org/core/sts/extension_sts.xml','',''),(3983,1,0,'Joomla','','joomla','file','',0,'3.9.25','','https://update.joomla.org/core/sts/extension_sts.xml','',''),(3984,1,0,'Joomla','','joomla','file','',0,'3.9.25','','https://update.joomla.org/core/sts/extension_sts.xml','',''),(3985,1,0,'Joomla','','joomla','file','',0,'3.9.25','','https://update.joomla.org/core/sts/extension_sts.xml','',''),(3986,1,0,'Joomla','','joomla','file','',0,'3.9.25','','https://update.joomla.org/core/sts/extension_sts.xml','',''),(3987,1,0,'Joomla','','joomla','file','',0,'3.9.25','','https://update.joomla.org/core/sts/extension_sts.xml','',''),(3988,1,0,'Joomla','','joomla','file','',0,'3.9.25','','https://update.joomla.org/core/sts/extension_sts.xml','',''),(3989,1,0,'Joomla','','joomla','file','',0,'3.9.25','','https://update.joomla.org/core/sts/extension_sts.xml','',''),(3990,1,0,'Joomla','','joomla','file','',0,'3.9.25','','https://update.joomla.org/core/sts/extension_sts.xml','',''),(3991,1,0,'Joomla','','joomla','file','',0,'3.9.25','','https://update.joomla.org/core/sts/extension_sts.xml','',''),(3992,1,0,'Joomla','','joomla','file','',0,'3.9.25','','https://update.joomla.org/core/sts/extension_sts.xml','',''),(3993,1,0,'Joomla','','joomla','file','',0,'3.9.25','','https://update.joomla.org/core/sts/extension_sts.xml','',''),(3994,1,0,'Joomla','','joomla','file','',0,'3.9.25','','https://update.joomla.org/core/sts/extension_sts.xml','',''),(3995,1,0,'Joomla','','joomla','file','',0,'3.9.25','','https://update.joomla.org/core/sts/extension_sts.xml','',''),(3996,1,0,'Joomla','','joomla','file','',0,'3.9.25','','https://update.joomla.org/core/sts/extension_sts.xml','',''),(3997,1,0,'Joomla','','joomla','file','',0,'3.9.25','','https://update.joomla.org/core/sts/extension_sts.xml','',''),(3998,1,0,'Joomla','','joomla','file','',0,'3.9.25','','https://update.joomla.org/core/sts/extension_sts.xml','',''),(3999,1,0,'Joomla','','joomla','file','',0,'3.9.25','','https://update.joomla.org/core/sts/extension_sts.xml','',''),(4000,1,0,'Joomla','','joomla','file','',0,'3.9.25','','https://update.joomla.org/core/sts/extension_sts.xml','',''),(4001,1,0,'Joomla','','joomla','file','',0,'3.9.25','','https://update.joomla.org/core/sts/extension_sts.xml','',''),(4002,1,0,'Joomla','','joomla','file','',0,'3.9.25','','https://update.joomla.org/core/sts/extension_sts.xml','',''),(4003,1,0,'Joomla','','joomla','file','',0,'3.9.25','','https://update.joomla.org/core/sts/extension_sts.xml','',''),(4004,1,0,'Joomla','','joomla','file','',0,'3.9.25','','https://update.joomla.org/core/sts/extension_sts.xml','',''),(4005,1,0,'Joomla','','joomla','file','',0,'3.9.25','','https://update.joomla.org/core/sts/extension_sts.xml','',''),(4006,1,0,'Joomla','','joomla','file','',0,'3.9.25','','https://update.joomla.org/core/sts/extension_sts.xml','',''),(4007,1,0,'Joomla','','joomla','file','',0,'3.9.25','','https://update.joomla.org/core/sts/extension_sts.xml','',''),(4008,1,0,'Joomla','','joomla','file','',0,'3.9.25','','https://update.joomla.org/core/sts/extension_sts.xml','',''),(4009,1,0,'Joomla','','joomla','file','',0,'3.9.25','','https://update.joomla.org/core/sts/extension_sts.xml','',''),(4010,1,0,'Joomla','','joomla','file','',0,'3.9.25','','https://update.joomla.org/core/sts/extension_sts.xml','',''),(4011,1,0,'Joomla','','joomla','file','',0,'3.9.25','','https://update.joomla.org/core/sts/extension_sts.xml','',''),(4012,1,0,'Joomla','','joomla','file','',0,'3.9.25','','https://update.joomla.org/core/sts/extension_sts.xml','',''),(4013,1,0,'Joomla','','joomla','file','',0,'3.9.25','','https://update.joomla.org/core/sts/extension_sts.xml','',''),(4014,1,0,'Joomla','','joomla','file','',0,'3.9.25','','https://update.joomla.org/core/sts/extension_sts.xml','',''),(4015,1,0,'Joomla','','joomla','file','',0,'3.9.25','','https://update.joomla.org/core/sts/extension_sts.xml','',''),(4016,1,0,'Joomla','','joomla','file','',0,'3.9.25','','https://update.joomla.org/core/sts/extension_sts.xml','',''),(4017,1,0,'Joomla','','joomla','file','',0,'3.9.25','','https://update.joomla.org/core/sts/extension_sts.xml','',''),(4018,1,0,'Joomla','','joomla','file','',0,'3.9.25','','https://update.joomla.org/core/sts/extension_sts.xml','',''),(4019,1,0,'Joomla','','joomla','file','',0,'3.9.25','','https://update.joomla.org/core/sts/extension_sts.xml','',''),(4020,1,0,'Joomla','','joomla','file','',0,'3.9.25','','https://update.joomla.org/core/sts/extension_sts.xml','',''),(4021,1,0,'Joomla','','joomla','file','',0,'3.9.25','','https://update.joomla.org/core/sts/extension_sts.xml','',''),(4022,1,0,'Joomla','','joomla','file','',0,'3.9.25','','https://update.joomla.org/core/sts/extension_sts.xml','',''),(4023,1,0,'Joomla','','joomla','file','',0,'3.9.25','','https://update.joomla.org/core/sts/extension_sts.xml','',''),(4024,1,0,'Joomla','','joomla','file','',0,'3.9.25','','https://update.joomla.org/core/sts/extension_sts.xml','',''),(4025,1,0,'Joomla','','joomla','file','',0,'3.9.25','','https://update.joomla.org/core/sts/extension_sts.xml','',''),(4026,1,0,'Joomla','','joomla','file','',0,'3.9.25','','https://update.joomla.org/core/sts/extension_sts.xml','',''),(4027,1,0,'Joomla','','joomla','file','',0,'3.9.25','','https://update.joomla.org/core/sts/extension_sts.xml','',''),(4028,1,0,'Joomla','','joomla','file','',0,'3.9.25','','https://update.joomla.org/core/sts/extension_sts.xml','',''),(4029,1,0,'Joomla','','joomla','file','',0,'3.9.25','','https://update.joomla.org/core/sts/extension_sts.xml','',''),(4030,1,0,'Joomla','','joomla','file','',0,'3.9.25','','https://update.joomla.org/core/sts/extension_sts.xml','',''),(4031,1,0,'Joomla','','joomla','file','',0,'3.9.25','','https://update.joomla.org/core/sts/extension_sts.xml','',''),(4032,1,0,'Joomla','','joomla','file','',0,'3.9.25','','https://update.joomla.org/core/sts/extension_sts.xml','',''),(4033,1,0,'Joomla','','joomla','file','',0,'3.9.25','','https://update.joomla.org/core/sts/extension_sts.xml','',''),(4034,1,0,'Joomla','','joomla','file','',0,'3.9.25','','https://update.joomla.org/core/sts/extension_sts.xml','',''),(4035,1,0,'Joomla','','joomla','file','',0,'3.9.25','','https://update.joomla.org/core/sts/extension_sts.xml','',''),(4036,1,0,'Joomla','','joomla','file','',0,'3.9.25','','https://update.joomla.org/core/sts/extension_sts.xml','',''),(4037,1,0,'Joomla','','joomla','file','',0,'3.9.25','','https://update.joomla.org/core/sts/extension_sts.xml','',''),(4038,1,0,'Joomla','','joomla','file','',0,'3.9.25','','https://update.joomla.org/core/sts/extension_sts.xml','',''),(4039,1,0,'Joomla','','joomla','file','',0,'3.9.25','','https://update.joomla.org/core/sts/extension_sts.xml','',''),(4040,1,0,'Joomla','','joomla','file','',0,'3.9.25','','https://update.joomla.org/core/sts/extension_sts.xml','',''),(4041,1,0,'Joomla','','joomla','file','',0,'3.9.25','','https://update.joomla.org/core/sts/extension_sts.xml','',''),(4042,1,0,'Joomla','','joomla','file','',0,'3.9.25','','https://update.joomla.org/core/sts/extension_sts.xml','',''),(4043,1,0,'Joomla','','joomla','file','',0,'3.9.25','','https://update.joomla.org/core/sts/extension_sts.xml','',''),(4044,1,0,'Joomla','','joomla','file','',0,'3.9.25','','https://update.joomla.org/core/sts/extension_sts.xml','',''),(4045,1,0,'Joomla','','joomla','file','',0,'3.9.25','','https://update.joomla.org/core/sts/extension_sts.xml','',''),(4046,1,0,'Joomla','','joomla','file','',0,'3.9.25','','https://update.joomla.org/core/sts/extension_sts.xml','',''),(4047,1,0,'Joomla','','joomla','file','',0,'3.9.25','','https://update.joomla.org/core/sts/extension_sts.xml','',''),(4048,1,0,'Joomla','','joomla','file','',0,'3.9.25','','https://update.joomla.org/core/sts/extension_sts.xml','',''),(4049,1,0,'Joomla','','joomla','file','',0,'3.9.25','','https://update.joomla.org/core/sts/extension_sts.xml','',''),(4050,1,0,'Joomla','','joomla','file','',0,'3.9.25','','https://update.joomla.org/core/sts/extension_sts.xml','',''),(4051,1,0,'Joomla','','joomla','file','',0,'3.9.25','','https://update.joomla.org/core/sts/extension_sts.xml','',''),(4052,1,0,'Joomla','','joomla','file','',0,'3.9.25','','https://update.joomla.org/core/sts/extension_sts.xml','',''),(4053,1,0,'Joomla','','joomla','file','',0,'3.9.25','','https://update.joomla.org/core/sts/extension_sts.xml','',''),(4054,1,0,'Joomla','','joomla','file','',0,'3.9.25','','https://update.joomla.org/core/sts/extension_sts.xml','',''),(4055,1,0,'Joomla','','joomla','file','',0,'3.9.25','','https://update.joomla.org/core/sts/extension_sts.xml','',''),(4056,1,0,'Joomla','','joomla','file','',0,'3.9.25','','https://update.joomla.org/core/sts/extension_sts.xml','',''),(4057,1,0,'Joomla','','joomla','file','',0,'3.9.25','','https://update.joomla.org/core/sts/extension_sts.xml','',''),(4058,1,0,'Joomla','','joomla','file','',0,'3.9.25','','https://update.joomla.org/core/sts/extension_sts.xml','',''),(4059,1,0,'Joomla','','joomla','file','',0,'3.9.25','','https://update.joomla.org/core/sts/extension_sts.xml','',''),(4060,1,0,'Joomla','','joomla','file','',0,'3.9.25','','https://update.joomla.org/core/sts/extension_sts.xml','',''),(4061,1,0,'Joomla','','joomla','file','',0,'3.9.25','','https://update.joomla.org/core/sts/extension_sts.xml','',''),(4062,1,0,'Joomla','','joomla','file','',0,'3.9.25','','https://update.joomla.org/core/sts/extension_sts.xml','',''),(4063,1,0,'Joomla','','joomla','file','',0,'3.9.25','','https://update.joomla.org/core/sts/extension_sts.xml','',''),(4064,1,0,'Joomla','','joomla','file','',0,'3.9.25','','https://update.joomla.org/core/sts/extension_sts.xml','',''),(4065,1,0,'Joomla','','joomla','file','',0,'3.9.25','','https://update.joomla.org/core/sts/extension_sts.xml','',''),(4066,1,0,'Joomla','','joomla','file','',0,'3.9.25','','https://update.joomla.org/core/sts/extension_sts.xml','',''),(4067,1,0,'Joomla','','joomla','file','',0,'3.9.25','','https://update.joomla.org/core/sts/extension_sts.xml','',''),(4068,1,0,'Joomla','','joomla','file','',0,'3.9.25','','https://update.joomla.org/core/sts/extension_sts.xml','',''),(4069,1,0,'Joomla','','joomla','file','',0,'3.9.25','','https://update.joomla.org/core/sts/extension_sts.xml','',''),(4070,1,0,'Joomla','','joomla','file','',0,'3.9.25','','https://update.joomla.org/core/sts/extension_sts.xml','',''),(4071,1,0,'Joomla','','joomla','file','',0,'3.9.25','','https://update.joomla.org/core/sts/extension_sts.xml','',''),(4072,1,0,'Joomla','','joomla','file','',0,'3.9.25','','https://update.joomla.org/core/sts/extension_sts.xml','',''),(4073,1,0,'Joomla','','joomla','file','',0,'3.9.25','','https://update.joomla.org/core/sts/extension_sts.xml','',''),(4074,1,0,'Joomla','','joomla','file','',0,'3.9.25','','https://update.joomla.org/core/sts/extension_sts.xml','',''),(4075,1,0,'Joomla','','joomla','file','',0,'3.9.25','','https://update.joomla.org/core/sts/extension_sts.xml','',''),(4076,1,0,'Joomla','','joomla','file','',0,'3.9.25','','https://update.joomla.org/core/sts/extension_sts.xml','',''),(4077,1,0,'Joomla','','joomla','file','',0,'3.9.25','','https://update.joomla.org/core/sts/extension_sts.xml','',''),(4078,1,0,'Joomla','','joomla','file','',0,'3.9.25','','https://update.joomla.org/core/sts/extension_sts.xml','',''),(4079,1,0,'Joomla','','joomla','file','',0,'3.9.25','','https://update.joomla.org/core/sts/extension_sts.xml','',''),(4080,1,0,'Joomla','','joomla','file','',0,'3.9.25','','https://update.joomla.org/core/sts/extension_sts.xml','',''),(4081,1,0,'Joomla','','joomla','file','',0,'3.9.25','','https://update.joomla.org/core/sts/extension_sts.xml','',''),(4082,1,0,'Joomla','','joomla','file','',0,'3.9.25','','https://update.joomla.org/core/sts/extension_sts.xml','',''),(4083,1,0,'Joomla','','joomla','file','',0,'3.9.25','','https://update.joomla.org/core/sts/extension_sts.xml','',''),(4084,1,0,'Joomla','','joomla','file','',0,'3.9.25','','https://update.joomla.org/core/sts/extension_sts.xml','',''),(4085,1,0,'Joomla','','joomla','file','',0,'3.9.25','','https://update.joomla.org/core/sts/extension_sts.xml','',''),(4086,1,0,'Joomla','','joomla','file','',0,'3.9.25','','https://update.joomla.org/core/sts/extension_sts.xml','',''),(4087,1,0,'Joomla','','joomla','file','',0,'3.9.25','','https://update.joomla.org/core/sts/extension_sts.xml','',''),(4088,1,0,'Joomla','','joomla','file','',0,'3.9.25','','https://update.joomla.org/core/sts/extension_sts.xml','',''),(4089,1,0,'Joomla','','joomla','file','',0,'3.9.25','','https://update.joomla.org/core/sts/extension_sts.xml','',''),(4090,1,0,'Joomla','','joomla','file','',0,'3.9.25','','https://update.joomla.org/core/sts/extension_sts.xml','',''),(4091,1,0,'Joomla','','joomla','file','',0,'3.9.25','','https://update.joomla.org/core/sts/extension_sts.xml','',''),(4092,1,0,'Joomla','','joomla','file','',0,'3.9.25','','https://update.joomla.org/core/sts/extension_sts.xml','',''),(4093,1,0,'Joomla','','joomla','file','',0,'3.9.25','','https://update.joomla.org/core/sts/extension_sts.xml','',''),(4094,1,0,'Joomla','','joomla','file','',0,'3.9.25','','https://update.joomla.org/core/sts/extension_sts.xml','',''),(4095,1,0,'Joomla','','joomla','file','',0,'3.9.25','','https://update.joomla.org/core/sts/extension_sts.xml','',''),(4096,1,0,'Joomla','','joomla','file','',0,'3.9.25','','https://update.joomla.org/core/sts/extension_sts.xml','',''),(4097,1,0,'Joomla','','joomla','file','',0,'3.9.25','','https://update.joomla.org/core/sts/extension_sts.xml','',''),(4098,1,0,'Joomla','','joomla','file','',0,'3.9.25','','https://update.joomla.org/core/sts/extension_sts.xml','',''),(4099,1,0,'Joomla','','joomla','file','',0,'3.9.25','','https://update.joomla.org/core/sts/extension_sts.xml','',''),(4100,1,0,'Joomla','','joomla','file','',0,'3.9.25','','https://update.joomla.org/core/sts/extension_sts.xml','',''),(4101,1,0,'Joomla','','joomla','file','',0,'3.9.25','','https://update.joomla.org/core/sts/extension_sts.xml','',''),(4102,1,0,'Joomla','','joomla','file','',0,'3.9.25','','https://update.joomla.org/core/sts/extension_sts.xml','',''),(4103,1,0,'Joomla','','joomla','file','',0,'3.9.25','','https://update.joomla.org/core/sts/extension_sts.xml','',''),(4104,1,0,'Joomla','','joomla','file','',0,'3.9.25','','https://update.joomla.org/core/sts/extension_sts.xml','',''),(4105,1,0,'Joomla','','joomla','file','',0,'3.9.25','','https://update.joomla.org/core/sts/extension_sts.xml','',''),(4106,1,0,'Joomla','','joomla','file','',0,'3.9.25','','https://update.joomla.org/core/sts/extension_sts.xml','',''),(4107,1,0,'Joomla','','joomla','file','',0,'3.9.25','','https://update.joomla.org/core/sts/extension_sts.xml','',''),(4108,1,0,'Joomla','','joomla','file','',0,'3.9.25','','https://update.joomla.org/core/sts/extension_sts.xml','',''),(4109,1,0,'Joomla','','joomla','file','',0,'3.9.25','','https://update.joomla.org/core/sts/extension_sts.xml','',''),(4110,1,0,'Joomla','','joomla','file','',0,'3.9.25','','https://update.joomla.org/core/sts/extension_sts.xml','',''),(4111,1,0,'Joomla','','joomla','file','',0,'3.9.25','','https://update.joomla.org/core/sts/extension_sts.xml','',''),(4112,1,0,'Joomla','','joomla','file','',0,'3.9.25','','https://update.joomla.org/core/sts/extension_sts.xml','',''),(4113,1,0,'Joomla','','joomla','file','',0,'3.9.25','','https://update.joomla.org/core/sts/extension_sts.xml','',''),(4114,1,0,'Joomla','','joomla','file','',0,'3.9.25','','https://update.joomla.org/core/sts/extension_sts.xml','',''),(4115,1,0,'Joomla','','joomla','file','',0,'3.9.25','','https://update.joomla.org/core/sts/extension_sts.xml','',''),(4116,1,0,'Joomla','','joomla','file','',0,'3.9.25','','https://update.joomla.org/core/sts/extension_sts.xml','',''),(4117,1,0,'Joomla','','joomla','file','',0,'3.9.25','','https://update.joomla.org/core/sts/extension_sts.xml','',''),(4118,1,0,'Joomla','','joomla','file','',0,'3.9.25','','https://update.joomla.org/core/sts/extension_sts.xml','',''),(4119,1,0,'Joomla','','joomla','file','',0,'3.9.25','','https://update.joomla.org/core/sts/extension_sts.xml','',''),(4120,1,0,'Joomla','','joomla','file','',0,'3.9.25','','https://update.joomla.org/core/sts/extension_sts.xml','',''),(4121,1,0,'Joomla','','joomla','file','',0,'3.9.25','','https://update.joomla.org/core/sts/extension_sts.xml','',''),(4122,1,0,'Joomla','','joomla','file','',0,'3.9.25','','https://update.joomla.org/core/sts/extension_sts.xml','',''),(4123,1,0,'Joomla','','joomla','file','',0,'3.9.25','','https://update.joomla.org/core/sts/extension_sts.xml','',''),(4124,1,0,'Joomla','','joomla','file','',0,'3.9.25','','https://update.joomla.org/core/sts/extension_sts.xml','',''),(4125,1,0,'Joomla','','joomla','file','',0,'3.9.25','','https://update.joomla.org/core/sts/extension_sts.xml','',''),(4126,1,0,'Joomla','','joomla','file','',0,'3.9.25','','https://update.joomla.org/core/sts/extension_sts.xml','',''),(4127,1,0,'Joomla','','joomla','file','',0,'3.9.25','','https://update.joomla.org/core/sts/extension_sts.xml','',''),(4128,1,0,'Joomla','','joomla','file','',0,'3.9.25','','https://update.joomla.org/core/sts/extension_sts.xml','',''),(4129,1,0,'Joomla','','joomla','file','',0,'3.9.25','','https://update.joomla.org/core/sts/extension_sts.xml','',''),(4130,1,0,'Joomla','','joomla','file','',0,'3.9.25','','https://update.joomla.org/core/sts/extension_sts.xml','',''),(4131,1,0,'Joomla','','joomla','file','',0,'3.9.25','','https://update.joomla.org/core/sts/extension_sts.xml','',''),(4132,1,0,'Joomla','','joomla','file','',0,'3.9.25','','https://update.joomla.org/core/sts/extension_sts.xml','',''),(4133,1,0,'Joomla','','joomla','file','',0,'3.9.25','','https://update.joomla.org/core/sts/extension_sts.xml','',''),(4134,1,0,'Joomla','','joomla','file','',0,'3.9.25','','https://update.joomla.org/core/sts/extension_sts.xml','',''),(4135,1,0,'Joomla','','joomla','file','',0,'3.9.25','','https://update.joomla.org/core/sts/extension_sts.xml','',''),(4136,1,0,'Joomla','','joomla','file','',0,'3.9.25','','https://update.joomla.org/core/sts/extension_sts.xml','',''),(4137,1,0,'Joomla','','joomla','file','',0,'3.9.25','','https://update.joomla.org/core/sts/extension_sts.xml','',''),(4138,1,0,'Joomla','','joomla','file','',0,'3.9.25','','https://update.joomla.org/core/sts/extension_sts.xml','',''),(4139,1,0,'Joomla','','joomla','file','',0,'3.9.25','','https://update.joomla.org/core/sts/extension_sts.xml','',''),(4140,1,0,'Joomla','','joomla','file','',0,'3.9.25','','https://update.joomla.org/core/sts/extension_sts.xml','',''),(4141,1,0,'Joomla','','joomla','file','',0,'3.9.25','','https://update.joomla.org/core/sts/extension_sts.xml','',''),(4142,1,0,'Joomla','','joomla','file','',0,'3.9.25','','https://update.joomla.org/core/sts/extension_sts.xml','',''),(4143,1,0,'Joomla','','joomla','file','',0,'3.9.25','','https://update.joomla.org/core/sts/extension_sts.xml','',''),(4144,1,0,'Joomla','','joomla','file','',0,'3.9.25','','https://update.joomla.org/core/sts/extension_sts.xml','',''),(4145,1,0,'Joomla','','joomla','file','',0,'3.9.25','','https://update.joomla.org/core/sts/extension_sts.xml','',''),(4146,1,0,'Joomla','','joomla','file','',0,'3.9.25','','https://update.joomla.org/core/sts/extension_sts.xml','',''),(4147,1,0,'Joomla','','joomla','file','',0,'3.9.25','','https://update.joomla.org/core/sts/extension_sts.xml','',''),(4148,1,0,'Joomla','','joomla','file','',0,'3.9.25','','https://update.joomla.org/core/sts/extension_sts.xml','',''),(4149,1,0,'Joomla','','joomla','file','',0,'3.9.25','','https://update.joomla.org/core/sts/extension_sts.xml','',''),(4150,1,0,'Joomla','','joomla','file','',0,'3.9.25','','https://update.joomla.org/core/sts/extension_sts.xml','',''),(4151,1,0,'Joomla','','joomla','file','',0,'3.9.25','','https://update.joomla.org/core/sts/extension_sts.xml','',''),(4152,1,0,'Joomla','','joomla','file','',0,'3.9.25','','https://update.joomla.org/core/sts/extension_sts.xml','',''),(4153,1,0,'Joomla','','joomla','file','',0,'3.9.26','','https://update.joomla.org/core/sts/extension_sts.xml','',''),(4154,1,0,'Joomla','','joomla','file','',0,'3.9.26','','https://update.joomla.org/core/sts/extension_sts.xml','',''),(4155,1,0,'Joomla','','joomla','file','',0,'3.9.26','','https://update.joomla.org/core/sts/extension_sts.xml','',''),(4156,1,0,'Joomla','','joomla','file','',0,'3.9.26','','https://update.joomla.org/core/sts/extension_sts.xml','',''),(4157,1,0,'Joomla','','joomla','file','',0,'3.9.26','','https://update.joomla.org/core/sts/extension_sts.xml','',''),(4158,1,0,'Joomla','','joomla','file','',0,'3.9.26','','https://update.joomla.org/core/sts/extension_sts.xml','',''),(4159,1,0,'Joomla','','joomla','file','',0,'3.9.26','','https://update.joomla.org/core/sts/extension_sts.xml','',''),(4160,1,0,'Joomla','','joomla','file','',0,'3.9.26','','https://update.joomla.org/core/sts/extension_sts.xml','',''),(4161,1,0,'Joomla','','joomla','file','',0,'3.9.26','','https://update.joomla.org/core/sts/extension_sts.xml','',''),(4162,1,0,'Joomla','','joomla','file','',0,'3.9.26','','https://update.joomla.org/core/sts/extension_sts.xml','',''),(4163,1,0,'Joomla','','joomla','file','',0,'3.9.26','','https://update.joomla.org/core/sts/extension_sts.xml','',''),(4164,1,0,'Joomla','','joomla','file','',0,'3.9.26','','https://update.joomla.org/core/sts/extension_sts.xml','',''),(4165,1,0,'Joomla','','joomla','file','',0,'3.9.26','','https://update.joomla.org/core/sts/extension_sts.xml','',''),(4166,1,0,'Joomla','','joomla','file','',0,'3.9.26','','https://update.joomla.org/core/sts/extension_sts.xml','',''),(4167,1,0,'Joomla','','joomla','file','',0,'3.9.26','','https://update.joomla.org/core/sts/extension_sts.xml','',''),(4168,1,0,'Joomla','','joomla','file','',0,'3.9.26','','https://update.joomla.org/core/sts/extension_sts.xml','',''),(4169,1,0,'Joomla','','joomla','file','',0,'3.9.26','','https://update.joomla.org/core/sts/extension_sts.xml','',''),(4170,1,0,'Joomla','','joomla','file','',0,'3.9.26','','https://update.joomla.org/core/sts/extension_sts.xml','',''),(4171,1,0,'Joomla','','joomla','file','',0,'3.9.26','','https://update.joomla.org/core/sts/extension_sts.xml','',''),(4172,1,0,'Joomla','','joomla','file','',0,'3.9.26','','https://update.joomla.org/core/sts/extension_sts.xml','',''),(4173,1,0,'Joomla','','joomla','file','',0,'3.9.26','','https://update.joomla.org/core/sts/extension_sts.xml','',''),(4174,1,0,'Joomla','','joomla','file','',0,'3.9.26','','https://update.joomla.org/core/sts/extension_sts.xml','',''),(4175,1,0,'Joomla','','joomla','file','',0,'3.9.26','','https://update.joomla.org/core/sts/extension_sts.xml','',''),(4176,1,0,'Joomla','','joomla','file','',0,'3.9.26','','https://update.joomla.org/core/sts/extension_sts.xml','',''),(4177,1,0,'Joomla','','joomla','file','',0,'3.9.26','','https://update.joomla.org/core/sts/extension_sts.xml','',''),(4178,1,0,'Joomla','','joomla','file','',0,'3.9.26','','https://update.joomla.org/core/sts/extension_sts.xml','',''),(4179,1,0,'Joomla','','joomla','file','',0,'3.9.26','','https://update.joomla.org/core/sts/extension_sts.xml','',''),(4180,1,0,'Joomla','','joomla','file','',0,'3.9.26','','https://update.joomla.org/core/sts/extension_sts.xml','',''),(4181,1,0,'Joomla','','joomla','file','',0,'3.9.26','','https://update.joomla.org/core/sts/extension_sts.xml','',''),(4182,1,0,'Joomla','','joomla','file','',0,'3.9.26','','https://update.joomla.org/core/sts/extension_sts.xml','',''),(4183,1,0,'Joomla','','joomla','file','',0,'3.9.26','','https://update.joomla.org/core/sts/extension_sts.xml','',''),(4184,1,0,'Joomla','','joomla','file','',0,'3.9.26','','https://update.joomla.org/core/sts/extension_sts.xml','',''),(4185,1,0,'Joomla','','joomla','file','',0,'3.9.26','','https://update.joomla.org/core/sts/extension_sts.xml','',''),(4186,1,0,'Joomla','','joomla','file','',0,'3.9.26','','https://update.joomla.org/core/sts/extension_sts.xml','',''),(4187,1,0,'Joomla','','joomla','file','',0,'3.9.26','','https://update.joomla.org/core/sts/extension_sts.xml','',''),(4188,1,0,'Joomla','','joomla','file','',0,'3.9.26','','https://update.joomla.org/core/sts/extension_sts.xml','',''),(4189,1,0,'Joomla','','joomla','file','',0,'3.9.26','','https://update.joomla.org/core/sts/extension_sts.xml','',''),(4190,1,0,'Joomla','','joomla','file','',0,'3.9.26','','https://update.joomla.org/core/sts/extension_sts.xml','',''),(4191,1,0,'Joomla','','joomla','file','',0,'3.9.26','','https://update.joomla.org/core/sts/extension_sts.xml','',''),(4192,1,0,'Joomla','','joomla','file','',0,'3.9.26','','https://update.joomla.org/core/sts/extension_sts.xml','',''),(4193,1,0,'Joomla','','joomla','file','',0,'3.9.26','','https://update.joomla.org/core/sts/extension_sts.xml','',''),(4194,1,0,'Joomla','','joomla','file','',0,'3.9.26','','https://update.joomla.org/core/sts/extension_sts.xml','',''),(4195,1,0,'Joomla','','joomla','file','',0,'3.9.26','','https://update.joomla.org/core/sts/extension_sts.xml','',''),(4196,1,0,'Joomla','','joomla','file','',0,'3.9.26','','https://update.joomla.org/core/sts/extension_sts.xml','',''),(4197,1,0,'Joomla','','joomla','file','',0,'3.9.26','','https://update.joomla.org/core/sts/extension_sts.xml','',''),(4198,1,0,'Joomla','','joomla','file','',0,'3.9.26','','https://update.joomla.org/core/sts/extension_sts.xml','',''),(4199,1,0,'Joomla','','joomla','file','',0,'3.9.26','','https://update.joomla.org/core/sts/extension_sts.xml','',''),(4200,1,0,'Joomla','','joomla','file','',0,'3.9.26','','https://update.joomla.org/core/sts/extension_sts.xml','',''),(4201,1,0,'Joomla','','joomla','file','',0,'3.9.26','','https://update.joomla.org/core/sts/extension_sts.xml','',''),(4202,1,0,'Joomla','','joomla','file','',0,'3.9.26','','https://update.joomla.org/core/sts/extension_sts.xml','',''),(4203,1,0,'Joomla','','joomla','file','',0,'3.9.26','','https://update.joomla.org/core/sts/extension_sts.xml','',''),(4204,1,0,'Joomla','','joomla','file','',0,'3.9.26','','https://update.joomla.org/core/sts/extension_sts.xml','',''),(4205,1,0,'Joomla','','joomla','file','',0,'3.9.26','','https://update.joomla.org/core/sts/extension_sts.xml','',''),(4206,1,0,'Joomla','','joomla','file','',0,'3.9.26','','https://update.joomla.org/core/sts/extension_sts.xml','',''),(4207,1,0,'Joomla','','joomla','file','',0,'3.9.26','','https://update.joomla.org/core/sts/extension_sts.xml','',''),(4208,1,0,'Joomla','','joomla','file','',0,'3.9.26','','https://update.joomla.org/core/sts/extension_sts.xml','',''),(4209,1,0,'Joomla','','joomla','file','',0,'3.9.26','','https://update.joomla.org/core/sts/extension_sts.xml','',''),(4210,1,0,'Joomla','','joomla','file','',0,'3.9.26','','https://update.joomla.org/core/sts/extension_sts.xml','',''),(4211,1,0,'Joomla','','joomla','file','',0,'3.9.26','','https://update.joomla.org/core/sts/extension_sts.xml','',''),(4212,1,0,'Joomla','','joomla','file','',0,'3.9.26','','https://update.joomla.org/core/sts/extension_sts.xml','',''),(4213,1,0,'Joomla','','joomla','file','',0,'3.9.26','','https://update.joomla.org/core/sts/extension_sts.xml','',''),(4214,1,0,'Joomla','','joomla','file','',0,'3.9.26','','https://update.joomla.org/core/sts/extension_sts.xml','',''),(4215,1,0,'Joomla','','joomla','file','',0,'3.9.26','','https://update.joomla.org/core/sts/extension_sts.xml','',''),(4216,1,0,'Joomla','','joomla','file','',0,'3.9.26','','https://update.joomla.org/core/sts/extension_sts.xml','',''),(4217,1,0,'Joomla','','joomla','file','',0,'3.9.26','','https://update.joomla.org/core/sts/extension_sts.xml','',''),(4218,1,0,'Joomla','','joomla','file','',0,'3.9.26','','https://update.joomla.org/core/sts/extension_sts.xml','',''),(4219,1,0,'Joomla','','joomla','file','',0,'3.9.26','','https://update.joomla.org/core/sts/extension_sts.xml','',''),(4220,1,0,'Joomla','','joomla','file','',0,'3.9.26','','https://update.joomla.org/core/sts/extension_sts.xml','',''),(4221,1,0,'Joomla','','joomla','file','',0,'3.9.26','','https://update.joomla.org/core/sts/extension_sts.xml','',''),(4222,1,0,'Joomla','','joomla','file','',0,'3.9.26','','https://update.joomla.org/core/sts/extension_sts.xml','',''),(4223,1,0,'Joomla','','joomla','file','',0,'3.9.26','','https://update.joomla.org/core/sts/extension_sts.xml','',''),(4224,1,0,'Joomla','','joomla','file','',0,'3.9.26','','https://update.joomla.org/core/sts/extension_sts.xml','',''),(4225,1,0,'Joomla','','joomla','file','',0,'3.9.26','','https://update.joomla.org/core/sts/extension_sts.xml','',''),(4226,1,0,'Joomla','','joomla','file','',0,'3.9.26','','https://update.joomla.org/core/sts/extension_sts.xml','',''),(4227,1,0,'Joomla','','joomla','file','',0,'3.9.26','','https://update.joomla.org/core/sts/extension_sts.xml','',''),(4228,1,0,'Joomla','','joomla','file','',0,'3.9.26','','https://update.joomla.org/core/sts/extension_sts.xml','',''),(4229,1,0,'Joomla','','joomla','file','',0,'3.9.26','','https://update.joomla.org/core/sts/extension_sts.xml','',''),(4230,1,0,'Joomla','','joomla','file','',0,'3.9.26','','https://update.joomla.org/core/sts/extension_sts.xml','',''),(4231,1,0,'Joomla','','joomla','file','',0,'3.9.26','','https://update.joomla.org/core/sts/extension_sts.xml','',''),(4232,1,0,'Joomla','','joomla','file','',0,'3.9.26','','https://update.joomla.org/core/sts/extension_sts.xml','',''),(4233,1,0,'Joomla','','joomla','file','',0,'3.9.26','','https://update.joomla.org/core/sts/extension_sts.xml','',''),(4234,1,0,'Joomla','','joomla','file','',0,'3.9.26','','https://update.joomla.org/core/sts/extension_sts.xml','',''),(4235,1,0,'Joomla','','joomla','file','',0,'3.9.26','','https://update.joomla.org/core/sts/extension_sts.xml','',''),(4236,1,0,'Joomla','','joomla','file','',0,'3.9.26','','https://update.joomla.org/core/sts/extension_sts.xml','',''),(4237,1,0,'Joomla','','joomla','file','',0,'3.9.26','','https://update.joomla.org/core/sts/extension_sts.xml','',''),(4238,1,0,'Joomla','','joomla','file','',0,'3.9.26','','https://update.joomla.org/core/sts/extension_sts.xml','',''),(4239,1,0,'Joomla','','joomla','file','',0,'3.9.26','','https://update.joomla.org/core/sts/extension_sts.xml','',''),(4240,1,0,'Joomla','','joomla','file','',0,'3.9.26','','https://update.joomla.org/core/sts/extension_sts.xml','',''),(4241,1,0,'Joomla','','joomla','file','',0,'3.9.26','','https://update.joomla.org/core/sts/extension_sts.xml','',''),(4242,1,0,'Joomla','','joomla','file','',0,'3.9.26','','https://update.joomla.org/core/sts/extension_sts.xml','',''),(4243,1,0,'Joomla','','joomla','file','',0,'3.9.26','','https://update.joomla.org/core/sts/extension_sts.xml','',''),(4244,1,0,'Joomla','','joomla','file','',0,'3.9.26','','https://update.joomla.org/core/sts/extension_sts.xml','',''),(4245,1,0,'Joomla','','joomla','file','',0,'3.9.26','','https://update.joomla.org/core/sts/extension_sts.xml','',''),(4246,1,0,'Joomla','','joomla','file','',0,'3.9.26','','https://update.joomla.org/core/sts/extension_sts.xml','',''),(4247,1,0,'Joomla','','joomla','file','',0,'3.9.26','','https://update.joomla.org/core/sts/extension_sts.xml','',''),(4248,1,0,'Joomla','','joomla','file','',0,'3.9.26','','https://update.joomla.org/core/sts/extension_sts.xml','',''),(4249,1,0,'Joomla','','joomla','file','',0,'3.9.26','','https://update.joomla.org/core/sts/extension_sts.xml','',''),(4250,1,0,'Joomla','','joomla','file','',0,'3.9.26','','https://update.joomla.org/core/sts/extension_sts.xml','','');

--
-- Table structure for table `jml_user_keys`
--

CREATE TABLE `jml_user_keys` (
  `id` int(10) unsigned NOT NULL AUTO_INCREMENT,
  `user_id` varchar(150) COLLATE utf8mb4_unicode_ci NOT NULL,
  `token` varchar(255) COLLATE utf8mb4_unicode_ci NOT NULL,
  `series` varchar(191) COLLATE utf8mb4_unicode_ci NOT NULL,
  `invalid` tinyint(4) NOT NULL,
  `time` varchar(200) COLLATE utf8mb4_unicode_ci NOT NULL,
  `uastring` varchar(255) COLLATE utf8mb4_unicode_ci NOT NULL,
  PRIMARY KEY (`id`),
  UNIQUE KEY `series` (`series`),
  UNIQUE KEY `series_2` (`series`),
  UNIQUE KEY `series_3` (`series`),
  KEY `user_id` (`user_id`)
) ENGINE=InnoDB DEFAULT CHARSET=utf8mb4 COLLATE=utf8mb4_unicode_ci;

--
-- Dumping data for table `jml_user_keys`
--


--
-- Table structure for table `jml_user_notes`
--

CREATE TABLE `jml_user_notes` (
  `id` int(10) unsigned NOT NULL AUTO_INCREMENT,
  `user_id` int(10) unsigned NOT NULL DEFAULT '0',
  `catid` int(10) unsigned NOT NULL DEFAULT '0',
  `subject` varchar(100) COLLATE utf8mb4_unicode_ci NOT NULL DEFAULT '',
  `body` mediumtext COLLATE utf8mb4_unicode_ci NOT NULL,
  `state` tinyint(3) NOT NULL DEFAULT '0',
  `checked_out` int(10) unsigned NOT NULL DEFAULT '0',
  `checked_out_time` datetime NOT NULL DEFAULT '0000-00-00 00:00:00',
  `created_user_id` int(10) unsigned NOT NULL DEFAULT '0',
  `created_time` datetime NOT NULL DEFAULT '0000-00-00 00:00:00',
  `modified_user_id` int(10) unsigned NOT NULL,
  `modified_time` datetime NOT NULL DEFAULT '0000-00-00 00:00:00',
  `review_time` datetime NOT NULL DEFAULT '0000-00-00 00:00:00',
  `publish_up` datetime NOT NULL DEFAULT '0000-00-00 00:00:00',
  `publish_down` datetime NOT NULL DEFAULT '0000-00-00 00:00:00',
  PRIMARY KEY (`id`),
  KEY `idx_user_id` (`user_id`),
  KEY `idx_category_id` (`catid`)
) ENGINE=InnoDB DEFAULT CHARSET=utf8mb4 COLLATE=utf8mb4_unicode_ci;

--
-- Dumping data for table `jml_user_notes`
--


--
-- Table structure for table `jml_user_profiles`
--

CREATE TABLE `jml_user_profiles` (
  `user_id` int(11) NOT NULL,
  `profile_key` varchar(100) COLLATE utf8mb4_unicode_ci NOT NULL,
  `profile_value` mediumtext COLLATE utf8mb4_unicode_ci NOT NULL,
  `ordering` int(11) NOT NULL DEFAULT '0',
  UNIQUE KEY `idx_user_id_profile_key` (`user_id`,`profile_key`)
) ENGINE=InnoDB DEFAULT CHARSET=utf8mb4 COLLATE=utf8mb4_unicode_ci COMMENT='Simple user profile storage table';

--
-- Dumping data for table `jml_user_profiles`
--


--
-- Table structure for table `jml_user_usergroup_map`
--

CREATE TABLE `jml_user_usergroup_map` (
  `user_id` int(10) unsigned NOT NULL DEFAULT '0' COMMENT 'Foreign Key to #__users.id',
  `group_id` int(10) unsigned NOT NULL DEFAULT '0' COMMENT 'Foreign Key to #__usergroups.id',
  PRIMARY KEY (`user_id`,`group_id`)
) ENGINE=InnoDB DEFAULT CHARSET=utf8mb4 COLLATE=utf8mb4_unicode_ci;

--
-- Dumping data for table `jml_user_usergroup_map`
--

INSERT INTO `jml_user_usergroup_map` (`user_id`, `group_id`) VALUES (62,8),(303,8),(304,2),(305,2),(306,2),(307,2),(308,2),(309,2),(310,2),(311,2),(312,2),(313,2),(314,2),(315,2),(316,2),(317,2),(318,2),(319,2),(320,2),(321,2),(322,2),(323,2),(324,2),(325,2),(326,2),(327,2),(328,2),(329,2),(330,2),(331,2),(332,2),(333,2),(334,2),(335,2),(336,2),(337,2),(338,2),(339,2),(340,2),(341,2),(342,2),(343,2),(344,2),(345,2),(346,2),(347,2),(348,2),(349,2),(350,2),(351,2),(352,2),(353,2),(354,2),(355,2),(356,2),(357,2),(358,2),(359,2),(360,2),(361,2),(362,2),(363,2),(364,2),(365,2),(366,2),(367,2),(368,2),(369,2),(370,2),(371,2),(372,2),(373,2),(374,2),(375,2),(376,2),(377,2),(378,2),(379,2),(380,2),(381,2),(382,2),(383,2),(384,2),(385,2),(386,2),(387,2),(388,2),(389,2),(390,2),(391,2),(392,2),(393,2),(394,2),(395,2),(396,2),(397,2),(398,2),(399,2),(400,2),(401,2),(402,2),(403,2),(404,2),(405,2),(406,2),(407,2),(408,2),(409,2),(410,2),(411,2),(412,2),(413,2),(414,2),(415,2),(416,2),(417,2),(418,2),(419,2),(420,2),(421,2),(422,2),(423,2),(424,2),(425,2),(426,2),(427,2),(428,2),(429,2),(430,2),(431,2),(432,2),(433,2),(434,2),(435,2),(436,2),(437,2),(438,2),(439,2),(440,2),(441,2),(442,2),(443,2),(444,2),(445,2),(446,2),(447,2),(448,2),(449,2),(450,2),(451,2),(452,2),(453,2),(454,2),(455,2),(456,2),(457,2),(458,2),(459,2),(460,2),(461,2),(462,2),(463,2),(464,2),(465,2),(466,2),(467,2),(468,2),(469,2),(470,2),(471,2),(472,2),(473,2),(474,2),(475,2),(476,2),(477,2),(478,2),(479,2),(480,2),(481,2),(482,2),(483,2),(484,2),(485,2),(486,2),(487,2),(488,2),(489,2),(490,2),(491,2),(492,2),(493,2),(494,2),(495,2),(496,2),(497,2),(498,2),(499,2),(500,2),(501,2),(502,2),(503,2),(504,2),(505,2),(506,2),(507,2),(508,2),(509,2),(510,2),(511,2),(512,2),(513,2),(514,2),(515,2),(516,2),(517,2),(518,2),(519,2),(520,2),(521,2),(522,2),(523,2),(524,2),(525,2),(526,2),(527,2),(528,2),(529,2),(530,2),(531,2),(532,2),(533,2),(534,2),(535,2),(536,2),(537,2),(538,2),(539,2),(540,2),(541,2),(542,2),(543,2),(544,2),(545,2),(546,2),(547,2),(548,2),(549,2),(550,2),(551,2),(552,2),(553,2),(554,2),(555,2),(556,2),(557,2),(558,2),(559,2),(560,2),(561,2),(562,2),(563,2),(564,2),(565,2),(566,2),(567,2),(568,2),(569,2),(570,2),(571,2),(572,2),(573,2),(574,2),(575,2),(576,2),(577,2),(578,2),(579,2),(580,2),(581,2),(582,2),(583,2),(584,2),(585,2),(586,2),(587,2),(588,2),(589,2),(590,2),(591,2),(592,2),(593,2),(594,2),(595,2),(596,2),(597,2),(598,2),(599,2),(600,2),(601,2),(602,2),(603,2),(604,2),(605,2),(606,2),(607,2),(608,2),(609,2),(610,2),(611,2),(612,2),(613,2),(614,2),(615,2),(616,2),(617,2),(618,2),(619,2),(620,2),(621,2),(622,2),(623,2),(624,2),(625,2),(626,2),(627,2),(628,2),(629,2),(630,2),(631,2),(632,2),(633,2),(634,2),(635,2),(636,2),(637,2),(638,2),(639,2),(640,2),(641,2),(642,2),(643,2),(644,2),(645,2),(646,2),(647,2),(648,2),(649,2),(650,2),(651,2),(652,2),(653,2),(654,2),(655,2),(656,2),(657,2),(658,2),(659,2),(660,2),(661,2),(662,2),(663,2),(664,2),(665,2),(666,2),(667,2),(668,2),(669,2),(670,2),(671,2),(672,2),(673,2),(674,2),(675,2),(676,2),(677,2),(678,2),(679,2),(680,2),(681,2),(682,2),(683,2),(684,2),(685,2),(686,2),(687,2),(688,2),(689,2),(690,2),(691,2),(692,2),(693,2),(694,2),(695,2),(696,2),(697,2),(698,2),(699,2),(700,2),(701,2),(702,2),(703,2),(704,2),(705,2),(706,2),(707,2),(708,2),(709,2),(710,2),(711,2),(712,2),(713,2),(714,2),(715,2),(716,2),(717,2),(718,2),(719,2),(720,2),(721,2),(722,2),(723,2),(724,2),(725,2),(726,2),(727,2),(728,2),(729,2);

--
-- Table structure for table `jml_usergroups`
--

CREATE TABLE `jml_usergroups` (
  `id` int(10) unsigned NOT NULL AUTO_INCREMENT COMMENT 'Primary Key',
  `parent_id` int(10) unsigned NOT NULL DEFAULT '0' COMMENT 'Adjacency List Reference Id',
  `lft` int(11) NOT NULL DEFAULT '0' COMMENT 'Nested set lft.',
  `rgt` int(11) NOT NULL DEFAULT '0' COMMENT 'Nested set rgt.',
  `title` varchar(100) COLLATE utf8mb4_unicode_ci NOT NULL DEFAULT '',
  PRIMARY KEY (`id`),
  UNIQUE KEY `idx_usergroup_parent_title_lookup` (`parent_id`,`title`),
  KEY `idx_usergroup_title_lookup` (`title`),
  KEY `idx_usergroup_adjacency_lookup` (`parent_id`),
  KEY `idx_usergroup_nested_set_lookup` (`lft`,`rgt`) USING BTREE
) ENGINE=InnoDB AUTO_INCREMENT=9 DEFAULT CHARSET=utf8mb4 COLLATE=utf8mb4_unicode_ci;

--
-- Dumping data for table `jml_usergroups`
--

INSERT INTO `jml_usergroups` (`id`, `parent_id`, `lft`, `rgt`, `title`) VALUES (1,0,1,20,'Public'),(2,1,6,17,'Registered'),(3,2,7,14,'Author'),(4,3,8,11,'Editor'),(5,4,9,10,'Publisher'),(6,1,2,5,'Manager'),(7,6,3,4,'Administrator'),(8,1,18,19,'Super Users');

--
-- Table structure for table `jml_utf8_conversion`
--

CREATE TABLE `jml_utf8_conversion` (
  `converted` tinyint(4) NOT NULL DEFAULT '0'
) ENGINE=InnoDB DEFAULT CHARSET=utf8mb4 COLLATE=utf8mb4_unicode_ci;

--
-- Dumping data for table `jml_utf8_conversion`
--

INSERT INTO `jml_utf8_conversion` (`converted`) VALUES (2);

--
-- Table structure for table `jml_viewlevels`
--

CREATE TABLE `jml_viewlevels` (
  `id` int(10) unsigned NOT NULL AUTO_INCREMENT COMMENT 'Primary Key',
  `title` varchar(100) COLLATE utf8mb4_unicode_ci NOT NULL DEFAULT '',
  `ordering` int(11) NOT NULL DEFAULT '0',
  `rules` varchar(5120) COLLATE utf8mb4_unicode_ci NOT NULL COMMENT 'JSON encoded access control.',
  PRIMARY KEY (`id`),
  UNIQUE KEY `idx_assetgroup_title_lookup` (`title`)
) ENGINE=InnoDB AUTO_INCREMENT=4 DEFAULT CHARSET=utf8mb4 COLLATE=utf8mb4_unicode_ci;

--
-- Dumping data for table `jml_viewlevels`
--

INSERT INTO `jml_viewlevels` (`id`, `title`, `ordering`, `rules`) VALUES (1,'Public',0,'[1]'),(2,'Registered',1,'[6,2,8]'),(3,'Special',2,'[6,3,8]');

--
-- Table structure for table `jml_weblinks`
--

CREATE TABLE `jml_weblinks` (
  `id` int(10) unsigned NOT NULL AUTO_INCREMENT,
  `catid` int(11) NOT NULL DEFAULT '0',
  `title` varchar(250) COLLATE utf8mb4_unicode_ci NOT NULL DEFAULT '',
  `alias` varchar(400) CHARACTER SET utf8mb4 COLLATE utf8mb4_bin NOT NULL DEFAULT '',
  `url` varchar(250) COLLATE utf8mb4_unicode_ci NOT NULL DEFAULT '',
  `description` mediumtext COLLATE utf8mb4_unicode_ci NOT NULL,
  `hits` int(11) NOT NULL DEFAULT '0',
  `state` tinyint(1) NOT NULL DEFAULT '0',
  `checked_out` int(11) NOT NULL DEFAULT '0',
  `checked_out_time` datetime NOT NULL DEFAULT '0000-00-00 00:00:00',
  `ordering` int(11) NOT NULL DEFAULT '0',
  `access` int(11) NOT NULL DEFAULT '1',
  `params` mediumtext COLLATE utf8mb4_unicode_ci NOT NULL,
  `language` char(7) COLLATE utf8mb4_unicode_ci NOT NULL DEFAULT '',
  `created` datetime NOT NULL DEFAULT '0000-00-00 00:00:00',
  `created_by` int(10) unsigned NOT NULL DEFAULT '0',
  `created_by_alias` varchar(255) COLLATE utf8mb4_unicode_ci NOT NULL DEFAULT '',
  `modified` datetime NOT NULL DEFAULT '0000-00-00 00:00:00',
  `modified_by` int(10) unsigned NOT NULL DEFAULT '0',
  `metakey` mediumtext COLLATE utf8mb4_unicode_ci NOT NULL,
  `metadesc` mediumtext COLLATE utf8mb4_unicode_ci NOT NULL,
  `metadata` mediumtext COLLATE utf8mb4_unicode_ci NOT NULL,
  `featured` tinyint(3) unsigned NOT NULL DEFAULT '0' COMMENT 'Set if link is featured.',
  `xreference` varchar(50) COLLATE utf8mb4_unicode_ci NOT NULL COMMENT 'A reference to enable linkages to external data sets.',
  `publish_up` datetime NOT NULL DEFAULT '0000-00-00 00:00:00',
  `publish_down` datetime NOT NULL DEFAULT '0000-00-00 00:00:00',
  `version` int(10) unsigned NOT NULL DEFAULT '1',
  `images` text COLLATE utf8mb4_unicode_ci NOT NULL,
  PRIMARY KEY (`id`),
  KEY `idx_access` (`access`),
  KEY `idx_checkout` (`checked_out`),
  KEY `idx_state` (`state`),
  KEY `idx_catid` (`catid`),
  KEY `idx_createdby` (`created_by`),
  KEY `idx_featured_catid` (`featured`,`catid`),
  KEY `idx_language` (`language`),
  KEY `idx_xreference` (`xreference`)
) ENGINE=InnoDB DEFAULT CHARSET=utf8mb4 COLLATE=utf8mb4_unicode_ci;

--
-- Dumping data for table `jml_weblinks`
--


--
-- Dumping events for database 'englisho_jml5'
--

--
-- Dumping routines for database 'englisho_jml5'
--


