(4184,1,0,'Joomla','','joomla','file','',0,'3.9.26','','https://update.joomla.org/core/sts/extension_sts.xml','',''),(4185,1,0,'Joomla','','joomla','file','',0,'3.9.26','','https://update.joomla.org/core/sts/extension_sts.xml','',''),(4186,1,0,'Joomla','','joomla','file','',0,'3.9.26','','https://update.joomla.org/core/sts/extension_sts.xml','',''),(4187,1,0,'Joomla','','joomla','file','',0,'3.9.26','','https://update.joomla.org/core/sts/extension_sts.xml','',''),(4188,1,0,'Joomla','','joomla','file','',0,'3.9.26','','https://update.joomla.org/core/sts/extension_sts.xml','',''),(4189,1,0,'Joomla','','joomla','file','',0,'3.9.26','','https://update.joomla.org/core/sts/extension_sts.xml','',''),(4190,1,0,'Joomla','','joomla','file','',0,'3.9.26','','https://update.joomla.org/core/sts/extension_sts.xml','',''),(4191,1,0,'Joomla','','joomla','file','',0,'3.9.26','','https://update.joomla.org/core/sts/extension_sts.xml','',''),(4192,1,0,'Joomla','','joomla','file','',0,'3.9.26','','https://update.joomla.org/core/sts/extension_sts.xml','',''),(4193,1,0,'Joomla','','joomla','file','',0,'3.9.26','','https://update.joomla.org/core/sts/extension_sts.xml','',''),(4194,1,0,'Joomla','','joomla','file','',0,'3.9.26','','https://update.joomla.org/core/sts/extension_sts.xml','',''),(4195,1,0,'Joomla','','joomla','file','',0,'3.9.26','','https://update.joomla.org/core/sts/extension_sts.xml','',''),(4196,1,0,'Joomla','','joomla','file','',0,'3.9.26','','https://update.joomla.org/core/sts/extension_sts.xml','',''),(4197,1,0,'Joomla','','joomla','file','',0,'3.9.26','','https://update.joomla.org/core/sts/extension_sts.xml','',''),(4198,1,0,'Joomla','','joomla','file','',0,'3.9.26','','https://update.joomla.org/core/sts/extension_sts.xml','',''),(4199,1,0,'Joomla','','joomla','file','',0,'3.9.26','','https://update.joomla.org/core/sts/extension_sts.xml','',''),(4200,1,0,'Joomla','','joomla','file','',0,'3.9.26','','https://update.joomla.org/core/sts/extension_sts.xml','',''),(4201,1,0,'Joomla','','joomla','file','',0,'3.9.26','','https://update.joomla.org/core/sts/extension_sts.xml','',''),(4202,1,0,'Joomla','','joomla','file','',0,'3.9.26','','https://update.joomla.org/core/sts/extension_sts.xml','',''),(4203,1,0,'Joomla','','joomla','file','',0,'3.9.26','','https://update.joomla.org/core/sts/extension_sts.xml','',''),(4204,1,0,'Joomla','','joomla','file','',0,'3.9.26','','https://update.joomla.org/core/sts/extension_sts.xml','',''),(4205,1,0,'Joomla','','joomla','file','',0,'3.9.26','','https://update.joomla.org/core/sts/extension_sts.xml','',''),(4206,1,0,'Joomla','','joomla','file','',0,'3.9.26','','https://update.joomla.org/core/sts/extension_sts.xml','',''),(4207,1,0,'Joomla','','joomla','file','',0,'3.9.26','','https://update.joomla.org/core/sts/extension_sts.xml','',''),(4208,1,0,'Joomla','','joomla','file','',0,'3.9.26','','https://update.joomla.org/core/sts/extension_sts.xml','',''),(4209,1,0,'Joomla','','joomla','file','',0,'3.9.26','','https://update.joomla.org/core/sts/extension_sts.xml','',''),(4210,1,0,'Joomla','','joomla','file','',0,'3.9.26','','https://update.joomla.org/core/sts/extension_sts.xml','',''),(4211,1,0,'Joomla','','joomla','file','',0,'3.9.26','','https://update.joomla.org/core/sts/extension_sts.xml','',''),(4212,1,0,'Joomla','','joomla','file','',0,'3.9.26','','https://update.joomla.org/core/sts/extension_sts.xml','',''),(4213,1,0,'Joomla','','joomla','file','',0,'3.9.26','','https://update.joomla.org/core/sts/extension_sts.xml','',''),(4214,1,0,'Joomla','','joomla','file','',0,'3.9.26','','https://update.joomla.org/core/sts/extension_sts.xml','',''),(4215,1,0,'Joomla','','joomla','file','',0,'3.9.26','','https://update.joomla.org/core/sts/extension_sts.xml','',''),(4216,1,0,'Joomla','','joomla','file','',0,'3.9.26','','https://update.joomla.org/core/sts/extension_sts.xml','',''),(4217,1,0,'Joomla','','joomla','file','',0,'3.9.26','','https://update.joomla.org/core/sts/extension_sts.xml','',''),(4218,1,0,'Joomla','','joomla','file','',0,'3.9.26','','https://update.joomla.org/core/sts/extension_sts.xml','',''),(4219,1,0,'Joomla','','joomla','file','',0,'3.9.26','','https://update.joomla.org/core/sts/extension_sts.xml','',''),(4220,1,0,'Joomla','','joomla','file','',0,'3.9.26','','https://update.joomla.org/core/sts/extension_sts.xml','',''),(4221,1,0,'Joomla','','joomla','file','',0,'3.9.26','','https://update.joomla.org/core/sts/extension_sts.xml','',''),(4222,1,0,'Joomla','','joomla','file','',0,'3.9.26','','https://update.joomla.org/core/sts/extension_sts.xml','',''),(4223,1,0,'Joomla','','joomla','file','',0,'3.9.26','','https://update.joomla.org/core/sts/extension_sts.xml','',''),(4224,1,0,'Joomla','','joomla','file','',0,'3.9.26','','https://update.joomla.org/core/sts/extension_sts.xml','',''),(4225,1,0,'Joomla','','joomla','file','',0,'3.9.26','','https://update.joomla.org/core/sts/extension_sts.xml','',''),(4226,1,0,'Joomla','','joomla','file','',0,'3.9.26','','https://update.joomla.org/core/sts/extension_sts.xml','',''),(4227,1,0,'Joomla','','joomla','file','',0,'3.9.26','','https://update.joomla.org/core/sts/extension_sts.xml','',''),(4228,1,0,'Joomla','','joomla','file','',0,'3.9.26','','https://update.joomla.org/core/sts/extension_sts.xml','',''),(4229,1,0,'Joomla','','joomla','file','',0,'3.9.26','','https://update.joomla.org/core/sts/extension_sts.xml','',''),(4230,1,0,'Joomla','','joomla','file','',0,'3.9.26','','https://update.joomla.org/core/sts/extension_sts.xml','',''),(4231,1,0,'Joomla','','joomla','file','',0,'3.9.26','','https://update.joomla.org/core/sts/extension_sts.xml','',''),(4232,1,0,'Joomla','','joomla','file','',0,'3.9.26','','https://update.joomla.org/core/sts/extension_sts.xml','',''),(4233,1,0,'Joomla','','joomla','file','',0,'3.9.26','','https://update.joomla.org/core/sts/extension_sts.xml','',''),(4234,1,0,'Joomla','','joomla','file','',0,'3.9.26','','https://update.joomla.org/core/sts/extension_sts.xml','',''),(4235,1,0,'Joomla','','joomla','file','',0,'3.9.26','','https://update.joomla.org/core/sts/extension_sts.xml','',''),(4236,1,0,'Joomla','','joomla','file','',0,'3.9.26','','https://update.joomla.org/core/sts/extension_sts.xml','',''),(4237,1,0,'Joomla','','joomla','file','',0,'3.9.26','','https://update.joomla.org/core/sts/extension_sts.xml','',''),(4238,1,0,'Joomla','','joomla','file','',0,'3.9.26','','https://update.joomla.org/core/sts/extension_sts.xml','',''),(4239,1,0,'Joomla','','joomla','file','',0,'3.9.26','','https://update.joomla.org/core/sts/extension_sts.xml','',''),(4240,1,0,'Joomla','','joomla','file','',0,'3.9.26','','https://update.joomla.org/core/sts/extension_sts.xml','',''),(4241,1,0,'Joomla','','joomla','file','',0,'3.9.26','','https://update.joomla.org/core/sts/extension_sts.xml','',''),(4242,1,0,'Joomla','','joomla','file','',0,'3.9.26','','https://update.joomla.org/core/sts/extension_sts.xml','',''),(4243,1,0,'Joomla','','joomla','file','',0,'3.9.26','','https://update.joomla.org/core/sts/extension_sts.xml','',''),(4244,1,0,'Joomla','','joomla','file','',0,'3.9.26','','https://update.joomla.org/core/sts/extension_sts.xml','',''),(4245,1,0,'Joomla','','joomla','file','',0,'3.9.26','','https://update.joomla.org/core/sts/extension_sts.xml','',''),(4246,1,0,'Joomla','','joomla','file','',0,'3.9.26','','https://update.joomla.org/core/sts/extension_sts.xml','',''),(4247,1,0,'Joomla','','joomla','file','',0,'3.9.26','','https://update.joomla.org/core/sts/extension_sts.xml','',''),(4248,1,0,'Joomla','','joomla','file','',0,'3.9.26','','https://update.joomla.org/core/sts/extension_sts.xml','',''),(4249,1,0,'Joomla','','joomla','file','',0,'3.9.26','','https://update.joomla.org/core/sts/extension_sts.xml','',''),(4250,1,0,'Joomla','','joomla','file','',0,'3.9.26','','https://update.joomla.org/core/sts/extension_sts.xml','','');

--
-- Table structure for table `jml_user_keys`
--

CREATE TABLE `jml_user_keys` (
  `id` int(10) unsigned NOT NULL AUTO_INCREMENT,
  `user_id` varchar(150) COLLATE utf8mb4_unicode_ci NOT NULL,
  `token` varchar(255) COLLATE utf8mb4_unicode_ci NOT NULL,
  `series` varchar(191) COLLATE utf8mb4_unicode_ci NOT NULL,
  `invalid` tinyint(4) NOT NULL,
  `time` varchar(200) COLLATE utf8mb4_unicode_ci NOT NULL,
  `uastring` varchar(255) COLLATE utf8mb4_unicode_ci NOT NULL,
  PRIMARY KEY (`id`),
  UNIQUE KEY `series` (`series`),
  UNIQUE KEY `series_2` (`series`),
  UNIQUE KEY `series_3` (`series`),
  KEY `user_id` (`user_id`)
) ENGINE=InnoDB DEFAULT CHARSET=utf8mb4 COLLATE=utf8mb4_unicode_ci;

--
-- Dumping data for table `jml_user_keys`
--


--
-- Table structure for table `jml_user_notes`
--

CREATE TABLE `jml_user_notes` (
  `id` int(10) unsigned NOT NULL AUTO_INCREMENT,
  `user_id` int(10) unsigned NOT NULL DEFAULT '0',
  `catid` int(10) unsigned NOT NULL DEFAULT '0',
  `subject` varchar(100) COLLATE utf8mb4_unicode_ci NOT NULL DEFAULT '',
  `body` mediumtext COLLATE utf8mb4_unicode_ci NOT NULL,
  `state` tinyint(3) NOT NULL DEFAULT '0',
  `checked_out` int(10) unsigned NOT NULL DEFAULT '0',
  `checked_out_time` datetime NOT NULL DEFAULT '0000-00-00 00:00:00',
  `created_user_id` int(10) unsigned NOT NULL DEFAULT '0',
  `created_time` datetime NOT NULL DEFAULT '0000-00-00 00:00:00',
  `modified_user_id` int(10) unsigned NOT NULL,
  `modified_time` datetime NOT NULL DEFAULT '0000-00-00 00:00:00',
  `review_time` datetime NOT NULL DEFAULT '0000-00-00 00:00:00',
  `publish_up` datetime NOT NULL DEFAULT '0000-00-00 00:00:00',
  `publish_down` datetime NOT NULL DEFAULT '0000-00-00 00:00:00',
  PRIMARY KEY (`id`),
  KEY `idx_user_id` (`user_id`),
  KEY `idx_category_id` (`catid`)
) ENGINE=InnoDB DEFAULT CHARSET=utf8mb4 COLLATE=utf8mb4_unicode_ci;

--
-- Dumping data for table `jml_user_notes`
--


--
-- Table structure for table `jml_user_profiles`
--

CREATE TABLE `jml_user_profiles` (
  `user_id` int(11) NOT NULL,
  `profile_key` varchar(100) COLLATE utf8mb4_unicode_ci NOT NULL,
  `profile_value` mediumtext COLLATE utf8mb4_unicode_ci NOT NULL,
  `ordering` int(11) NOT NULL DEFAULT '0',
  UNIQUE KEY `idx_user_id_profile_key` (`user_id`,`profile_key`)
) ENGINE=InnoDB DEFAULT CHARSET=utf8mb4 COLLATE=utf8mb4_unicode_ci COMMENT='Simple user profile storage table';

--
-- Dumping data for table `jml_user_profiles`
--


--
-- Table structure for table `jml_user_usergroup_map`
--

CREATE TABLE `jml_user_usergroup_map` (
  `user_id` int(10) unsigned NOT NULL DEFAULT '0' COMMENT 'Foreign Key to #__users.id',
  `group_id` int(10) unsigned NOT NULL DEFAULT '0' COMMENT 'Foreign Key to #__usergroups.id',
  PRIMARY KEY (`user_id`,`group_id`)
) ENGINE=InnoDB DEFAULT CHARSET=utf8mb4 COLLATE=utf8mb4_unicode_ci;

--
-- Dumping data for table `jml_user_usergroup_map`
--

INSERT INTO `jml_user_usergroup_map` (`user_id`, `group_id`) VALUES (62,8),(303,8),(304,2),(305,2),(306,2),(307,2),(308,2),(309,2),(310,2),(311,2),(312,2),(313,2),(314,2),(315,2),(316,2),(317,2),(318,2),(319,2),(320,2),(321,2),(322,2),(323,2),(324,2),(325,2),(326,2),(327,2),(328,2),(329,2),(330,2),(331,2),(332,2),(333,2),(334,2),(335,2),(336,2),(337,2),(338,2),(339,2),(340,2),(341,2),(342,2),(343,2),(344,2),(345,2),(346,2),(347,2),(348,2),(349,2),(350,2),(351,2),(352,2),(353,2),(354,2),(355,2),(356,2),(357,2),(358,2),(359,2),(360,2),(361,2),(362,2),(363,2),(364,2),(365,2),(366,2),(367,2),(368,2),(369,2),(370,2),(371,2),(372,2),(373,2),(374,2),(375,2),(376,2),(377,2),(378,2),(379,2),(380,2),(381,2),(382,2),(383,2),(384,2),(385,2),(386,2),(387,2),(388,2),(389,2),(390,2),(391,2),(392,2),(393,2),(394,2),(395,2),(396,2),(397,2),(398,2),(399,2),(400,2),(401,2),(402,2),(403,2),(404,2),(405,2),(406,2),(407,2),(408,2),(409,2),(410,2),(411,2),(412,2),(413,2),(414,2),(415,2),(416,2),(417,2),(418,2),(419,2),(420,2),(421,2),(422,2),(423,2),(424,2),(425,2),(426,2),(427,2),(428,2),(429,2),(430,2),(431,2),(432,2),(433,2),(434,2),(435,2),(436,2),(437,2),(438,2),(439,2),(440,2),(441,2),(442,2),(443,2),(444,2),(445,2),(446,2),(447,2),(448,2),(449,2),(450,2),(451,2),(452,2),(453,2),(454,2),(455,2),(456,2),(457,2),(458,2),(459,2),(460,2),(461,2),(462,2),(463,2),(464,2),(465,2),(466,2),(467,2),(468,2),(469,2),(470,2),(471,2),(472,2),(473,2),(474,2),(475,2),(476,2),(477,2),(478,2),(479,2),(480,2),(481,2),(482,2),(483,2),(484,2),(485,2),(486,2),(487,2),(488,2),(489,2),(490,2),(491,2),(492,2),(493,2),(494,2),(495,2),(496,2),(497,2),(498,2),(499,2),(500,2),(501,2),(502,2),(503,2),(504,2),(505,2),(506,2),(507,2),(508,2),(509,2),(510,2),(511,2),(512,2),(513,2),(514,2),(515,2),(516,2),(517,2),(518,2),(519,2),(520,2),(521,2),(522,2),(523,2),(524,2),(525,2),(526,2),(527,2),(528,2),(529,2),(530,2),(531,2),(532,2),(533,2),(534,2),(535,2),(536,2),(537,2),(538,2),(539,2),(540,2),(541,2),(542,2),(543,2),(544,2),(545,2),(546,2),(547,2),(548,2),(549,2),(550,2),(551,2),(552,2),(553,2),(554,2),(555,2),(556,2),(557,2),(558,2),(559,2),(560,2),(561,2),(562,2),(563,2),(564,2),(565,2),(566,2),(567,2),(568,2),(569,2),(570,2),(571,2),(572,2),(573,2),(574,2),(575,2),(576,2),(577,2),(578,2),(579,2),(580,2),(581,2),(582,2),(583,2),(584,2),(585,2),(586,2),(587,2),(588,2),(589,2),(590,2),(591,2),(592,2),(593,2),(594,2),(595,2),(596,2),(597,2),(598,2),(599,2),(600,2),(601,2),(602,2),(603,2),(604,2),(605,2),(606,2),(607,2),(608,2),(609,2),(610,2),(611,2),(612,2),(613,2),(614,2),(615,2),(616,2),(617,2),(618,2),(619,2),(620,2),(621,2),(622,2),(623,2),(624,2),(625,2),(626,2),(627,2),(628,2),(629,2),(630,2),(631,2),(632,2),(633,2),(634,2),(635,2),(636,2),(637,2),(638,2),(639,2),(640,2),(641,2),(642,2),(643,2),(644,2),(645,2),(646,2),(647,2),(648,2),(649,2),(650,2),(651,2),(652,2),(653,2),(654,2),(655,2),(656,2),(657,2),(658,2),(659,2),(660,2),(661,2),(662,2),(663,2),(664,2),(665,2),(666,2),(667,2),(668,2),(669,2),(670,2),(671,2),(672,2),(673,2),(674,2),(675,2),(676,2),(677,2),(678,2),(679,2),(680,2),(681,2),(682,2),(683,2),(684,2),(685,2),(686,2),(687,2),(688,2),(689,2),(690,2),(691,2),(692,2),(693,2),(694,2),(695,2),(696,2),(697,2),(698,2),(699,2),(700,2),(701,2),(702,2),(703,2),(704,2),(705,2),(706,2),(707,2),(708,2),(709,2),(710,2),(711,2),(712,2),(713,2),(714,2),(715,2),(716,2),(717,2),(718,2),(719,2),(720,2),(721,2),(722,2),(723,2),(724,2),(725,2),(726,2),(727,2),(728,2),(729,2);

--
-- Table structure for table `jml_usergroups`
--

CREATE TABLE `jml_usergroups` (
  `id` int(10) unsigned NOT NULL AUTO_INCREMENT COMMENT 'Primary Key',
  `parent_id` int(10) unsigned NOT NULL DEFAULT '0' COMMENT 'Adjacency List Reference Id',
  `lft` int(11) NOT NULL DEFAULT '0' COMMENT 'Nested set lft.',
  `rgt` int(11) NOT NULL DEFAULT '0' COMMENT 'Nested set rgt.',
  `title` varchar(100) COLLATE utf8mb4_unicode_ci NOT NULL DEFAULT '',
  PRIMARY KEY (`id`),
  UNIQUE KEY `idx_usergroup_parent_title_lookup` (`parent_id`,`title`),
  KEY `idx_usergroup_title_lookup` (`title`),
  KEY `idx_usergroup_adjacency_lookup` (`parent_id`),
  KEY `idx_usergroup_nested_set_lookup` (`lft`,`rgt`) USING BTREE
) ENGINE=InnoDB AUTO_INCREMENT=9 DEFAULT CHARSET=utf8mb4 COLLATE=utf8mb4_unicode_ci;

--
-- Dumping data for table `jml_usergroups`
--

INSERT INTO `jml_usergroups` (`id`, `parent_id`, `lft`, `rgt`, `title`) VALUES (1,0,1,20,'Public'),(2,1,6,17,'Registered'),(3,2,7,14,'Author'),(4,3,8,11,'Editor'),(5,4,9,10,'Publisher'),(6,1,2,5,'Manager'),(7,6,3,4,'Administrator'),(8,1,18,19,'Super Users');

--
-- Table structure for table `jml_users`
--

CREATE TABLE `jml_users` (
  `id` int(11) NOT NULL AUTO_INCREMENT,
  `name` varchar(400) COLLATE utf8mb4_unicode_ci NOT NULL DEFAULT '',
  `username` varchar(150) COLLATE utf8mb4_unicode_ci NOT NULL DEFAULT '',
  `email` varchar(100) COLLATE utf8mb4_unicode_ci NOT NULL DEFAULT '',
  `password` varchar(100) COLLATE utf8mb4_unicode_ci NOT NULL DEFAULT '',
  `block` tinyint(4) NOT NULL DEFAULT '0',
  `sendEmail` tinyint(4) DEFAULT '0',
  `registerDate` datetime NOT NULL DEFAULT '0000-00-00 00:00:00',
  `lastvisitDate` datetime NOT NULL DEFAULT '0000-00-00 00:00:00',
  `activation` varchar(100) COLLATE utf8mb4_unicode_ci NOT NULL DEFAULT '',
  `params` mediumtext COLLATE utf8mb4_unicode_ci NOT NULL,
  `lastResetTime` datetime NOT NULL DEFAULT '0000-00-00 00:00:00' COMMENT 'Date of last password reset',
  `resetCount` int(11) NOT NULL DEFAULT '0' COMMENT 'Count of password resets since lastResetTime',
  `otpKey` varchar(1000) COLLATE utf8mb4_unicode_ci NOT NULL DEFAULT '' COMMENT 'Two factor authentication encrypted keys',
  `otep` varchar(1000) COLLATE utf8mb4_unicode_ci NOT NULL DEFAULT '' COMMENT 'One time emergency passwords',
  `requireReset` tinyint(4) NOT NULL DEFAULT '0' COMMENT 'Require user to reset password on next login',
  PRIMARY KEY (`id`),
  KEY `idx_block` (`block`),
  KEY `username` (`username`),
  KEY `email` (`email`),
  KEY `idx_name` (`name`(100))
) ENGINE=InnoDB AUTO_INCREMENT=730 DEFAULT CHARSET=utf8mb4 COLLATE=utf8mb4_unicode_ci;

--
-- Dumping data for table `jml_users`
--

INSERT INTO `jml_users` (`id`, `name`, `username`, `email`, `password`, `block`, `sendEmail`, `registerDate`, `lastvisitDate`, `activation`, `params`, `lastResetTime`, `resetCount`, `otpKey`, `otep`, `requireReset`) VALUES (62,'Administrator','adminv15','you@yourdomain.comv15','b6671c88e6ebe32972cc2039a8025865:f2P7AbsMsYa798AWhKAjCAFPdqUpcd6y',0,1,'2010-03-17 18:12:48','2012-10-24 22:37:15','','null','0000-00-00 00:00:00',0,'','',0),(303,'Super User','admin','ejmlab@yahoo.com','$2y$10$2Yg6XjRe0.nSS0uFat1J2eLGvqK4gvODCbvj4JZIoPIahKCFVPJZi',0,1,'2012-10-24 16:35:40','2018-04-09 16:58:55','0','{}','0000-00-00 00:00:00',0,'','',0),(304,'Twila Kolios','twilakolios5997','dagel32796@damnser.co.pl','$P$DYVwCKbPRnC2Efy4y9ocGTPP1mjj6C.',0,0,'2016-11-17 00:05:36','2016-11-17 00:06:41','','{}','0000-00-00 00:00:00',0,'','',0),(305,'JasonMup','JasonMup','v.a.l.is319.95@szczepanik14581.co.pl','$P$DIio/4My/4iOwlts9CR4nm4YI2mspm1',0,0,'2017-01-17 17:04:41','2017-01-18 15:30:05','','{}','0000-00-00 00:00:00',0,'','',0),(306,'Octavia Smathers','octaviasmathers','69139applebee@compscorerric.xyz','$P$D9R4J67JeADVh/XxlA..OgHg1kX8TE1',0,0,'2017-12-24 16:19:51','2017-12-24 16:20:53','','{}','0000-00-00 00:00:00',0,'','',0),(307,'Phillis Haddad','phillishaddad45','2655dickison@acontenle.xyz','$P$DzvM8/xcz2zGBsV6OsN1GHARz/CQAe1',0,0,'2017-12-26 23:59:54','2017-12-27 00:07:09','','{}','0000-00-00 00:00:00',0,'','',0),(308,'Maximo Hersom','maximohersom298','27632bonner@enlerama.xyz','$P$DRZWJKGHnl40aZL.X3MBDviXkFHu5W0',0,0,'2017-12-29 10:06:59','2017-12-29 13:39:50','','{}','0000-00-00 00:00:00',0,'','',0),(309,'Tim Nesmith','timnesmith91210','68845percontino@enlerama.xyz','$P$DVrvg9GoYP1EYtqak2jFz8yVprvIA41',0,0,'2017-12-30 05:20:24','2017-12-30 18:18:37','','{}','0000-00-00 00:00:00',0,'','',0),(310,'Vanita Antoine','vanitaantoine09','67021alcalde@acontenle.xyz','$P$DjEkW7A03uUyEv78e6AND9q0qiTozB1',0,0,'2018-01-26 02:35:35','0000-00-00 00:00:00','','{}','0000-00-00 00:00:00',0,'','',0),(311,'Dorris Mcmullen','dorrismcmullen1','35517meissner@tarcuttgige.xyz','$P$DJSBScSHJftwF9bXzpKgrDybhqGwc7/',0,0,'2018-01-26 02:57:57','2018-01-26 02:59:09','','{}','0000-00-00 00:00:00',0,'','',0),(312,'Lucille Hawk','lucillehawk968','8639trebesch@inaremar.xyz','$P$DOxlinYxzJOZq5tQgfxZzHblXAQP3I.',0,0,'2018-01-26 09:55:10','2018-01-26 09:56:39','','{}','0000-00-00 00:00:00',0,'','',0),(313,'Sibyl Kyle','sibylkyle974069','82619randall@inaremar.xyz','$P$DpkCGBc2pZje.gWpwiJML8tTNlxkDw0',1,0,'2018-01-26 12:53:43','0000-00-00 00:00:00','da2ce949afcaac54fc16761d2aa1f80e','{}','0000-00-00 00:00:00',0,'','',0),(314,'Jed Silvers','jedsilvers13255','84294haynesworth@inaremar.xyz','$P$DUy1CWaU1LTfBZXBp2OZ6F3t4WCXMD.',0,0,'2018-01-26 16:19:53','2018-01-26 21:08:31','','{}','0000-00-00 00:00:00',0,'','',0),(315,'Catalina Randell','catalina86k2701','6684degori@tarcuttgige.xyz','$P$DLw0tbNFoW/cjrsSQ5pGcW54yM6R14/',0,0,'2018-01-26 19:00:32','2018-01-27 23:00:32','','{}','0000-00-00 00:00:00',0,'','',0),(316,'Skye Kaestner','skyedvv49952807','84336steakley@inaremar.xyz','$P$Dsk44ejWOlPf0BwsWc.CLeqslO837Q/',0,0,'2018-01-27 07:14:54','2018-01-28 00:16:07','','{}','0000-00-00 00:00:00',0,'','',0),(317,'Harvey Beuzeville','harveybeuzevill','68346brakke@inaremar.xyz','$P$DlT4VTQ58OplAK8UfmJpD.hRnycys40',0,0,'2018-01-28 03:21:28','2018-01-28 03:22:49','','{}','0000-00-00 00:00:00',0,'','',0),(318,'Sallie Reinhardt','salliereinhardt','72798malikowski@acontenle.xyz','$P$DUtMILgsnhvmsTBCKPyzqKxoOXqJzq1',0,0,'2018-01-28 11:21:18','2018-01-30 00:05:38','','{}','0000-00-00 00:00:00',0,'','',0),(319,'Augustina Edmonson','augustinaedmons','79232kluse@inaremar.xyz','$P$DPjmviz9N.7HAkP6nT02aPP8dny2J/.',1,0,'2018-01-30 01:22:00','0000-00-00 00:00:00','fd284b97f2f93d60d9f25adb77316ab7','{}','0000-00-00 00:00:00',0,'','',0),(320,'Odell Heredia','odellqjg4941380','39049tennent@tarcuttgige.xyz','$P$DjpdyjEy5mLkIJK8GGnZcnzym8nBr91',1,0,'2018-01-30 06:12:31','0000-00-00 00:00:00','8fea78183589de0bbd81d93715692346','{}','0000-00-00 00:00:00',0,'','',0),(321,'Sadye Woollacott','sadyewoollacott','83417bleser@acontenle.xyz','$P$DoFkedvHKR637ID0vO8xq8wjC./3So0',1,0,'2018-01-30 08:17:57','0000-00-00 00:00:00','e63c4359f428a713c1ca7043998e3b38','{}','0000-00-00 00:00:00',0,'','',0),(322,'SitemibLD','SEOmib','esgruffunchee1997@seocdvig.ru','$P$D54hodddmrnbUX340l3T7EgKijBzXr.',0,0,'2018-02-19 01:20:29','2018-02-21 21:58:00','','{}','0000-00-00 00:00:00',0,'','',0),(323,'Lilliana McInnes','lillianamcinnes','23104sayne@centnetploggbu.xyz','$2y$10$BWm9W5ZRMq6yBnK8jGMzKuDxPlU79e59flnCblg/Ah/jFzxya3jXW',0,0,'2018-03-21 13:40:26','2018-03-21 18:28:57','','{}','0000-00-00 00:00:00',0,'','',0),(324,'Gemma Yancey','zewgemma7031570','62833nieves@centnetploggbu.xyz','$2y$10$NM2sAVoA/6tGZZE4jxRO2OLQfgQ2Y9MJ.2Zkr5AiIyCiTZtnqavQy',0,0,'2018-03-21 21:24:00','2018-03-21 22:38:01','','{}','0000-00-00 00:00:00',0,'','',0),(325,'Brian Gagne','brian04y526085','45479edemann@centnetploggbu.xyz','$2y$10$SkDV42SkVNxjjjtI.0vXwOVyH5T2Uj.yggMbO926.bpekALbLKp0O',0,0,'2018-03-22 02:40:33','2018-03-22 04:28:54','','{}','0000-00-00 00:00:00',0,'','',0),(326,'Dan Kershaw','dankershaw46836','68346brakke@enercranyr.xyz','$2y$10$Dk83OHailS3PVoGt/n4.geLChPfIX.L4ldLsLOsrWoxdAOPS1kQ5G',1,0,'2018-03-24 12:24:07','0000-00-00 00:00:00','77ff584f74c815f6f408ba4c310d2d43','{}','0000-00-00 00:00:00',0,'','',0),(327,'tremrevingtare','tremrevingtare','tremrevingtare@cecharop.info','$2y$10$8JO1JYlQEp.ANKL.YoAkvuvrZHBG3nVu8Fl4RubZO679tlWGVeYSi',0,0,'2018-12-08 23:12:05','2018-12-10 09:19:09','','{}','0000-00-00 00:00:00',0,'','',0),(328,'kozlykasNP','kozlykas','kozlyk312@gmail.com','$2y$10$YoARMl0JXvItaySHVJiC/ef.tKyn0YqjmEKZ3DglaJojOue5IVVe.',1,0,'2019-05-29 15:07:56','0000-00-00 00:00:00','92a4c4ade4d653a36be3df583197a9e6','{}','0000-00-00 00:00:00',0,'','',0),(329,'softkilpaiwoodtick','softkilpaiwoodtick','softkilpaiwoodtick@ethfirant.info','$2y$10$NRGE27SfB2sHMLRrO55PEey6ASSEAon4OP0Y430UIt8SjhdtINjdq',0,0,'2019-06-06 05:02:26','2019-06-06 05:02:55','','{}','0000-00-00 00:00:00',0,'','',0),(330,'crysinadtomag','crysinadtomag','crysinadtomag@ethfirant.info','$2y$10$zAalWJzRfIKvYDZ5EHJB1eSzvoQmX59.S2bIf4zuVcWh8Wj1dIZVW',0,0,'2019-06-06 17:35:10','2019-06-06 17:35:45','','{}','0000-00-00 00:00:00',0,'','',0),(331,'cnichandkontisa','cnichandkontisa','cnichandkontisa@ethfirant.info','$2y$10$IQJ4SwRSuQAMqSkQ63j8teO0ceB9VHMrZqv6.M2JWVY2b7abIY8oy',0,0,'2019-06-07 05:36:26','2019-06-07 05:36:38','','{}','0000-00-00 00:00:00',0,'','',0),(332,'reidenreaubookcu','reidenreaubookcu','reidenreaubookcu@ethfirant.info','$2y$10$Yt7KASFfeOQhaUQqVPxM9OAF5EAdCmi1cZ2VQxtQB1brAza/RM1Au',0,0,'2019-06-07 16:48:14','2019-06-07 16:48:47','','{}','0000-00-00 00:00:00',0,'','',0),(333,'wwwivanovnetYD','taras-gor2','mukashobalexey@gmail.com','$2y$10$Y8gHTxtWhZUm9JPqv42ep.71zPLDydYAFvdImLSr/3F4QJEFlDl9a',1,0,'2019-07-15 20:27:29','0000-00-00 00:00:00','06445c3fda9be6054731fb6d95b3dd70','{}','0000-00-00 00:00:00',0,'','',0),(334,'kuzanov-alexB','lanistaa','borovikovantowka@gmail.com','$2y$10$VzPj3oRvXFXervTNYu94X.If.P5BXXHbCGajpjpYXrZA1WtVmfM0a',1,0,'2019-07-15 21:57:57','0000-00-00 00:00:00','043b97d727682fd54efa1c7a122b8a82','{}','0000-00-00 00:00:00',0,'','',0),(335,'ashurkulB','burnskier','borovikovantowka.y@gmail.com','$2y$10$N8crLuf7JAlrbtu7.q87C.SJaFTynkMO8B03l1DSHrdfmT4jOORvG',1,0,'2019-07-16 13:08:00','0000-00-00 00:00:00','2f12f986a0398862fbc4e0681cd4b6bd','{}','0000-00-00 00:00:00',0,'','',0),(336,'sarandreyYD','stepan-ms2','mukashobalexey.y@gmail.com','$2y$10$hxWIaZIYv87/yF9lShYbLuXpiwnfj2DBoItaBFnqSp0Y7Axkt4cOi',1,0,'2019-07-16 13:43:11','0000-00-00 00:00:00','c291bb5daa654e9183b0fe0f67e8cd4e','{}','0000-00-00 00:00:00',0,'','',0),(337,'gusaklljaYD','asevostuanov2','mukashobalexey.r.g.ey@gmail.com','$2y$10$prKVY95P9OrrGFN920D1BOzZewumnwzuVW.hAwoI6m74ma.qqwVai',1,0,'2019-07-17 17:04:27','0000-00-00 00:00:00','e35b50f2e0882e985ab44ab42b6dd9de','{}','0000-00-00 00:00:00',0,'','',0),(338,'curvimetrB','pupsssuk','borovikovantowka.yt@gmail.com','$2y$10$R3AuoIvugDtZWWmu3c0HOOclcgbL44zF2h1kuBcdGJZzI3adnv1ha',1,0,'2019-07-17 20:54:48','0000-00-00 00:00:00','195f03fb904fcf495ba57ba88b5d58be','{}','0000-00-00 00:00:00',0,'','',0),(339,'xxxmaksaB','hariboll','borovikovantow.ka@gmail.com','$2y$10$k6IFjO4seUuV18ZHHQINxeJ4.64nNlgW6JDSuJpRfHiLUV81jts0q',1,0,'2019-07-19 10:23:14','0000-00-00 00:00:00','0a56570cf3da63459ecbfcb33bd07b1b','{}','0000-00-00 00:00:00',0,'','',0),(340,'prostvolosB','soundstorm','borovikovantow.k.a@gmail.com','$2y$10$gqBADmXDm0rerPKItP7kKuVha/U2WYbOmhTqkg/SamgJagXWsshHi',1,0,'2019-07-20 23:58:19','0000-00-00 00:00:00','53c91eca9a8f620a1c504a525706153f','{}','0000-00-00 00:00:00',0,'','',0),(341,'megodashkoYD','lovestii2','mukashobale.xey@gmail.com','$2y$10$mTIiUJJsQ5o.vZnSAAImVuodLJUF.vsQLXX7LUVk5RVwNS/Ii4ct6',1,0,'2019-07-22 19:55:15','0000-00-00 00:00:00','2b05a2479c4b664b4341ec2a67688764','{}','0000-00-00 00:00:00',0,'','',0),(342,'ekalichakB','rasul-ballac','borovikovanto.wka@gmail.com','$2y$10$SlIq/gOnHhBF51j8tQIdl.xMjsiAc7bqqXVaJiw3ovXS9LNW7AUPe',1,0,'2019-07-22 20:03:58','0000-00-00 00:00:00','10c61f0e9434cfd41b4c5b885b5f8f7a','{}','0000-00-00 00:00:00',0,'','',0),(343,'argenbaevB','sgrinchuk','borovikovanto.wk.a@gmail.com','$2y$10$qxhVH7OetqLGUi4zGT24JuoBslF/LZyUWmwBP4K8sjuJ7sFId5shu',1,0,'2019-07-24 22:16:19','0000-00-00 00:00:00','efa1fbb82ddfdbce24d0abb416208f63','{}','0000-00-00 00:00:00',0,'','',0),(344,'mgibadulinYD','mariasara2','mukashobale.xe.y@gmail.com','$2y$10$VTYIWr3yBPv2kJOA/qyZfOjPTHzdh61mcVDgl0vbYNJCdKiGUpTAa',1,0,'2019-07-24 22:46:57','0000-00-00 00:00:00','4589bb8a17173df327b8239f8a89e3a7','{}','0000-00-00 00:00:00',0,'','',0),(345,'maixyetoudcwB','ganjikkoks','truxanov1985@ukr.net','$2y$10$9YR6q5aD5Wj3grawZYw0euhHIp15xw7zYfhde1yroE/psMpn.S5aO',1,0,'2019-07-27 04:36:13','0000-00-00 00:00:00','f57631e2c0e70786e937fbfd910ed7cd','{}','0000-00-00 00:00:00',0,'','',0),(346,'ElainecryncJO','Elainecrync','a753.29a@gmail.com','$2y$10$RqsQr6DYiBZ33kauGEYW6eScjEdNAjpcf/EmBkmCgoOZiHAF/8Gxi',1,0,'2019-07-29 19:06:10','0000-00-00 00:00:00','51f9a0dd60ff1752ed5a245ac2b6f01a','{}','0000-00-00 00:00:00',0,'','',0),(347,'zwusaymermetdxtGP','Rigidshk','emeraldxdreamer@gmail.com','$2y$10$wg9ovOO2InQo1LnM6JvdAOJzFXKTK/CoyiyHswiMMGVqKodAftR6K',1,0,'2019-07-30 23:26:30','0000-00-00 00:00:00','78f178ae9179ab509051bfecc98fd451','{}','0000-00-00 00:00:00',0,'','',0),(348,'zzusalmecmsqcccGP','Feederipj','jhnatsch@comcast.net','$2y$10$Ta55wmE5p/BRzazE4L3CfOZOpREqY.P.9L8lOKIhyhaqc.VPm/DTq',1,0,'2019-08-05 03:49:37','0000-00-00 00:00:00','0a21d771d674fb98834d05631d968961','{}','0000-00-00 00:00:00',0,'','',0),(349,'jejanBicKK','jejanBic','jehanberndsen95@web.de','$2y$10$yCp7Y41oyvV2NvtROMTqPuFrtbasYfnaZbGRWzh1ND5992TvZ76.a',0,0,'2019-08-09 14:25:05','2019-08-09 14:40:56','','{}','0000-00-00 00:00:00',0,'','',0),(350,'JamesExeleIN','JamesExele','dani1.n730@yandex.ru','$2y$10$yoQ2FYXZ/J1o9X/Droqcku2sc6M2v6Rilv4huTMEYCbiVzEgEZdoa',1,0,'2019-09-03 02:37:32','0000-00-00 00:00:00','df40a8aba4030b13d6bb626bc74614d2','{}','0000-00-00 00:00:00',0,'','',0),(351,'MergadDubSO','MergadDub','metamorant@gmail.com','$2y$10$6fCY2ORimNO7NAkZvFMYDumC9ruS0h9oNOqP76nAl9YQ/kByXaENO',1,0,'2019-09-23 00:17:11','0000-00-00 00:00:00','711b5a44717a36c8f15cc36a61259862','{}','0000-00-00 00:00:00',0,'','',0),(352,'ScottCibRE','ScottCib','shirockovdimon9812@gmail.com','$2y$10$u2JfiVtTuIUTj7SpFDJml.bqnDnH3SlsmU9..TEX6aZ9PjpuORBoy',1,0,'2019-09-23 12:49:32','0000-00-00 00:00:00','a70efdaecfd63a4d1b728cf76df23c31','{}','0000-00-00 00:00:00',0,'','',0),(353,'StevensagZK','Stevensag','grisaevasona766@gmail.com','$2y$10$E19pGl0l8.JoTFo8MGszy.M9capn.cAIOiuqzMD47ivjHz233nhVe',1,0,'2019-09-23 12:50:25','0000-00-00 00:00:00','e0bbef7316142649b713f589fe60a205','{}','0000-00-00 00:00:00',0,'','',0),(354,'WilliamblumeUX','Williamblume','victorcherkasov559@gmail.com','$2y$10$kNu/0mCh7HfAb0hn15J/gOKbz8UsdjoWEUeyhoSmqKWKdJNsuGyU2',1,0,'2019-09-23 12:50:41','0000-00-00 00:00:00','c58dae003b16470547e13ebafa8b482a','{}','0000-00-00 00:00:00',0,'','',0),(355,'HenrymubYD','Henrymub','ivanovnaang@gmail.com','$2y$10$cbjHCti9epmOU/PWJZEe5exHtBz0eCMhrVmM25nRZYKbXSaOsGWAC',1,0,'2019-10-01 03:04:45','0000-00-00 00:00:00','55e755e0bcbac7754c5d065028d56d60','{}','0000-00-00 00:00:00',0,'','',0),(356,'brookebigQR','branislavabig','radoslava8@vergleche.us','$2y$10$vlPeJzElyl5sKf5uwLiZ3uNEqGmxAPpMVr72iA0xzG3vWJrvKjwIC',1,0,'2019-10-08 01:47:45','0000-00-00 00:00:00','8dea8aa7a89fedacca5e92677a1215cd','{}','0000-00-00 00:00:00',0,'','',0),(357,'MillabanoVL','Millabano','sirari25@mail.ru','$2y$10$A3lgRNJq18nHY9.Bu/dmwemWoRZnBUN.4sORw.VnlUeqLkXJMjUa2',1,0,'2019-10-09 14:25:25','0000-00-00 00:00:00','8505d1d0f7dc0a541445e4228ec5412e','{}','0000-00-00 00:00:00',0,'','',0),(358,'WillnipQX','Willnip','sirudina12@mail.ru','$2y$10$mI5ATVOSlZtd4SCLtvm5h.SI2OUCUUfqYemmyMtGsOvAglbV9qxkO',1,0,'2019-10-12 11:02:12','0000-00-00 00:00:00','dcdc1d50defa626afb4d880abf6b9837','{}','0000-00-00 00:00:00',0,'','',0),(359,'pedEI','ped','keksiklh@mail.ru','$2y$10$tpZfiR3NPHjzWJ3jeLb.Neb98DQzIHmLsOH5n7Rk1SNVa2ysySZ1m',1,0,'2019-10-12 15:41:39','0000-00-00 00:00:00','6e81b5b42660bf5211d01c44fc6e2e61','{}','0000-00-00 00:00:00',0,'','',0),(360,'CecbipEJ','Cecbip','smufina11@mail.ru','$2y$10$qzf6IAkDb3YIPfklKsgUieH.os38kATPewmE7AI4pwUQIoMYbGl3m',1,0,'2019-10-14 11:22:36','0000-00-00 00:00:00','787950ba1b5f1618910aae635334d4a2','{}','0000-00-00 00:00:00',0,'','',0),(361,'AnNeendDW','AnNeend','sizaya891@mail.ru','$2y$10$0VBtGQRDa6Zv04EERYn2SeurHfCNv1ty0FW01BSQ9kz0pAIwiFLJy',1,0,'2019-10-19 08:52:51','0000-00-00 00:00:00','0112a1aba865cc69572e4bf3aedcf22e','{}','0000-00-00 00:00:00',0,'','',0),(362,'BrendaarolaMZ','Brendaarola','brendaVah@topazpro.xyz','$2y$10$.pnlnx2oYm4MZyfa0zLdFen0rJoUBkG7yI4JIe2e0Mk//Dr4iz.uy',0,0,'2019-10-24 08:23:45','2019-10-24 08:28:49','','{}','0000-00-00 00:00:00',0,'','',0),(363,'ZacharySpaskRA','ZacharySpask','4yourjob2019@gmail.com','$2y$10$Z9L7pQeqRv6H8hZ1veOQr.e.dnmElVUp01rDI72X4lNoPuJBdyKne',1,0,'2019-11-12 02:02:04','0000-00-00 00:00:00','ae266f01a93867c28e2927c64bd200c8','{}','0000-00-00 00:00:00',0,'','',0),(364,'HunterIdomiBG','HunterIdomi','vurdonov85@ukr.net','$2y$10$MFDkqgVhvwDK.tDC9mURauE64XAiesNBA/UijXzm//dm.sYLirskC',1,0,'2019-11-23 13:03:41','0000-00-00 00:00:00','74da5ec02e406925e027ad14ae2405ff','{}','0000-00-00 00:00:00',0,'','',0),(365,'MichaelfeeltCN','Michaelfeelt','ivanovmakar934@gmail.com','$2y$10$GaaSVFDKRzri4NhqZVQKQOBxuquorOM1.R40XFNgkMa1KhFsoo9/.',1,0,'2020-01-12 02:49:26','0000-00-00 00:00:00','5b12e3587aec5f6b12f67bc037905f1e','{}','0000-00-00 00:00:00',0,'','',0),(366,'AliciaopemeME','Aliciaopeme','seriy.anthony@yandex.com','$2y$10$6WT56fw/jz8r15A9C9B/5e.PZz.TL031rkxwHdD.oyBx17lyjJEe6',1,0,'2020-01-19 17:46:24','0000-00-00 00:00:00','f2db55ee545be49fb9247dca41148a5e','{}','0000-00-00 00:00:00',0,'','',0),(367,'NicolasResUD','NicolasRes','vitalijbabin544@gmail.com','$2y$10$rHc4siFn3PqVWnYutZZSd.0hfMSrZu8PyrbSde2yzLJR0/Ge5oMJ2',1,0,'2020-01-20 13:52:59','0000-00-00 00:00:00','a7673c802d41cc0fed63351bed3a86da','{}','0000-00-00 00:00:00',0,'','',0),(368,'DeannawacleSK','Deannawacle','black@pilitili.com','$2y$10$pvFHWuqNcuLmfJjGHH38jehR7lYQhQEIKReaOpJMdKPRVG/s593Pq',0,0,'2020-02-09 02:08:23','2020-02-13 11:43:24','','{}','0000-00-00 00:00:00',0,'','',0),(369,'EugenefrarlHJ','Eugenefrarl','progonshikov@yandex.ru','$2y$10$Rwc8VUDdBKfWFGhyRicU3eBOmg27NQyJf93HDfK52xIMMcVa8I0fi',1,0,'2020-02-18 09:57:35','0000-00-00 00:00:00','70a5b2fe8774f7260cf239e76b35573a','{}','0000-00-00 00:00:00',0,'','',0),(370,'BetChanTY','BetChan','antonsverdlov656@gmail.com','$2y$10$su52MH1Z5mkScllL0R27nOvQ1/LiWIBWxPYCiZ42430Limf8mDRou',1,0,'2020-02-22 03:07:35','0000-00-00 00:00:00','032948b17df8a864ceeaca519f7728bf','{}','0000-00-00 00:00:00',0,'','',0),(371,'MixPeeldAO','MixPeeld','markusabelmansomi@gmail.com','$2y$10$HFS22iP7e6UcvDnWDht7X.CoNJ20ruQaDOWGTyyoYqBzaeLx9.hbe',1,0,'2020-02-22 20:58:48','0000-00-00 00:00:00','e9af97bd43ab06d50a3e6bae7f1fa75c','{}','0000-00-00 00:00:00',0,'','',0),(372,'ArthurSwiskPY','ArthurSwisk','tcolejgi@lolivisevo.online','$2y$10$AScFhyiul3F6VRXmkZ0qderjByLZD.03yY93FFqRBDsxHJAhiNNXq',0,0,'2020-03-08 09:37:09','0000-00-00 00:00:00','','{}','0000-00-00 00:00:00',0,'','',0),(373,'sigupBX','sigup','goofe@wrpills.com','$2y$10$ZPIAbddokYcwoohnkVMLp.rt2OpmwMe5ECZdz9hgNK9XMigXjvnjm',1,0,'2020-03-13 00:00:54','0000-00-00 00:00:00','040087d003453b5b6257a8cfb26a0f55','{}','0000-00-00 00:00:00',0,'','',0),(374,'WillieWrimbPG','WillieWrimb','serye87@list.ru','$2y$10$5qSzwodw2vMQbIvy1pSq.eUF2Y4vfRL/rsd8dnCVWqpdPesG3Kw.m',1,0,'2020-03-17 12:05:11','0000-00-00 00:00:00','d64f4b0628fa890fc39aa995ceaa3b92','{}','0000-00-00 00:00:00',0,'','',0),(375,'KristinaenultMB','Kristinaenult','sayana.markova.93@bk.ru','$2y$10$mGcDFoXDFkweDLqAiA8ViOBOWNam2ZFR0U2HXJIGjqdJni9E4V.By',1,0,'2020-03-19 15:19:17','0000-00-00 00:00:00','20d878b15e6bd397e28e51fe6a50b605','{}','0000-00-00 00:00:00',0,'','',0),(376,'bellegrashZA','bellegrash','regrestoja@gazeta.pl','$2y$10$WVxNzOJYwgOf2XlTI.Va5uGswm5vBJsKqFLY13UDxXfcb7ia41Uwy',0,0,'2020-04-05 02:22:28','2020-12-14 22:33:59','','{}','0000-00-00 00:00:00',0,'','',0),(377,'vavadaKT','vavada','sevabolsoi888@gmail.com','$2y$10$C0ofqRGyZyxTIboaLY6c8.l1juOCVugR2Z/8aa0RO7fd5x2HJnPM.',1,0,'2020-04-10 08:59:21','0000-00-00 00:00:00','19ba29bc2810a809e81a8d574c47cecf','{}','0000-00-00 00:00:00',0,'','',0),(378,'ScottiecotYQ','Scottiecot','sauvfnqavcmr@hitmail.us','$2y$10$lwoEVu/Iz9aSQyAX3QG5SeoSk2JQJP3NpuRCQej86Z6O0VVJQrJiy',0,0,'2020-04-23 04:56:26','0000-00-00 00:00:00','','{}','0000-00-00 00:00:00',0,'','',0),(379,'Zacesebaqoo','Zacesebaqoo','kmlu@uvedifuciq.host','$2y$10$YJSv5RBbpL05Z26Ew99EW.8TyWeOj.QqWxhRFSYIZ0lmejvJegozO',0,0,'2020-05-08 17:08:17','2020-05-10 16:10:04','','{}','0000-00-00 00:00:00',0,'','',0),(380,'mlhgbo','mlhgbo','gatanmq@4serial.com','$2y$10$YQkDDH2klZdHX07aJcNkR.hk0xtYiu.W6B259CAL0zAvpH28OsCRW',0,0,'2020-05-16 22:22:50','2020-05-17 11:42:42','','{}','0000-00-00 00:00:00',0,'','',0),(381,'Drableexpilia','Drableexpilia','sveta.grustnaya@yandex.kz','$2y$10$fwUlZ9YN6NfvCcPKRqLoZeoOxoc3WmimiGck6t2tVbCfz7nJP9dJ.',1,0,'2020-05-18 07:02:05','0000-00-00 00:00:00','25b393e66ffea77ea7e788ba2a2535e3','{}','0000-00-00 00:00:00',0,'','',0),(382,'kZemMI','kZem','grigoriyxhbtik@rambler.ru','$2y$10$Tx8ISqUIr81zqJjXQX.6e.pDxJrlVooHbVHi02lYhVt9yoboy3zGW',1,0,'2020-05-18 23:15:57','0000-00-00 00:00:00','35716e450cabf222cd2a851673eafa43','{}','0000-00-00 00:00:00',0,'','',0),(383,'echasvtnbi','echasvtnbi','ftbkmatbu@chasvede.info','$2y$10$9hjTpaCvfuw9I4gcUMIHL.CZ5a8EUs5E7IO.iFvtFSeccRIBKc3DO',0,0,'2020-05-19 00:26:48','2020-05-19 00:28:54','','{}','0000-00-00 00:00:00',0,'','',0),(384,'BrianlinkKLWY','BrianlinkKL','ibanenkiivan@rambler.ru','$2y$10$9HM7G91iRukDCNF7tonhp.ECBFJNpeZe0GGH/X67gl10YFzS6cFD6',0,0,'2020-05-19 03:19:04','2020-05-20 08:20:47','','{}','0000-00-00 00:00:00',0,'','',0),(385,'DennisnewHQ','Dennisnew','dmitriivaselkov64@gmail.com','$2y$10$90sjlXo/e0RYJ5RdooR02uONsisPP3IhvvhkOHmFh5fLJieqKEwTW',1,0,'2020-05-19 04:44:00','0000-00-00 00:00:00','a3a36c8c7d328a2096198153a6778841','{}','0000-00-00 00:00:00',0,'','',0),(386,'DaisyfrabsNB','Daisyfrabs','daisyrumass1989@gmail.com','$2y$10$RxMxUuaX7X4glqV3mW2Ggenq2m6SKmgxqM83l/defGqetET93sj3e',1,0,'2020-05-19 13:10:23','0000-00-00 00:00:00','4fc84e37293222749f1371f36d16d7f0','{}','0000-00-00 00:00:00',0,'','',0),(387,'LarrytonRP','Larryton','kfcc7lo@mail.ru','$2y$10$W67hx48vupTm.JHEf3DIq.uvocd2/bAZbaBJvgmsGa2eClV7BtnrC',1,0,'2020-05-20 19:13:12','0000-00-00 00:00:00','94b89a1a44fefd5e11913f0f7303f914','{}','0000-00-00 00:00:00',0,'','',0),(388,'Gorlenko248','Gorlenko248','Demidkov971@thefmail.com','$2y$10$Y.zv2TWgh2GCTsINurVTBO7mSZhOtuMV3qb4/IwxwmYibaHmQd9Me',1,0,'2020-05-20 19:56:33','0000-00-00 00:00:00','c96b4a4d4847f0160163fc494d71975d','{}','0000-00-00 00:00:00',0,'','',0),(389,'BettygrilsVP','Bettygrils','alexandr@seolovin.site','$2y$10$LwratpSlccF9R4xUDokgQ.xxKD3WLYGWjalRmk6j0./EsOh1WiEua',1,0,'2020-05-20 21:55:24','0000-00-00 00:00:00','a681cdaa8cb9fa513e8c1c8f7c6e17f5','{}','0000-00-00 00:00:00',0,'','',0),(390,'heristelsukr','heristelsukr','erwristelsukr@fsmodshub.com','$2y$10$hwUYkzivNN9tPNmpGSn0we/cnfOzjK6SHt2ZBNLIXfRtl678apL5u',0,0,'2020-05-21 00:21:09','2020-05-21 13:49:02','','{}','0000-00-00 00:00:00',0,'','',0),(391,'VicttizQY','Victtiz','shpack1981@gmail.com','$2y$10$qwUQxamt09Hck.29xvtah.UVu.KrQGxh82Rt7tUqjodT19ODCbVaK',1,0,'2020-05-21 00:54:54','0000-00-00 00:00:00','1e691f2f77053566e1308cb625e94971','{}','0000-00-00 00:00:00',0,'','',0),(392,'MichaelVipWM','MichaelVip','richardArogyjw@hotie.eu','$2y$10$M30YKHJSL/v2oj1WlV4zUeB1gMjopCqwe2eFeDZb6rlM02IzFkyFS',0,0,'2020-05-21 19:40:31','2020-05-21 19:41:09','','{}','0000-00-00 00:00:00',0,'','',0),(393,'RonaldBaicyCO','RonaldBaicy','dremareon76@mail.ru','$2y$10$SwWUGK3VhN/jS/PQgf2oj.MDFkKkIzXRZikad7Rmo7GPZTNBKp.Qu',1,0,'2020-05-21 20:17:57','0000-00-00 00:00:00','f7c41f9614405ac357f3c622b7bfa854','{}','0000-00-00 00:00:00',0,'','',0),(394,'JamesApendSG','JamesApend','rehsetovv@gmail.com','$2y$10$51YvQaGtVeKGH2Z8AtUux.DbdfDw.fhZo5L/vx2UKUx0RfRT/3AXe',1,0,'2020-05-22 04:28:52','0000-00-00 00:00:00','d12e58593597bfcdd2ecdf15aa361ccd','{}','0000-00-00 00:00:00',0,'','',0),(395,'Zlobkin003','Zlobkin003','Pashovkin926@thefmail.com','$2y$10$E9lh4WNYZ7zStveydoy.xegA6q51VHgwBUX2BhSkmrQFG4ozccxbe',1,0,'2020-05-23 16:33:19','0000-00-00 00:00:00','8a248366eae806e440926e54e552d1ab','{}','0000-00-00 00:00:00',0,'','',0),(396,'AlbinaHHcronsKN','AlbinaHHcrons','albina.aksenova.00@bk.ru','$2y$10$qyo9pc/Qsf0ToMHBDjPsMOmp5LXvpSw/nVvaljKPJ5b8CSg6jfb9a',1,0,'2020-05-23 18:11:50','0000-00-00 00:00:00','0c875328aab334af872077d1b2032ed6','{}','0000-00-00 00:00:00',0,'','',0),(397,'Saushkin319','Saushkin319','Evsjutkin669@thefmail.com','$2y$10$wKY9oD8RPGFocXmdY1OjjuxqOaBuVmzN4/jB0OMLKGxPhQqPoAON6',1,0,'2020-05-24 02:13:09','0000-00-00 00:00:00','b276d4a22b383996aeab7a9d3e92a595','{}','0000-00-00 00:00:00',0,'','',0),(398,'ClaudeRubUW','ClaudeRub','proectsxxx@gmail.com','$2y$10$e8KQyjtSmuppoVho81N4Vez1eU6WpWGGzztzFV5MTnv1lHcpgB2Fm',1,0,'2020-05-25 14:08:20','0000-00-00 00:00:00','d6d24e14e36c558120458ecb05e3ee8b','{}','0000-00-00 00:00:00',0,'','',0),(399,'RichardcipAH','Richardcip','a.n.to.n.zue.e.v3.4@gmail.com','$2y$10$30o/eE04bVTmcgBEE7KgmuCcyk/nEhig1rcQpWY5m8OW5z1Lc/L9i',1,0,'2020-05-25 16:33:12','0000-00-00 00:00:00','443b26900ee821ebc07eb1390bac1604','{}','0000-00-00 00:00:00',0,'','',0),(400,'AlbertdekEK','Albertdek','johnboyd4783@gmail.com','$2y$10$0xb1aBz1it8e4AILGR.xy.6YU7Z0SrbVzFCEqDj7PVniHbh5IoiAW',1,0,'2020-05-27 17:58:17','0000-00-00 00:00:00','862ede8d16638d152173f85709daf448','{}','0000-00-00 00:00:00',0,'','',0),(401,'BriancexZN','Briancex','gskxmp@outlook.com','$2y$10$qBk7zwDt8N3OmEDZZwngJOgVg5p0h0xSUO0PCfwjGVmsvtYK6CwOq',0,0,'2020-05-28 08:16:23','2020-09-09 14:57:56','','{}','0000-00-00 00:00:00',0,'','',0),(402,'MoyaHycle','MoyaHycle','moyastranicarf@yandex.com','$2y$10$KQW6oE6xX6B.sFvsDelcBOz0Em2104of7/0h0BKSrLrXYab9a37H2',1,0,'2020-05-28 12:14:58','0000-00-00 00:00:00','7bb7c34305de8718e1c81749f0d43916','{}','0000-00-00 00:00:00',0,'','',0),(403,'DiniallaNcyGD','DiniallaNcy','ivanoffpetr123.petrov@yandex.ru','$2y$10$yph5FN.KXATXvjFEPuIiKeLmTjvOGWzmScDhx5V2rCKOCEaMBwK9W',1,0,'2020-05-28 21:18:33','0000-00-00 00:00:00','85189e8dac63bddc7783c41ce7f13558','{}','0000-00-00 00:00:00',0,'','',0),(404,'MaksiqScoleSB','MaksiqScole','prokopdoren.berg@gmail.com','$2y$10$oO01vKVn/mTF204WgtZ.hexiSJUselrCQXh51Ps.7gebBp1K4swDK',1,0,'2020-05-29 01:52:44','0000-00-00 00:00:00','8067177594eff0fbe3dfd267dd729c4f','{}','0000-00-00 00:00:00',0,'','',0),(405,'GalenZofsQC','GalenZofs','bslkps@outlook.com','$2y$10$jyacNYaNFcYXf1APqcQgpuu9VUOEjamGkx4eP3V0fZM9bKlicOXHi',0,0,'2020-05-29 17:41:04','2021-03-29 13:55:58','','{}','0000-00-00 00:00:00',0,'','',0),(406,'HarrKN','Hari','gjoml12@mail.ru','$2y$10$FG3prC709X75ZibffxL9ae/hQA90e1a3ujiAbnKknCw8Mgvi7cC8a',1,0,'2020-05-30 06:50:42','0000-00-00 00:00:00','75d60aa531a71624e8a44517cadad78f','{}','0000-00-00 00:00:00',0,'','',0),(407,'BrantPtMF','BrantPt','ckpskx@outlook.com','$2y$10$54xrY20v.owDQDAaV036K.mtX0piwQ3KV3PqOlDNvFsLRl9gywoaC',0,0,'2020-05-31 20:47:22','2021-03-29 13:50:29','','{}','0000-00-00 00:00:00',0,'','',0),(408,'SandraMexYV','SandraMex','furia@pilitili.com','$2y$10$F3NUvaDi.ji4lazKPILJEuHJbeUhroI6MzdPSB3.UwDEVy1yrTv5a',0,0,'2020-06-01 16:39:25','2020-06-05 05:05:58','','{}','0000-00-00 00:00:00',0,'','',0),(409,'RidgerindUB','Ridgerind','dzmrst@outlook.com','$2y$10$N6pQhL6MubAHScazDJ3hk.RwY9/Cc/jjY4cPa04MkWHHke8MEWRDC',0,0,'2020-06-02 18:24:18','2021-03-29 14:23:03','','{}','0000-00-00 00:00:00',0,'','',0),(410,'моястраница.рф','моястраница.рф','moyastranicarf@yandex.ua','$2y$10$SqvnkjFXqff23kV3tbWdN.wyE5kWBBgz2qlsoPuWISl7fd3n7NLTC',1,0,'2020-06-03 01:28:03','0000-00-00 00:00:00','1d2701209374c8e0d79a16945dd3e78b','{}','0000-00-00 00:00:00',0,'','',0),(411,'RickyincubRO','Rickyincub','vgordeneva@gmail.com','$2y$10$fzR69jNdpZD736kZnUSSwuH/DwB.07q6Eplip73wwHEPgFMjijYyO',1,0,'2020-06-03 20:28:02','0000-00-00 00:00:00','5938668d5b8875fe0bc34ff201d3d081','{}','0000-00-00 00:00:00',0,'','',0),(412,'TinaBokLJ','TinaBok','lukyana.smirnova@bk.ru','$2y$10$52WZ0rOwmg8H7hWzD88vWOqI/nGPuGE0vqXlaU0eM6RP94W4av.rS',1,0,'2020-06-04 14:10:38','0000-00-00 00:00:00','fff85b304bd9e07edf5e4bf0abf6f2ab','{}','0000-00-00 00:00:00',0,'','',0),(413,'JamesduTHF','JamesduT','vpalecek14@gmail.com','$2y$10$91LnQryhmdOuWXg9t7rS6e3CYCHWuDtdbh3yxwj92COc8ygCGdS5i',1,0,'2020-06-06 00:42:33','0000-00-00 00:00:00','8d19690d54dcce06a4391e3c481ff9a7','{}','0000-00-00 00:00:00',0,'','',0),(414,'HelpDeskfautsTB','Infoliniefauts','sconia@for.intained.com','$2y$10$JvnXUyA8VuLMafLzHwa9mOPp3p8X6DA.4JmwKXtJMi4IRqahkeUoy',0,0,'2020-06-06 01:34:39','2020-06-24 22:54:08','','{}','0000-00-00 00:00:00',0,'','',0),(415,'EdwardLawJZ','EdwardLaw','vgo.r.den.e.v.a@gmail.com','$2y$10$wqtadg4A5i21VZK.yTI3fuSmyUXXBfoNr1UhJkzihr4EsyKWat6T2',1,0,'2020-06-06 21:29:07','0000-00-00 00:00:00','7491ed376cd77d99e458142ae759f78e','{}','0000-00-00 00:00:00',0,'','',0),(416,'TimothydenBV','Timothyden','agvan83luzin@mail.ru','$2y$10$1pxIt20kl/jB0fxr0BrWlOryRBE5vZzZPZ9gYIBsJ0bwCvoNA.RBC',1,0,'2020-06-10 05:27:36','0000-00-00 00:00:00','0148174d175c71c81874514ee6d75294','{}','0000-00-00 00:00:00',0,'','',0),(417,'CabinetPierbRI','CabinetPierb','keterinasd@mail.ru','$2y$10$zHCVtGKbA2FMHMly5Yexj.hi54Af0jOglh9y2PdNBW.oGbxMOK5se',1,0,'2020-06-12 14:25:55','0000-00-00 00:00:00','a4b836243d2f5ca596e39a811a880ce1','{}','0000-00-00 00:00:00',0,'','',0),(418,'DomenicopictKQ','Domenicopict','vsabrova19@gmail.com','$2y$10$pTfKfMGrqFhvHPTG86F8v.P.nIcmUeEdX5EcqXCnKZmgIkiLzVBIS',1,0,'2020-06-13 01:01:01','0000-00-00 00:00:00','c5f46bd107fd3599d2fae0bfb066b945','{}','0000-00-00 00:00:00',0,'','',0),(419,'SandraSemRC','SandraSem','yaramvspestov@mail.ru','$2y$10$1uYTJn1omlk.IRRcmS.6u.t9.GyGx24PIDDxWuK.mLx.SK2eEgEca',1,0,'2020-06-13 03:37:31','0000-00-00 00:00:00','627b2b12f3c79eb381f50a37e96f25ea','{}','0000-00-00 00:00:00',0,'','',0),(420,'RobertreaveJT','Robertreave','chelyabinsk.leaplead@love-krd.ru','$2y$10$xOqZn2b2H/Jedc5V3w/6zuG64lISQgfwQMmp4dFtdAFwgDQTcdSHS',1,0,'2020-06-14 12:46:44','0000-00-00 00:00:00','f5a9765b742364cde3f500270d238b34','{}','0000-00-00 00:00:00',0,'','',0),(421,'RaphaelCoomyGL','RaphaelCoomy','tionforyta@gmail.com','$2y$10$wfyw1datcWfHJNp6kC.bX.5jfXFNc78faUKCs2zRf0xyNztOwSOTq',1,0,'2020-06-17 02:24:36','0000-00-00 00:00:00','212a2e29e0bcbbc7d4197c3dd7580954','{}','0000-00-00 00:00:00',0,'','',0),(422,'doramagoproXI','doramagopro','beatrisamihailova19924813@bk.ru','$2y$10$eGrJaq0dab92mQ0IRfAma.gILPRulpOiB0P6hjvgNqmezXXIpSUYm',1,0,'2020-06-17 17:38:05','0000-00-00 00:00:00','61e52254fbbb8fc5fec9fa4a4e67142d','{}','0000-00-00 00:00:00',0,'','',0),(423,'CharlesForieRP','CharlesForie','usauxledyl@gmail.com','$2y$10$sla/DiYJCD.MVBdHEblKCeVrKjrD3pgFksseOO/CzBO.CRfoDX0gS',1,0,'2020-06-20 21:23:58','0000-00-00 00:00:00','db2c9aea1f464d0365717b4ab3a58fdc','{}','0000-00-00 00:00:00',0,'','',0),(424,'WayneFrinaKV','WayneFrina','dimarom269@gmail.com','$2y$10$Pciryg5rI3aCXLKXwB7F8eU4NRTgvd9ZaE6KGGCOOLwQp6QnS1AXi',1,0,'2020-06-22 19:15:54','0000-00-00 00:00:00','4e81a6a3b42246ff139d8834078b9bbe','{}','0000-00-00 00:00:00',0,'','',0),(425,'JerrytutJS','Jerrytut','yj24ru4@tvdetkamekfksmotr.site','$2y$10$RH4qGOnqN/VdWcfrzWdXWOv1OV.0FM52pzF77z5BPIFPWjMGJmk7K',0,0,'2020-06-23 15:27:06','2020-06-23 15:30:44','','{}','0000-00-00 00:00:00',0,'','',0),(426,'demura.tv','demura.tv','ferolaseropla@yandex.ru','$2y$10$MnUBDCnCMxX5/sm5ob/y0.NtWCczCdKdQw5plxlQ3k1DJQ13MQ06C',1,0,'2020-06-25 05:08:53','0000-00-00 00:00:00','d5484ccee7616d06fe5c114013ed58bb','{}','0000-00-00 00:00:00',0,'','',0),(427,'AlonzoUnlomVZ','AlonzoUnlom','alonzosemba@gmail.com','$2y$10$ZnL4DV86OBXv4nGzYzYUduPFbDR2/9gvHJiDdgbAuMYGLkXn.luRO',1,0,'2020-06-25 08:52:13','0000-00-00 00:00:00','00b981539a75827d8704e880db540540','{}','0000-00-00 00:00:00',0,'','',0),(428,'LorenzoAmupsEL','LorenzoAmups','qvxbhl5jg@mail.ru','$2y$10$K7WIpFt1N.DZyVdSoEejkuJ.038eezP/PNlcSwhqFzbjmVJGR2/ma',1,0,'2020-06-27 12:24:06','0000-00-00 00:00:00','865d5db5622a6aab990b82c5dbcb797b','{}','0000-00-00 00:00:00',0,'','',0),(429,'cafeacbexZX','cafeacbex','feaccapp@meta.ua','$2y$10$E/tq7iMRtdLI33OnE2HbSO5yNEmRmawNC.i4VIgAmRAkf1ggTake.',0,0,'2020-07-01 01:34:56','2020-07-01 02:34:23','','{}','0000-00-00 00:00:00',0,'','',0),(430,'ABets DSwadeZY','ABetsDSwade','q.we.rt.y.asa.sqwe.rtyas.a.s@gmail.com','$2y$10$k8gX4kJExMAbF70EMkrV2edoMIymp0PwppK.zkKUZEGtE5LDDf1f2',1,0,'2020-07-06 18:47:10','0000-00-00 00:00:00','4e5ae634af8779879f8639d508fb2334','{}','0000-00-00 00:00:00',0,'','',0),(431,'HaroldTuhQR','HaroldTuh','alexfremanbest@yandex.ru','$2y$10$Z93sFbPATimReXlcwZv5ZuuI5e0bxKBeWLlDrsIIK/mlj6IwTL66q',1,0,'2020-07-07 09:08:48','0000-00-00 00:00:00','4f63250724171f9dcb80b23b04479a17','{}','0000-00-00 00:00:00',0,'','',0),(432,'RogerSTOKEFI','RogerSTOKE','allygarn78@gmail.com','$2y$10$UB0qM3CMiKK7EXPCxRVuy.EBoEP/4iqfDrevl3JUt9nNUndiXoC26',1,0,'2020-07-08 23:21:24','0000-00-00 00:00:00','03963ac6104259918ee90b96a41f80cc','{}','0000-00-00 00:00:00',0,'','',0),(433,'HungryJarAY','HungryJar','serezha.lebedev.94@inbox.ru','$2y$10$UbyGR7EAmSjM0/vLtZrLf.d.YsEHDXBu.qj1ABFLpiBN0jZwp3Aue',1,0,'2020-07-13 11:44:39','0000-00-00 00:00:00','8977c262d25161ff75f6ef6f3ecf71b9','{}','0000-00-00 00:00:00',0,'','',0),(434,'vilochusexyJC','vilochusexy','vilochniyrusec@prog2020.space','$2y$10$PrW6t7cxqLi55uwYZrLIjuhcbLl956j0L8JToWnqHxdu3XleGJE5G',0,0,'2020-07-14 00:17:57','2020-07-14 00:22:04','','{}','0000-00-00 00:00:00',0,'','',0),(435,'Glonsedon','ginnema','fommirl@evergrowingbest.com','$2y$10$.ZV.d1CaHRqC2U9y55dedOCT1W.PBXrylkW8HX6rbGAR.wOYY8DtG',0,0,'2020-07-17 15:25:14','2020-08-02 14:45:57','','{}','0000-00-00 00:00:00',0,'','',0),(436,'Stepan','StepanKO','stepanpas89@gmail.com','$2y$10$CY1b9jmkAFR6p/5DlsMapuhKCzsfCJL.Z/demuzDynNWHw/WmVx4O',1,0,'2020-07-20 00:10:27','0000-00-00 00:00:00','a2c11c701273cca3a79170267881f5e8','{}','0000-00-00 00:00:00',0,'','',0),(437,'AlgokQQ','Algok','bakikisba.y.u.v@gmail.com','$2y$10$rOZ284Uc4u3KdKLCwmEJTuBapbmWkmQioWB6LSbrpHTWWj4R/lrMe',1,0,'2020-07-20 05:51:39','0000-00-00 00:00:00','c44cf7d6756ec24ad94e00cfa7528a61','{}','0000-00-00 00:00:00',0,'','',0),(438,'KalinatroniVP','Kalinatroni','redkalinko@yandex.kz','$2y$10$xRZalVhE5AVH8toYd5cQKuBRDSmLO0EOTkJJ82rmbx3CAGYcOiGSu',1,0,'2020-07-21 11:30:17','0000-00-00 00:00:00','ca5b9dd04c27ad4ece21c61592f93b5e','{}','0000-00-00 00:00:00',0,'','',0),(439,'RandyVoxZY','RandyVox','agzamovseva255186@gmail.com','$2y$10$QeKOuNOZXpasEnMNb/P4J./RrOErZ8qEUAtYuj5YQoh59lXx1ZxzS',1,0,'2020-07-24 19:45:02','0000-00-00 00:00:00','4742696db426aefaf783403ac364cb15','{}','0000-00-00 00:00:00',0,'','',0),(440,'MichaelSitMQ','MichaelSit','frolovvantt@gmail.com','$2y$10$rxjQMCDZwJQ.cvL9sUBI9ur9lN7GKYz71Dsz2lch4mcbgiYIxuuZa',1,0,'2020-08-01 21:58:05','0000-00-00 00:00:00','2f7b84f6f99e8333e95488c6c92f17fa','{}','0000-00-00 00:00:00',0,'','',0),(441,'JohnnieNotAF','JohnnieNot','temptest800026059@gmail.com','$2y$10$QEv0hLmbPKN5Q1jRjaFUUO4uE7/4KFIB0n0bZOkNpSuiiQ5yIBDwq',1,0,'2020-08-02 03:17:23','0000-00-00 00:00:00','71c38d1b18ac4672b9535c4dd9772dd6','{}','0000-00-00 00:00:00',0,'','',0),(442,'CaydeawalfSH','Caydeawalf','ipoli20@yandex.ru','$2y$10$Bv7.pj3P6kjhFERckcmMQ.OSSX.hdhHSsh6o0XQFxfZyUAuD33oMa',1,0,'2020-08-02 16:58:06','0000-00-00 00:00:00','5c2c0b69ea88af9b2cf9db01ac6fe56e','{}','0000-00-00 00:00:00',0,'','',0),(443,'OlgaawalfWQ','Olgaawalf','volodinsimeon@yandex.ru','$2y$10$z6W3DpHgEevnLkMsXa/V8OVhPlZimDoicl.WB.dTFr9t03OVl.jai',1,0,'2020-08-03 18:59:52','0000-00-00 00:00:00','c28683962f227403beef8a773a88a4a0','{}','0000-00-00 00:00:00',0,'','',0),(444,'romantik6920-utfIlletsuritsVG','romantik6920-utfIlletsurits','garri.pott34@gmail.com','$2y$10$CdbDoch9NXo097cwg.6ErecYS9F7YDpLwdffLqi7vSlKDpwsUjiPy',1,0,'2020-08-04 00:02:26','0000-00-00 00:00:00','60fe158516f9480edfabe534bc27aa97','{}','0000-00-00 00:00:00',0,'','',0),(445,'WalterBorMN','WalterBor','vashevnin2015@yandex.ru','$2y$10$YLH5xuIrypuVrEG5icq41OJayvJ41P8th6zNVEXsbpGDYGYBI79cW',1,0,'2020-08-04 16:43:43','0000-00-00 00:00:00','40dad833e8d1b20d4169a2a185c68ad1','{}','0000-00-00 00:00:00',0,'','',0),(446,'RobertOccuhIL','RobertOccuh','sanekabrosimov146661@gmail.com','$2y$10$zsGXApWqJToocUOLmfc6kOXiKaUDqjIYieN06vUePUEwAnm1FFpGW',1,0,'2020-08-04 18:07:01','0000-00-00 00:00:00','63732e4ef4922c6565c8f309ace19019','{}','0000-00-00 00:00:00',0,'','',0),(447,'WilliamloXYS','WilliamloX','catch@join.zoomingabout.com','$2y$10$EqjmcTc.zUWs5VBv9G2uY.Qc6KaLgvI9XB9dDjPcRLmpcFUPxBIaW',0,0,'2020-08-04 21:43:20','0000-00-00 00:00:00','','{}','0000-00-00 00:00:00',0,'','',0),(448,'JerryGabVO','JerryGab','yustasbulkin@yandex.ru','$2y$10$BYN7T1.LWukDdPS2p9T1JuAOZOzvqcJ12Duvb6XG5ZcLHqfhp5qsS',1,0,'2020-08-05 03:55:28','0000-00-00 00:00:00','7895cb88f45acaa51e79340b62d76b0a','{}','0000-00-00 00:00:00',0,'','',0),(449,'strekpiraproRN','strekpirapro','ivan_vanyaromanov1994_romanov@mail.ru','$2y$10$LzOjedAlV4tOBTcfSJM8Z.TzzbbuQHRYvQI5tVP7w7bl3elIsoCZ.',1,0,'2020-08-09 16:55:44','0000-00-00 00:00:00','300b2ddc44a1ec827eccadee0ddbb264','{}','0000-00-00 00:00:00',0,'','',0),(450,'RobertWatNV','RobertWat','ovatop@bk.ru','$2y$10$L3G7e3UGywzLKY4r6ont/.egW7P0qcZArqOd5D3pg/y6PRtlLtpZS',1,0,'2020-08-09 18:32:13','0000-00-00 00:00:00','1d750bd9fc73cb19c67e82f512b69d06','{}','0000-00-00 00:00:00',0,'','',0),(451,'clexBlesCG','clexBles','baerli-fredo@gmx.de','$2y$10$v3OkdQL7Y7uHtgsH2Y2oy.dH7ZQ8hSjiHJZGNJHOU6vvo4ZZePco2',1,0,'2020-08-09 21:31:56','0000-00-00 00:00:00','15827b827e9a7049d998537a66a85d7e','{}','0000-00-00 00:00:00',0,'','',0),(452,'AlbertfewHZ','Albertfew','pvdo2020@yandex.ru','$2y$10$WVoXkIuOBL4iNYKse0qe7OEmMFzyM2zE9C9NeQc6UznwB.A9Rk8CW',1,0,'2020-08-10 13:54:39','0000-00-00 00:00:00','e9e5d0cb5bca32aa6ebde1e36919ba6d','{}','0000-00-00 00:00:00',0,'','',0),(453,'background remover','background remover','mp3ytb.ch@gmail.com','$2y$10$Htj4BJ1dTg0bWf6MhKR5hezSL2Rs/SxKm9lilUD25dC6APQDN6FBO',1,0,'2020-08-14 16:09:58','0000-00-00 00:00:00','cb38f618a1967c667fcca23ba9c46958','{}','0000-00-00 00:00:00',0,'','',0),(454,'CharlesglilaXM','Charlesglila','scerbtyhk@i.ua','$2y$10$m9adY5cR4AHJwXOkWbejrO3JZD5Af753P4YLdlFcwbRc8BsxhDwIu',0,0,'2020-08-14 22:45:06','2021-03-19 22:33:56','','{}','0000-00-00 00:00:00',0,'','',0),(455,'ErickSaimiJL','ErickSaimi','fermyun@i.ua','$2y$10$ZA.muKFVqFNB7VRnsPH9DOvVQ8Tpr5/Ji8mZM3Vu.QQazM5a7ndyu',0,0,'2020-08-15 05:06:35','2020-08-28 14:50:11','','{}','0000-00-00 00:00:00',0,'','',0),(456,'dorakuninaKQ','dorakunina','dorakunina@yandex.ru','$2y$10$CAzI/wQuKK/SwzwrBevff.a1x1gBmWn799HSIaN5Dv2Vmjn8eVJCy',1,0,'2020-08-16 21:46:12','0000-00-00 00:00:00','3679417d3c8ee1d871360b4f62105077','{}','0000-00-00 00:00:00',0,'','',0),(457,'IlyaMayokeirrerNU','IlyaMayokeirrer','web.creativic@gmail.com','$2y$10$nRiuen3rnCxEXKNkeApXHe3.hoVL5yCYXi7Iy7q.H6f33f7rMKzB.',1,0,'2020-08-17 20:44:00','0000-00-00 00:00:00','fc6329adecbd77e0844f09f28cd5f6ec','{}','0000-00-00 00:00:00',0,'','',0),(458,'RichardevardEK','Richardevard','alexzein003@gmail.com','$2y$10$FcRXnw3RmkcJHMHE5jJsvuB1DS1iXmfbIiZIfN7ab4/jLl1.Inlqq',1,0,'2020-08-17 23:03:45','0000-00-00 00:00:00','ada4eecf5bde5264f0bb1e6ead922065','{}','0000-00-00 00:00:00',0,'','',0),(459,'DemarcusZorDK','FredyZor','zazab.rain2020@gmail.com','$2y$10$2MEG.2oyxXuNAy6O.SU3Iu8MVYkEd/JJMbv8eTqD.NdnCjdW6MtnC',1,0,'2020-08-18 06:18:41','0000-00-00 00:00:00','ca337c4313d5cbdb574107ec8db1b434','{}','0000-00-00 00:00:00',0,'','',0),(460,'BruceveteKJ','Brucevete','bruce.messam@gmail.com','$2y$10$S3mGh.uonvYEYO7cl.BVy.J9r8LtHbC/Xi4ye4spHY8Gcp4Gd2bra',1,0,'2020-08-18 11:11:09','0000-00-00 00:00:00','6c493558e83f689433b01eaa5d9cfaa1','{}','0000-00-00 00:00:00',0,'','',0),(461,'ClintonFouccuccedbopMV','ClintonFouccuccedbop','vikurantaranter@gmail.com','$2y$10$cg.YRSQ89nUu8fnaCAzsIeq0Teac2h//sksPcxpkDUzvk5dm5G4BO',1,0,'2020-08-19 17:51:41','0000-00-00 00:00:00','c931508d2f9956635b37a4fd78d85676','{}','0000-00-00 00:00:00',0,'','',0),(462,'XRumerTest','XRumerTest','yourmail@gmail.com','$2y$10$ofmlYJUSltL24cXoTKVo8O9q0Ec0iVhkTljV.2LXQA9e2yeWH9Ke2',1,0,'2020-08-19 20:08:15','0000-00-00 00:00:00','5bbda9f69c0d6fb42688a531b035f3b1','{}','0000-00-00 00:00:00',0,'','',0),(463,'RichardSefAX','RichardSef','totomen2020@gmail.com','$2y$10$w4Yb9M4hGuZNm/qzg6TXUeUXS.qyfjMc2qqY5/syGl09UD0qGstP2',1,0,'2020-08-19 21:40:07','0000-00-00 00:00:00','baad3616fcd62d5198c0356880893373','{}','0000-00-00 00:00:00',0,'','',0),(464,'DonaldGuemaOO','DonaldGuema','qwantrasssterminate@mail.ru','$2y$10$cHKa7iYsTv6rS5AEwa6NNuXsxwX/726B8br5EnqmnQloi0vpcRUhS',1,0,'2020-08-20 18:14:34','0000-00-00 00:00:00','d6f1b338a9cce3568b24fd19ca764980','{}','0000-00-00 00:00:00',0,'','',0),(465,'valenvv','valenvv','ibanenkiivan96@rambler.ru','$2y$10$ZAfN6kKjIJ.UmHUU.q6yWujCg6sVlxt8Phe.hCD69BHdUftIeEHK6',1,0,'2020-08-21 20:20:50','0000-00-00 00:00:00','ea9bd8325e87104eb95eb5704d653d48','{}','0000-00-00 00:00:00',0,'','',0),(466,'CraigMenAD','CraigMen','gutt.er.nikk.y@gmail.com','$2y$10$dBli4bHhJp9J.xH9Hm6Wm.6ri1j53KQ3EfhaZfFpoX0OnNdBrqjfi',1,0,'2020-08-23 23:12:14','0000-00-00 00:00:00','9895da108353ae1a683de21eb7d4e27a','{}','0000-00-00 00:00:00',0,'','',0),(467,'FrankDigXN','FrankDig','tedbroadnax72215@outlook.com','$2y$10$pINDz72VOjK3Sh0lBmXHUexZRpIAnoFMm8HqcCLwW5V.yn7x.jvWi',1,0,'2020-08-25 15:47:06','0000-00-00 00:00:00','4401146c43254b584d0a36c4aaad8952','{}','0000-00-00 00:00:00',0,'','',0),(468,'kelojafNZ','kelojaf','mitolottos@gazeta.pl','$2y$10$EogRGqQpV6.Y836hVvJtIO69CNVn2rVbbSNEe476i2KsPvhkFUNrm',0,0,'2020-08-26 17:51:04','2020-10-22 17:11:25','','{}','0000-00-00 00:00:00',0,'','',0),(469,'FrankiePahGL','FrankiePah','panarin@dokin.store','$2y$10$fNUVfAAiJnQsU5EHb/Aw5eKWzUPFYOdsdbNF3Ewaubpg.YkNq45aG',1,0,'2020-08-26 18:46:03','0000-00-00 00:00:00','a6ee9705bd969ec6eed81f2766da6967','{}','0000-00-00 00:00:00',0,'','',0),(470,'baherirenaIO','baherirena','baherirena@yandex.ru','$2y$10$m16GXzI2kaVcfF5kK8XfiOEwoLhXKwIMuBAHSwR9AzVRu.q3cIapq',1,0,'2020-08-26 21:10:10','0000-00-00 00:00:00','ec20ece3f3a103f5633e29d33e0ae5f8','{}','0000-00-00 00:00:00',0,'','',0),(471,'JosephHafEH','JosephHaf','gu.t.te.r.nik.k.y@gmail.com','$2y$10$yLMuyEPnmAfP/48NJuOKCO/R9/q2ErBweu02seG/G9oaL79UMwGZO',1,0,'2020-08-28 02:09:13','0000-00-00 00:00:00','43fa7e246f283b44b27955f82c1b79ee','{}','0000-00-00 00:00:00',0,'','',0),(472,'BalkonJuigeNQ','BalkonJuige','komfort100147@meta.ua','$2y$10$OOBxKgvQP6dbs7TtBILY6u5MD3wythySr0VN0omIHI3yO2.yzB1xe',1,0,'2020-08-28 20:09:35','0000-00-00 00:00:00','41c8618cf61e13f5214b3287dfdcc5b4','{}','0000-00-00 00:00:00',0,'','',0),(473,'Gazt','Gazt','mail1@vatman16rus.ru','$2y$10$GbTtnaDRSeVmjUpJv5yDjuItW1/4KmPpvfhJyNPMfosvMRqxSQ0pS',1,0,'2020-08-29 13:47:14','0000-00-00 00:00:00','a93c35a3362486112e31c297999f2f7c','{}','0000-00-00 00:00:00',0,'','',0),(474,'JoshuabawAS','Joshuabaw','sertok@dokin.store','$2y$10$MBylGRL3LQ3yTaX.oGaim.WpTI93ca.qnfpcMDG/naOm7sXxeJkRO',1,0,'2020-08-29 14:13:49','0000-00-00 00:00:00','7b9551bb9fde526c0a5a6c0a7e0afe04','{}','0000-00-00 00:00:00',0,'','',0),(475,'trenerpersonalnylMaxMI','trenerpersonalnylMax','sconia@come.lakemneadows.com','$2y$10$c9nbvKarsQJq428ryRqRkO9rIS6vcES704KNCSbxNesh.dvM0R8hW',0,0,'2020-08-30 01:13:17','2020-08-30 01:16:35','','{}','0000-00-00 00:00:00',0,'','',0),(476,'IzgotuEmorkSL','IzgotuEmork','zakazdubplo@yandex.com','$2y$10$FWiYDPBi06D2yOPaIqqm7ejJ.m3/hPQgaGF/0c/ux4EVLpANj813C',1,0,'2020-08-30 08:42:32','0000-00-00 00:00:00','0d1f3eb16e83dd79700b622326ae6976','{}','0000-00-00 00:00:00',0,'','',0),(477,'DanielpreteNF','Danielprete','16a8b1f96094@mail.ru','$2y$10$Dbw7L3TxHZ2fMu1xFvsXCOldCbhR6i6DfD4/6obu5mWbzJGgnfO5e',1,0,'2020-09-01 07:08:14','0000-00-00 00:00:00','ec8afe648fc94b725ed73e4f2b1fd426','{}','0000-00-00 00:00:00',0,'','',0),(478,'OknaJuigeGY','OknaJuige','test28052020@meta.ua','$2y$10$CWLcmvT.llpogG95ei6uPePgLkrukI0dabBrUClVkFW7iVIm4LY0S',1,0,'2020-09-01 22:51:08','0000-00-00 00:00:00','ee713d0b664625ca332e2a122f253faf','{}','0000-00-00 00:00:00',0,'','',0),(479,'waynesEO','waynes','yergushenalma@gmail.com','$2y$10$125elFYncIzYWCTU77AwUuOgQ21Zur4qgAWZmURzWl5ch6F3i5X.e',1,0,'2020-09-02 16:55:07','0000-00-00 00:00:00','5654754288969a79af386c9af7203846','{}','0000-00-00 00:00:00',0,'','',0),(480,'Marakushev086','Marakushev086','rqmflr@thefmail.com','$2y$10$fBIIEEykAYtSr96M4asiSe2XnL08Kj4Pv28p156mzmJfRxm06dXcK',1,0,'2020-09-02 18:09:31','0000-00-00 00:00:00','c49ddf1bb814426058cfb25aa073f207','{}','0000-00-00 00:00:00',0,'','',0),(481,'AikDubSO','AikDub','perdontas+20200901@gmail.com','$2y$10$ESmQFL90gzJJ282P2Tu7uu5LkhNxmCugDp4aBDSU.iNx9YqcaEJmO',1,0,'2020-09-02 20:38:51','0000-00-00 00:00:00','6b77100b23f5c4037f9a02ae674c2b12','{}','0000-00-00 00:00:00',0,'','',0),(482,'MusorrahPC','Musorrah','vinifredoxla@yandex.com','$2y$10$pFA95xexMQmMDp7aPAH.LuaRCiVAyXeMFbM6dlzWw/pdOEBQh/DZ6',1,0,'2020-09-02 21:36:21','0000-00-00 00:00:00','80fad7d0d181a98c24b6689107fcbcc2','{}','0000-00-00 00:00:00',0,'','',0),(483,'RobertvenJG','Robertven','sortul@dokin.store','$2y$10$9y/IZfHyGvls0ta/HmAIPOIO897yeZqCzXFZfukc.l4/i44iW7FaG',1,0,'2020-09-03 01:04:28','0000-00-00 00:00:00','183d225d762bbdebf2d2881cc83d2088','{}','0000-00-00 00:00:00',0,'','',0),(484,'GregoryShawsDT','GregoryShaws','gregoryzop@dist-vmax.com','$2y$10$BuZRT92kWBCaVvmVH4a50OC8RluOfGQ5nX7Z7FH5YmUwBoHq3CgJa',0,0,'2020-09-03 05:18:22','2020-09-05 20:30:55','','{}','0000-00-00 00:00:00',0,'','',0),(485,'MyWin2020Y','MyWin2020','rtpbgpskxxs4@velvetmail.com','$2y$10$z11FstksdrVOnPgg3eHYyeW88DgA.bmerkm/Nhi.9fAA7qaZag3y6',0,0,'2020-09-03 07:22:03','2020-09-05 03:28:53','','{}','0000-00-00 00:00:00',0,'','',0),(486,'rasskoziaNF','rasskozia','rasskozia@yandex.com','$2y$10$60KZgmGYT5evtLEJ6FE5j.IPTgF92aDDkUdQ.iDNUy.4MiwS/uERO',1,0,'2020-09-03 08:49:46','0000-00-00 00:00:00','6f4b6df143ba4f778c7c8bb467b95da2','{}','0000-00-00 00:00:00',0,'','',0),(487,'elyasnimayaHD','elyasnimaya','elyasnimaya@yandex.ru','$2y$10$L5sY9fuEn37FaOrunl25kO1tyhmf3wuNoMdWEwEsjdXmPn24adCcu',1,0,'2020-09-03 11:30:08','0000-00-00 00:00:00','090775b54a2d2f6d29b3ff9d64793aba','{}','0000-00-00 00:00:00',0,'','',0),(488,'DonnieEscahCD','DonnieEscah','a.nast22kukolka@gmail.com','$2y$10$ejCgtey3r1XpTGP2WXZJouoRnHnGC8/lyRzQYr73QZSBiAPOCBjLi',1,0,'2020-09-04 00:19:04','0000-00-00 00:00:00','f9b1b99099e942e892bf553051638c3c','{}','0000-00-00 00:00:00',0,'','',0),(489,'Lashmanov408','Lashmanov408','lxosvb@thefmail.com','$2y$10$lVk6I1aGbdCO0VPiSYMDa.OWvOn7OYs7eQmL2HhhZQKvs/6eZa.G6',1,0,'2020-09-04 01:21:30','0000-00-00 00:00:00','406ade9e29ff9c13f9deac8783cccabe','{}','0000-00-00 00:00:00',0,'','',0),(490,'Ickov612','Ickov612','qvaocc@thefmail.com','$2y$10$Vgft.T2XZ9z/n0knH2RDAOE2cLu0aETO3nYa9rg0BJr0b4UlfrgHS',1,0,'2020-09-04 19:47:23','0000-00-00 00:00:00','46633dee7c964121fe72291f36112efc','{}','0000-00-00 00:00:00',0,'','',0),(491,'Aminatroni','Aminatroni','alkonavtova@yandex.ua','$2y$10$/QafWe9GSt7oVhWl2XA5LeL2SOkGW1QyS5xEI/JOgEjWyzIEWeCWa',1,0,'2020-09-05 06:33:53','0000-00-00 00:00:00','57c592fd77899999d876272f69ede1ee','{}','0000-00-00 00:00:00',0,'','',0),(492,'MalTaitaQM','MalTaita','facheeva@mail.ru','$2y$10$eqv99NPdg3ucRKOJSg9rquoDqH4QAvm7BRTLrRLtQUB//703PJuyO',1,0,'2020-09-05 07:32:25','0000-00-00 00:00:00','9618861d590a7e0950d7ba6b174fd359','{}','0000-00-00 00:00:00',0,'','',0),(493,'Jordan','harecojazer71','downnanewsra1979@mail.ru','$2y$10$Zeqb7Zi4jb3JoANrR3OnB.ZqSfA7nqzLeC6Cti6c8Ktu0kKQoJmny',1,0,'2020-09-05 19:59:21','0000-00-00 00:00:00','b97dd4f0d03b52034190427f4cb6db81','{}','0000-00-00 00:00:00',0,'','',0),(494,'linarudninaSW','linarudnina','linarudnina@yandex.ru','$2y$10$QMfJb0PZJMiFq5x2oszvHuFcONSeRStYtDApZWOi/qr6vRqoMnD0S',1,0,'2020-09-05 20:21:03','0000-00-00 00:00:00','8485952e5709891a5c98b318f40129e3','{}','0000-00-00 00:00:00',0,'','',0),(495,'RichardBusJO','RichardBus','mskezpp@gmail.com','$2y$10$vxvgjNHlr4C8Yj08WBm9wu3yASn0Y7MMKvNesvNhoBIY//QW2WHPm',1,0,'2020-09-06 09:01:27','0000-00-00 00:00:00','1bdb2cd7cc0059398e4f31f713c19060','{}','0000-00-00 00:00:00',0,'','',0),(496,'Elena9LoriQY','Elena9Lori','elvilk0va@yandex.com','$2y$10$dBjVECyy1DbVLvvXj4ZPbuTq2sMWYLY6gAWWV7nZ0zHjHRCffHoNa',1,0,'2020-09-06 09:35:56','0000-00-00 00:00:00','334b49cfd4f8bb27df43b07573cfa65f','{}','0000-00-00 00:00:00',0,'','',0),(497,'ScotysloneBE','Scotyslone','davidboada@msnviagrarx.com','$2y$10$TrUjJDNLGJ5u5BE3RbhkTOJDtftfvRoxDChjIxiWO3NOGYbhF8jgO',0,0,'2020-09-07 18:06:34','2020-09-09 09:19:36','','{}','0000-00-00 00:00:00',0,'','',0),(498,'BonnyfrabsTA','Bonnyfrabs','bonnyrasmussen22@gmail.com','$2y$10$lPeBDjytzT19T2RXm0uE8eDjpKuxcSVw2awDhmcF8cx8dH/t53xJu',1,0,'2020-09-07 22:04:30','0000-00-00 00:00:00','354364505a700148d3eb4af59c3ce92c','{}','0000-00-00 00:00:00',0,'','',0),(499,'EdwardtokPB','Edwardtok','g.uttern.ikk.y@gmail.com','$2y$10$.N7EY5vd1KLNrRsF2qbjFejIl2vqSkqPtGpQxnGFtx3tcdem3cX8q',1,0,'2020-09-07 23:09:38','0000-00-00 00:00:00','699dfef9bdb6cf6c7a8525740c7e7c90','{}','0000-00-00 00:00:00',0,'','',0),(500,'AirDubVX','AirDub','perdontas+20200907@gmail.com','$2y$10$.yHCMfUa8cLGNWVhOnL02Oqzo7.t9VS6G2CXWG3tWlqT9ET9fdq12',1,0,'2020-09-08 21:03:26','0000-00-00 00:00:00','70ca876a13ea4f20a27d4d2e667b4d05','{}','0000-00-00 00:00:00',0,'','',0),(501,'Helmut Wanderberg','HelmutOi','helmutwanderberg@gmail.com','$2y$10$ZuF.oGg4sI8HyaBv/ZmZLepsbDXigga3loJRA.Ex.RgJ.H8RsOmSG',1,0,'2020-09-08 22:30:37','0000-00-00 00:00:00','af95d2cd62b733b3d11fca9c17f113e0','{}','0000-00-00 00:00:00',0,'','',0),(502,'RalphquOfeGJ','RalphquOfe','vitagenirk@gmail.com','$2y$10$6R7ZxhZgv.4jEEBMkJDcAu3TIF.X/ehcNDJRXAFpmbajCbqDyHmVa',1,0,'2020-09-08 22:34:17','0000-00-00 00:00:00','d38a14e158a2035f1a57b8081855bbfa','{}','0000-00-00 00:00:00',0,'','',0),(503,'ThomasbarNI','Thomasbar','gutte.rn.i.k.ky@gmail.com','$2y$10$ArAzaH99ZQ8ZC.UbguXAmOmKaj7NGtfbRliTo8eZev.HJ4MwJrSxi',1,0,'2020-09-09 09:56:35','0000-00-00 00:00:00','97c43ec3a67765866ecd88d923c01240','{}','0000-00-00 00:00:00',0,'','',0),(504,'JamesReotaYP','JamesReota','raeuchermischung@seznam.cz','$2y$10$iQgQXkQHlxcDC6J2Y6fwkOSvwR90wPrX39t09/o1D.EGjbzKJuB1e',1,0,'2020-09-09 10:08:20','0000-00-00 00:00:00','5c9a6370b30ec027a53eeea7635c264e','{}','0000-00-00 00:00:00',0,'','',0),(505,'TomasSeaphMS','TomasSeaph','a.n.t.o.n.8.52.08.9@gmail.com','$2y$10$bWXNchI0.NIxAhVGpR7rR.HY.rtrO2b9ezW39n9WkpFJVIgIG5sQe',1,0,'2020-09-10 15:30:07','0000-00-00 00:00:00','c1379c5f055e4863cfe833c5fc2d7d27','{}','0000-00-00 00:00:00',0,'','',0),(506,'EdwardsEfCG','EdwardsEf','cgedward09@gmail.com','$2y$10$Xdmj6DJHSkHoJIfe8bvj7esi6L91tvqB.Fq0RL/Hm905PYVW44n/m',1,0,'2020-09-11 05:17:24','0000-00-00 00:00:00','bc247404ce1b96aa729d293a198ff38f','{}','0000-00-00 00:00:00',0,'','',0),(507,'olyakoshedubBG','olyakoshedub','olyakoshedub@yandex.ru','$2y$10$awhYTbOi.1nWhF0HBS88OO4QBpYG0ZmNfYgNIELCGuQ6GtJGnnJKa',1,0,'2020-09-11 10:44:36','0000-00-00 00:00:00','5b7fddb40abd2dea2e5a68088dcc89f2','{}','0000-00-00 00:00:00',0,'','',0),(508,'SaspaypeQU','Saspaype','adeneqas1971@mailbox24.top','$2y$10$/5FlYTeAkiRa7CHD.tlaeeP0fIGB2BDnR9QhDXfZ.E6Gfl0gV9bFS',0,0,'2020-09-11 10:54:42','2020-09-20 01:53:01','','{}','0000-00-00 00:00:00',0,'','',0),(509,'RupertWessyMX','RupertWessy','JacksonTom1962@fte.goaglie.com','$2y$10$K113gMtQeHs5cp/5.bx2.uOFOxQ5QWdkdgaio54j6DKsrbsBYCmGy',0,0,'2020-09-11 13:26:43','2020-12-01 00:16:01','','{}','0000-00-00 00:00:00',0,'','',0),(510,'BrantvotBI','Brantvot','errik.ramazanov@gmail.com','$2y$10$yAS3T/o6jEALoUMhaXcTku4wYf//sfcABguxR7AAgoRrGwSj.uy1q',1,0,'2020-09-12 08:44:47','0000-00-00 00:00:00','bcec15bc25932f932059cac6f00f05ed','{}','0000-00-00 00:00:00',0,'','',0),(511,'DennisAcacyOH','DennisAcacy','artempanptg@rambler.ru','$2y$10$/2GSJEjM24nI0Lh5lvdDWe2LK0ZzXo9.Pktc0HXGobFZkUpIr4YHS',1,0,'2020-09-12 17:24:44','0000-00-00 00:00:00','34d234f1e8df0402021e2ee1d69ba25a','{}','0000-00-00 00:00:00',0,'','',0),(512,'BobbyWeiptOJ','BobbyWeipt','g.u.tt.er.n.i.kky@gmail.com','$2y$10$Q8Tx2WGiAluOqCMt8gc2S.YdBnvvP8ZQZmDuxlcKN275T1vmCPSSq',1,0,'2020-09-13 00:52:52','0000-00-00 00:00:00','22b7a8b3e1e20083cb2ef6cb29497213','{}','0000-00-00 00:00:00',0,'','',0),(513,'StanleytrulkJD','Stanleytrulk','hospes@allmelbet.com','$2y$10$5egLxJdPmG/4.Sw3cYNF8eqFg/MdtOt/DCmzDAW3Pu5jP8PnrGElS',0,0,'2020-09-14 04:18:56','2020-09-25 04:16:42','','{}','0000-00-00 00:00:00',0,'','',0),(514,'DennisLutAG','DennisLut','annanovostroy@gmail.com','$2y$10$In17MQqK.X0rX7Lz8BclZeoaigAm98AeGCXLjiEetXEkj5krq6I3C',1,0,'2020-09-14 07:31:13','0000-00-00 00:00:00','3206d815a78443e4d06b723f5814ca38','{}','0000-00-00 00:00:00',0,'','',0),(515,'NatalieDieloZR','NatalieDielo','mio@arium.site','$2y$10$g8AUSxDhoMWmBZJ9olVdIed/s2Jl44nqvjlDlyriiXPz8PcsdsvVq',0,0,'2020-09-14 13:04:31','2020-09-17 07:20:26','','{}','0000-00-00 00:00:00',0,'','',0),(516,'LouiscraniEB','Louiscrani','forset@dokin.store','$2y$10$s6yUWsT7W5Tkbl0uT7Oxn.iOtokW.nCdHSs/kNni8EXdMWrPMU6IW',1,0,'2020-09-14 15:14:37','0000-00-00 00:00:00','8c3aea330ba6e71ca328894bf3923314','{}','0000-00-00 00:00:00',0,'','',0),(517,'Купить виагру в интернет магазине в МСК ','horemolapeh92','andalak78@councillordavis.com','$2y$10$ye6Tcc9TIchM5hJC77uRg.ukDgduKjWXsC3MNCaa60New3CcYn5ze',1,0,'2020-09-14 19:23:26','0000-00-00 00:00:00','93527bc80fdcce47af92c9103e40dda4','{}','0000-00-00 00:00:00',0,'','',0),(518,'pozitivgarikDK','pozitivgarik','pozitivgarik@yandex.ru','$2y$10$4ieuUU5j4G0KJ6VadEYFsuPJXBon5wQdRnRttKD8LOxcy8xtb3vPS',1,0,'2020-09-15 11:12:34','0000-00-00 00:00:00','8c7980032e0a307e0c26b4c2064feb3e','{}','0000-00-00 00:00:00',0,'','',0),(519,'romasniginRB','romasnigin','romasnigin@yandex.ru','$2y$10$yYyhlbE22iuUqGOm4M4slutlKP5haX7jHEkCcfJm9m6ENjkyagsiq',1,0,'2020-09-15 20:03:12','0000-00-00 00:00:00','f5bd20c4d92a71f50cefb701d88d7e34','{}','0000-00-00 00:00:00',0,'','',0),(520,'RicziwallesSQ','Ricziwalles','micziwal@tlen.pl','$2y$10$XEfCOym0Hhs7JpS/71fw8uf.s6NHDG.pFKN.O70SV0WYpOndo.p6i',1,0,'2020-09-15 21:56:30','0000-00-00 00:00:00','7ae9fcf09bf3832ad11c73e5e9eb4c0c','{}','0000-00-00 00:00:00',0,'','',0),(521,'AugusthiBNO','AugusthiB','haritonvantonov@yandex.kz','$2y$10$qgZjh5ZTEBItANWTl2EZFe9PWTl/UtRUvbje0l2DhcouuwQ4Lz.9y',1,0,'2020-09-16 00:27:43','0000-00-00 00:00:00','ad7760006422952bb6cf304460ec2122','{}','0000-00-00 00:00:00',0,'','',0),(522,'RonaldGualmNY','RonaldGualm','parciathedm@gmail.com','$2y$10$y1RtzSYf0HhCuioDYNUd1.cabd7aXyLwAUm/jhAa8RSP6h1YysQbG',1,0,'2020-09-16 18:33:12','0000-00-00 00:00:00','852c9b249e672601edc8b4efdb2e6981','{}','0000-00-00 00:00:00',0,'','',0),(523,'KathryngagYL','Kathryngag','emm@arium.site','$2y$10$siA8mn5SSCpZEdY0HNtc7OXxmMTFl.YcEBUCTyCOl97c/9hMU8C1a',0,0,'2020-09-17 08:59:12','2020-09-17 09:04:21','','{}','0000-00-00 00:00:00',0,'','',0),(524,'RobertphyncXY','Robertphync','antonioivanovitch@yandex.com','$2y$10$dlpiClhT2fUIoZKkRlhz8eOVYv4xMK.YujrAWUARPe7kD7a40KVEm',1,0,'2020-09-17 11:58:07','0000-00-00 00:00:00','5c137ceae8375a8ae2b27d5946a1d2d4','{}','0000-00-00 00:00:00',0,'','',0),(525,'EROabistomII','EROabistom','lola@labedroom.com','$2y$10$vj7SklN8YV2rhrX9sW3/3el6.uHMpeO.YDH2zgQWMsO6gWpRPyZ4K',1,0,'2020-09-17 12:45:11','0000-00-00 00:00:00','5f72fd4c92e01735962b0015f0c7fdb8','{}','0000-00-00 00:00:00',0,'','',0),(526,'NitkoyaculpDF','Nitkoyaculp','nitkoyru@yandex.com','$2y$10$g/hoe9jH8xR/3H2WIU5OFue7os6pg0NKX51f34eiVfAd5agl3hARW',1,0,'2020-09-17 18:51:53','0000-00-00 00:00:00','bc26fc5e252e924bc92b07e8d719970a','{}','0000-00-00 00:00:00',0,'','',0),(527,'LarryMowSS','LarryMow','misha.kudasai.mashev@mail.ru','$2y$10$OtoAS4LBsJeAWUl9JsyQxu50MUckVQf/CDbgKUNcnssduShzU.wfC',1,0,'2020-09-18 21:43:25','0000-00-00 00:00:00','3746e9a02a3127819ef5995b2cb32b3f','{}','0000-00-00 00:00:00',0,'','',0),(528,'GegeholycleCY','Gegeholycle','usajonnywalker@outlook.com','$2y$10$wZ4Nxgs3RrmOJx2RFaAziO5RiXaMS7IHNnJ2PDl0KFchvO/4J5IMG',0,0,'2020-09-19 16:38:46','2020-09-19 17:31:22','','{}','0000-00-00 00:00:00',0,'','',0),(529,'CarculgeFA','Carculge','podlikana@mail.ru','$2y$10$sq9DrUgEgaC3NLg8sOBDguTewTZA6i9M6tZZzyOynh053TIb6GbCq',1,0,'2020-09-21 14:48:28','0000-00-00 00:00:00','48c01ebe7cdc61cb94692cc8a25f6267','{}','0000-00-00 00:00:00',0,'','',0),(530,'MerillFefHE','MerillFef','hent.aiw.orl.d.p.i.c.t.ures5@gdemoy.site','$2y$10$VPa81/iVQ8eQ0Doono7.8.tsrrKVQsJEuvC4LgI/E8l.zG8xAHWoC',0,0,'2020-09-21 15:54:52','2020-10-12 17:29:37','','{}','0000-00-00 00:00:00',0,'','',0),(531,'JosephstenoJE','Josephsteno','zanimalo977@mail.ru','$2y$10$uTmNeH1Uk2g5KAr50VHgXulOoOlT6uY0R8UjDwAVjWfON2nZ8LWOO',1,0,'2020-09-21 22:19:14','0000-00-00 00:00:00','ec1576cdfdf513e22e8781923e7eb3f5','{}','0000-00-00 00:00:00',0,'','',0),(532,'MichaelagityEQ','Michaelagity','prohorhalypin512@gmail.com','$2y$10$QBLQJps3428n7dXWlB.1Ye6i9.Uzb70vbO8hbsQ96RpGuBjUl3NHS',1,0,'2020-09-22 01:19:43','0000-00-00 00:00:00','8820610712682193eac8c379116c84bd','{}','0000-00-00 00:00:00',0,'','',0),(533,'MichealbrideMX','Michealbride','gutt.er.nik.k.y@gmail.com','$2y$10$fHtexCWkPnD2ExM.SkNJbec97B17Nu75akJNp/LqbjEZlwptlnaT.',1,0,'2020-09-22 09:40:28','0000-00-00 00:00:00','bcd516a526e387e1bf57fef71984bcc6','{}','0000-00-00 00:00:00',0,'','',0),(534,'vulkancasinooBK','vulkancasinoo','vulkancasino7777@gmail.com','$2y$10$R.WIPmMZOA1gQI3qzx6.BeollT8xzfKS75d5zOEmoTceCZySfEKP2',1,0,'2020-09-24 18:26:32','0000-00-00 00:00:00','d1bd18e337239642565eaa520da0bad5','{}','0000-00-00 00:00:00',0,'','',0),(535,'MichaelesomaPN','Michaelesoma','bringtraton@yandex.com','$2y$10$yG9AIVfN4k3QWp1RWkaCZ.1dXJiC/wCgBUJXUBwHXCyYELfRESKL.',1,0,'2020-09-24 22:48:15','0000-00-00 00:00:00','4f3cafe9736210ad99aea60b69e3238b','{}','0000-00-00 00:00:00',0,'','',0),(536,'DanialTorFK','DanialTor','Blake@allmelbet.com','$2y$10$U/GvbpYNIDkjTZyY6E6se./nByiIOoGWLGTVkkZgRMwmhtLVfkpmi',1,0,'2020-09-24 22:49:40','0000-00-00 00:00:00','cf9d69e57c7c83160d5e784448364aea','{}','0000-00-00 00:00:00',0,'','',0),(537,'DimonJapNK','DimonJap','sberbankinspb@gmail.com','$2y$10$WOqI5KtgvIorWiBl8SYmCePLwdJ1v3w30wxqr/0k804AkZeMYGuSe',1,0,'2020-09-25 18:52:03','0000-00-00 00:00:00','4d9e407eb0f301c2a537656967a997c5','{}','0000-00-00 00:00:00',0,'','',0),(538,'DavidcibiaPI','Davidcibia','davidranec@yandex.com','$2y$10$38.ggS6HKSHAovK/NDo6BOcK.eeAU4AHx64vUxDMneEbQ69Arzza.',1,0,'2020-09-27 09:31:31','0000-00-00 00:00:00','aa6b9a24c4970d1fd6acad27622dc510','{}','0000-00-00 00:00:00',0,'','',0),(539,'ThomasdedXS','Thomasded','celinemmoodyt2678@gmail.com','$2y$10$YXqdr3RIB5u3lR7DycJ1d.59xA1bKyxLTW.JaE.bKIbMzPFjWA7Pi',1,0,'2020-09-27 21:08:24','0000-00-00 00:00:00','27fa8089aa09ec662c797c35a269a1fd','{}','0000-00-00 00:00:00',0,'','',0),(540,'GarlandhobKG','Garlandhob','denisfadeev1997474wcc@rambler.ru','$2y$10$BwWKhjR47Q0x71F5kzdcF.2O7wE4VIsHYw4nh3L1T5g6V3/A9OHuW',0,0,'2020-09-28 10:09:20','0000-00-00 00:00:00','','{}','0000-00-00 00:00:00',0,'','',0),(541,'RobertFeateYX','RobertFeate','1@sh1371291.a.had.su','$2y$10$YfCi.18zAAdO/Msv/Fd/c.CiaNvZ7B1PN0wlM2QJMbgDi82iWLya2',1,0,'2020-09-28 16:41:10','0000-00-00 00:00:00','93e1a98b6f4620e4118072beb1a50c56','{}','0000-00-00 00:00:00',0,'','',0),(542,'OknocaxCV','Oknocax','komfort100222@meta.ua','$2y$10$LFVyt.ijbqW6invTBe5mR./pwMVha7iibqXGfA96gQKvsrmlSirre',1,0,'2020-09-28 22:37:41','0000-00-00 00:00:00','0b526acfb1a05bded520f847aecc9d19','{}','0000-00-00 00:00:00',0,'','',0),(543,'KennethdyerbCW','Kennethdyerb','kennethenesk@3.stonoga.co.pl','$2y$10$wjeBhoPTZb0Ge3y7chGMRuIOo/s8t3ejpsSuein1IGya69YnSHeGC',0,0,'2020-09-30 09:41:46','2020-09-30 09:44:08','','{}','0000-00-00 00:00:00',0,'','',0),(544,'Egorenko562','Egorenko562','dhqoao@thefmail.com','$2y$10$XmNrpZrjcxv.eeCrvHFx6OEQlOw5fWmAfJoP95R87Jd.5Q2M62S2m',1,0,'2020-10-01 12:08:26','0000-00-00 00:00:00','723d1f1016223a1308ad66a2df373c7a','{}','0000-00-00 00:00:00',0,'','',0),(545,'RozaHuPnHL','RozaHuPn','galochka.kotova.99@mail.ru','$2y$10$DQnLXE7uR.uWISXlklQMjOomzqe9qj.MhrJ2.Rqdv9oVW3.0QbDYW',1,0,'2020-10-01 23:28:58','0000-00-00 00:00:00','eeffa43160b54342329ea5498677949a','{}','0000-00-00 00:00:00',0,'','',0),(546,'Gajdukevich834','Gajdukevich834','tmblqt@thefmail.com','$2y$10$VIrFeJWZsClX0O..wSXZWOij4M2O6BJjI/BQQagMwghNEu7F3r.aK',1,0,'2020-10-02 00:16:58','0000-00-00 00:00:00','f04a040c120fa93d85d5a96804c654ca','{}','0000-00-00 00:00:00',0,'','',0),(547,'WalterPagXB','WalterPag','stanislavfilatov20009283y1q@rambler.ru','$2y$10$sz7MWAObxId73INbB6pIBuuG7SL9SmaAsO7Bff.kzWBo95E4C5EXm',1,0,'2020-10-02 01:18:16','0000-00-00 00:00:00','77a10b7f3270c810db3c26d02206dc6d','{}','0000-00-00 00:00:00',0,'','',0),(548,'Petriv211','Petriv211','slspks@thefmail.com','$2y$10$JP/bX0yYNEXs7BTtKehl3OwcWYwMVI92zczlFNm8NfdDEaZ5xmvWy',1,0,'2020-10-02 20:58:25','0000-00-00 00:00:00','4b9cafefff883867adf4758c297004a1','{}','0000-00-00 00:00:00',0,'','',0),(549,'Zhilkin823','Zhilkin823','muiuvv@thefmail.com','$2y$10$sYJQr5Ql8zYBn9xh8ObpLu7rGz..WObZQnzB5NJIiZQ2T0YWAZRQm',1,0,'2020-10-03 17:58:56','0000-00-00 00:00:00','00b62b8a89a5bd407d1b28a98c734c69','{}','0000-00-00 00:00:00',0,'','',0),(550,'vfd-drives.ru UBF939BW','vfd-drives.ru LNX170','hukzku@thefmail.com','$2y$10$YWvsJGCwF.Od36mftle6ruWzvYUakmVqYXWie5XJK4lP3UicgXIVa',1,0,'2020-10-04 05:38:25','0000-00-00 00:00:00','ec2bdf9d5d6c06a46784d06eb9c2e0a8','{}','0000-00-00 00:00:00',0,'','',0),(551,'deltadrive.ru EQN164BW','deltadrive.ru EYA921','fjsbov@thefmail.com','$2y$10$QdU/cnz0uLyRiejBOWWe9.MFp84PJUGlF2eeeK4lmK5gBRQZVo/XW',1,0,'2020-10-04 17:28:37','0000-00-00 00:00:00','2a44d778e5531518561f727b2724a136','{}','0000-00-00 00:00:00',0,'','',0),(552,'JackipAkVP','JackipAk','kristinaleonenko53@gmail.com','$2y$10$YAWds7TLcj.1WHAlAien3OgHh2vBTsjvnhTaumQPf/l1I/47T1I7a',1,0,'2020-10-04 23:14:37','0000-00-00 00:00:00','ffe1ea077d6d4aa7811fda052a9401ee','{}','0000-00-00 00:00:00',0,'','',0),(553,'capsnab.ru NQY697BW','capsnab.ru QTQ644','rlvhaq@thefmail.com','$2y$10$Y3YtdK3w8/KTF8LI4wkYYuZUHyprMNqDYtocAplCRlHmJSEhdE6LK',1,0,'2020-10-05 05:39:50','0000-00-00 00:00:00','6d518851fef3bda7ccc586a092ab2b21','{}','0000-00-00 00:00:00',0,'','',0),(554,'variablefrequencydrive.ru DIK852BW','variablefrequencydrive.ru JKV753','nbtrmz@thefmail.com','$2y$10$2O250RevHwPM1Ph9cWwXf.zO.px/v22ST.qVQptITmeXzPnDcV.uC',1,0,'2020-10-05 17:55:09','0000-00-00 00:00:00','ab6b2f24617a13a419e916d8c99eeece','{}','0000-00-00 00:00:00',0,'','',0),(555,'vfd-drives.ru GAO626BW','vfd-drives.ru VCS981','nuefxy@thefmail.com','$2y$10$cBYcmhLijbjezki84mTSJ.KkGSriFT4JF6AdomKpHaikqM1VSOkAW',1,0,'2020-10-06 05:23:51','0000-00-00 00:00:00','74696e2d0f9b329ce60f87bff587480f','{}','0000-00-00 00:00:00',0,'','',0),(556,'HoroscopeVielpFV','HoroscopeVielp','autobotich@gmail.com','$2y$10$ds.V6Fc2L0/YXBbh7gT8vuqox07ngHY.ypgR/xPnSFXBmj/Ik6m2C',1,0,'2020-10-06 06:48:06','0000-00-00 00:00:00','e833fb6598ffd9e264b646b9c7c9b88e','{}','0000-00-00 00:00:00',0,'','',0),(557,'BrianricPZ','Brianric','pseu.d.og.uru@mymail24.xyz','$2y$10$mKb88dzmUih8SWpIhBw8cOZ9/RajSO7U1cTBuQ/df9TsXsh.eRKl.',1,0,'2020-10-06 14:12:54','0000-00-00 00:00:00','ee075c1528d5be5e29d08b452308c159','{}','0000-00-00 00:00:00',0,'','',0),(558,'deltadrive.ru KUT587BW','deltadrive.ru AYQ137','iandfa@thefmail.com','$2y$10$jMwb17IeMyXPZFKv9Vqnjexuu4QVJ8/n9r2Emi3yA8fWOOdpjLjfO',1,0,'2020-10-06 17:08:31','0000-00-00 00:00:00','292968dd47e8902996002a48c57ad587','{}','0000-00-00 00:00:00',0,'','',0),(559,'BrianZewKK','BrianZew','amarylev@mail.ru','$2y$10$aNzl.nhC.H66xKNaT0zYheTcTBHodkVBAiR.B0tmHvRmBT6thS.ja',1,0,'2020-10-08 03:36:05','0000-00-00 00:00:00','4ed4617fa5e2b1f2d57d434e43a7f967','{}','0000-00-00 00:00:00',0,'','',0),(560,'Adolf Battenberg','AdolfOi','adolfbattenberg@gmail.com','$2y$10$C9CBL2GIbqjWIQDg6HSvrOVJDe5S2RAEiqXo2JOfw1BiOG5kGPwo2',1,0,'2020-10-09 20:44:23','0000-00-00 00:00:00','2ad9511a7554589296b7037ce3bd5a64','{}','0000-00-00 00:00:00',0,'','',0),(561,'DilapAkVE','MilapAk','karinaavdeenko2@gmail.com','$2y$10$tpBPqiM6H6Xwcns9kfH92uiZIlMqdDZVkho0vjQZGq/gSr9ckZgfG',1,0,'2020-10-12 00:47:17','0000-00-00 00:00:00','7bdb88d0c10cb98f3353c096c9ce7874','{}','0000-00-00 00:00:00',0,'','',0),(562,'AnnaqmxbtedTR','Annaqmxbted','nadstepanova43@gmail.com','$2y$10$CK6LdbIkmB5JBq5eVw/sPOMygx49E2nnZLYeqV0NOigo5pKbW5V86',1,0,'2020-10-12 05:44:22','0000-00-00 00:00:00','4ed64721ef6aeb246293891ac6537e88','{}','0000-00-00 00:00:00',0,'','',0),(563,'AmsDubGN','AmsDub','perdontas+20201011@gmail.com','$2y$10$50f0YGVSPhxKE8SV5grpl.1Z2mPY0mYMtI4KHgfXUtxvK5Vzpn1Wm',1,0,'2020-10-12 06:57:24','0000-00-00 00:00:00','df312aed38e1986230b13706df705517','{}','0000-00-00 00:00:00',0,'','',0),(564,'бесплатно прогон сайта ','Stassikpl','stateiniykapcha@yandex.com','$2y$10$dnBKL2NMo2NAtFmINk9CYuLQDRPAUYykFPBnhvRJ7XPOQ1P3sgpSO',1,0,'2020-10-12 17:03:34','0000-00-00 00:00:00','c33dafd7fb85d1fb8700f748c777301b','{}','0000-00-00 00:00:00',0,'','',0),(565,'AmtDubHU','AmtDub','perdontas+20201012@gmail.com','$2y$10$eM34lX4LKnPD2UsZWoPen.W6K7/t8j5LGJTOOY1jgZecL6d7D4p42',1,0,'2020-10-13 11:03:04','0000-00-00 00:00:00','93392161105475acb19f1845303785f4','{}','0000-00-00 00:00:00',0,'','',0),(566,'AmuDubDM','AmuDub','perdontas+20201013@gmail.com','$2y$10$.xwXaJRZeJOws3nwEyXIyunQXpd4nJ49pCKrk5cQjv3WJpkNvIks2',1,0,'2020-10-14 12:00:41','0000-00-00 00:00:00','99f0d42fbfe152fd89144fdc4ed846d9','{}','0000-00-00 00:00:00',0,'','',0),(567,'PavlononVZ','Pavlonon','kirivinigor@rambler.ru','$2y$10$GLlYql6ajiqMw6vbjQt2kupQlMN9oqZJVbtfIcDtp.PXwndCMZrjC',1,0,'2020-10-15 19:25:47','0000-00-00 00:00:00','e1cb710edc440217b3e965eb910e0ce9','{}','0000-00-00 00:00:00',0,'','',0),(568,'AmyDubYH','AmyDub','perdontas+20201015@gmail.com','$2y$10$InixYlC8S5kTgG0P28DzkeBsjunjkXkA2VwK1cwemnOgMqbqmmDIS',1,0,'2020-10-15 22:44:21','0000-00-00 00:00:00','8346182cf29296f8e1bd0d1ac6d3e97b','{}','0000-00-00 00:00:00',0,'','',0),(569,'AnaDubNE','AnaDub','perdontas+20201016@gmail.com','$2y$10$rZJ5zH6Sk1U6IQ7JXWX5IuxrIQ4VYUgCTNXrboha3xP.KdB2hYzRe',1,0,'2020-10-17 10:42:54','0000-00-00 00:00:00','550b988a4369428e58d2d569eba40bee','{}','0000-00-00 00:00:00',0,'','',0),(570,'AaronroxSG','Aaronrox','arturmisarov@gmail.com','$2y$10$Wc/HkvHdSVs.c4TrT.Oe5Oye9G.w1XIeDiUftEaJKeKIeVJoIped.',1,0,'2020-10-17 11:45:21','0000-00-00 00:00:00','8c26a42afed51201ec705b3683441faf','{}','0000-00-00 00:00:00',0,'','',0),(571,'AneDubLW','AneDub','perdontas+20201019@gmail.com','$2y$10$ABi.hmsDd9lznuOSJTVXmOr9FdiJwepGobH3B1bEuGPbuXR7IoZte',1,0,'2020-10-20 06:24:10','0000-00-00 00:00:00','743e029fa6377e62c72b799c823751ce','{}','0000-00-00 00:00:00',0,'','',0),(572,'KayleighWanlesslorVO','KayleighWanlesslor','andrew.wells9205@freemails.us','$2y$10$o.2LTSja/6febrl1BgISWuc3PSEvKwe29iyTEpczqSYhNBCVm1Xve',0,0,'2020-10-20 17:21:04','0000-00-00 00:00:00','','{}','0000-00-00 00:00:00',0,'','',0),(573,'AniDubPX','AniDub','perdontas+20201020@gmail.com','$2y$10$ToyNIMIgrFp6odTQJSoBde4wv7Jp8HdSfS8NJXKQkk43pN5LhO1NO',1,0,'2020-10-21 01:25:50','0000-00-00 00:00:00','4bbee459994cc1c86f7a834095e02331','{}','0000-00-00 00:00:00',0,'','',0),(574,'parimatch777OE','parimatch777','parimatchgoo@gmail.com','$2y$10$dbJZRRIW0w2GQftIkO6XLejso/H60yM8B4mD86ZqezqyiOjD4UI0a',1,0,'2020-10-22 09:06:05','0000-00-00 00:00:00','36dcb491f09ba3fadaacea93df021abc','{}','0000-00-00 00:00:00',0,'','',0),(575,'AnoDubGO','AnoDub','perdontas+20201022@gmail.com','$2y$10$63z6zXAy.NQxE7Ib.UmXgOgg5Ghnp7Io3.WrnXmXBtgrVHjzERNUa',1,0,'2020-10-22 13:16:01','0000-00-00 00:00:00','41cfee5edcb943fec5184fe8e92e3582','{}','0000-00-00 00:00:00',0,'','',0),(576,'RihlesJF','Rihles','rysioslaw@prokonto.pl','$2y$10$l7b3m0b3PCTwpyetC4n2XepOp6EZljnWR07x5y5yrhTjeO5WCd4eG',1,0,'2020-10-23 13:35:54','0000-00-00 00:00:00','702a62de484c99c5ff2aa1f55a168a1f','{}','0000-00-00 00:00:00',0,'','',0),(577,'AntDubTA','AntDub','perdontas+20201023@gmail.com','$2y$10$gsEhVtoUNbkFBaw/ESaViOBmbr/AnP/XbY8xXlySYTOH1a6k1NyZi',1,0,'2020-10-23 23:02:34','0000-00-00 00:00:00','57f6eccb55915860e8cad4295f640c1c','{}','0000-00-00 00:00:00',0,'','',0),(578,'AndrewMizHX','AndrewMiz','s.download@promaskgroup.com','$2y$10$tHDRaht0X2DoIMIGTocg5.GTZnc5usWZl592e0j2Cxz87fU5lXD5C',1,0,'2020-10-25 03:17:09','0000-00-00 00:00:00','912d3ba19f43715b8fd49a23222bd212','{}','0000-00-00 00:00:00',0,'','',0),(579,'RicharddrankUR','Richarddrank','gu.t.terni.k.ky@gmail.com','$2y$10$rw5x4tGW3733jPqzW93ZSe0jf92zJi4XpkOVBUcb4SK14IF15CPO6',1,0,'2020-10-26 09:47:47','0000-00-00 00:00:00','e7f8b5238f5eccfb6cb9ae2f47c0271d','{}','0000-00-00 00:00:00',0,'','',0),(580,'ApaDubWF','ApaDub','perdontas+20201027@gmail.com','$2y$10$NaCoZA9IUIgGimBFVHrcLe3AfmFn3m1XmdcP4JtNqIB009LVMcXs6',1,0,'2020-10-27 20:07:21','0000-00-00 00:00:00','1ce676f589ce7bbaacca0698821466cb','{}','0000-00-00 00:00:00',0,'','',0),(581,'JamesobsemZD','Jamesobsem','poinjuseverq@gmail.com','$2y$10$XLo.lshc5T3jRbNK93sQKOvlkZlHn0uD9ZrTVD4PAo4c07nNPuFwm',1,0,'2020-10-28 11:59:22','0000-00-00 00:00:00','5c4aa542e200493db212d610409239eb','{}','0000-00-00 00:00:00',0,'','',0),(582,'ApeDubFI','ApeDub','perdontas+20201028@gmail.com','$2y$10$LePsswnS9SnvlmB58Buzo.iIdaK4q3fTiiEyuxndXQaFt93fc8mUu',1,0,'2020-10-28 23:36:50','0000-00-00 00:00:00','fcfd7de5ae027189046a753a58e660f8','{}','0000-00-00 00:00:00',0,'','',0),(583,'MiatoushOI','Miatoush','info@impactvapes.com','$2y$10$xYPhgRJIYed4qAM0zcf04eCPRvh5SMQR7Fh73r.2WHtsPKol1c0AO',0,0,'2020-10-29 19:31:18','2020-12-07 11:47:56','','{}','0000-00-00 00:00:00',0,'','',0),(584,'WilliamZekJI','WilliamZek','gutt.er.ni.k.ky@gmail.com','$2y$10$rTZ2OQorDapZ2x.iuBELKON/Hc3DZ7wyo5QBcPYKsSqM8ou9CPYWq',1,0,'2020-10-29 21:29:50','0000-00-00 00:00:00','77fcf997f7997c868c0519c96d8b5298','{}','0000-00-00 00:00:00',0,'','',0),(585,'ApiDubGD','ApiDub','perdontas+20201029@gmail.com','$2y$10$XxhdBLJWJcElupML7wS7eepbq.ylLz0zD.8zaPNIdzIVM32z8gjdu',1,0,'2020-10-30 06:54:11','0000-00-00 00:00:00','b4f49b0e1e24a79f7d67bddda52e482d','{}','0000-00-00 00:00:00',0,'','',0),(586,'JamesdeactXN','Jamesdeact','g.utt.e.rni.k.k.y@gmail.com','$2y$10$xQaqhtjJ5RIjJIw3DcGtcuTiAwnw6MI5n5bzyyC4C3ZW4siDC494C',1,0,'2020-10-30 08:10:35','0000-00-00 00:00:00','ffaff6e60cf09d35d4f3edf0769271bb','{}','0000-00-00 00:00:00',0,'','',0),(587,'RobertFawIB','RobertFaw','gutt.er.nik.ky@gmail.com','$2y$10$BnAeHStL1YKrapDNTkOc4OcEVcOp0D9H7ySbgmITey6KirN2JR/Vi',1,0,'2020-10-30 19:04:39','0000-00-00 00:00:00','7db75b53fac7fa1ec677c44206ab70d2','{}','0000-00-00 00:00:00',0,'','',0),(588,'BundleskrFE','Bundleskr','bundleslotto@gmail.com','$2y$10$6xkioJGQSHhsYaNi9pGz/OO9GyljzVwOO3DwlK1b01B79E.AqFQMm',1,0,'2020-10-31 00:08:38','0000-00-00 00:00:00','89ae7705bd8cb4600cc6e23d1218396e','{}','0000-00-00 00:00:00',0,'','',0),(589,'ApoDubJP','ApoDub','perdontas+20201030@gmail.com','$2y$10$.C7t6rG88yx2/OV5SVQHYuuSIgMNascXx9DIrrKfy0R2jhXNbXAU6',1,0,'2020-10-31 12:06:45','0000-00-00 00:00:00','7fa447ebe93456152a201fab068a6d67','{}','0000-00-00 00:00:00',0,'','',0),(590,'OliverTumFX','OliverTum','sarikano@mail.ru','$2y$10$sGY1xmZPWH/j0tt8g1DGJOMDi6dGWEW2C/U2szerHY4j6ePVZ39jG',1,0,'2020-11-01 08:40:00','0000-00-00 00:00:00','5104e4d1de4c70be2bd7157c16bc7453','{}','0000-00-00 00:00:00',0,'','',0),(591,'JustinKigDD','JustinKig','dmitriy38a5med@rambler.ru','$2y$10$v0MMbsLFPPzEmLb1JBVX3OJj/eVV59fLVJ6eupoCWyDFUZHJmophK',1,0,'2020-11-01 09:28:53','0000-00-00 00:00:00','b977211264480f853e68fa1297901ef0','{}','0000-00-00 00:00:00',0,'','',0),(592,'ApsDubQV','ApsDub','perdontas+20201101@gmail.com','$2y$10$JKFiXd.gLjDWaYm4cqD6o..qpHGwXNYGa23/kyg6uhvD4sBnlev7i',1,0,'2020-11-02 01:16:32','0000-00-00 00:00:00','0665d3d720564347d0d31bf7c70d1af7','{}','0000-00-00 00:00:00',0,'','',0),(593,'ApuDubPC','ApuDub','perdontas+20201102@gmail.com','$2y$10$guzKHU82Z89jDCrtyp10EeIL.sFh0S3iJiKJu7k2uqBoDyaP/RUMC',1,0,'2020-11-03 02:42:19','0000-00-00 00:00:00','4d29fb482beafa84ab8d4bc39084c20e','{}','0000-00-00 00:00:00',0,'','',0),(594,'MarionSakUK','MarionSak','stepanbld70@rambler.ru','$2y$10$heeiwuWSv4uLPd1pYD4ESu2jOGPgrPvNjXcAsIS0bkbMLwAnSQk4e',1,0,'2020-11-03 09:54:04','0000-00-00 00:00:00','0888722651253cbfdacd675fff60544b','{}','0000-00-00 00:00:00',0,'','',0),(595,'PeterJalTA','PeterJal','slesatwiaff@hotmail.com','$2y$10$auYYKWZNhONq7UKYyqsw8emjr4feBBWJ94Hb39xIlhp92vqYfrvxG',0,0,'2020-11-03 15:01:00','2020-11-04 01:21:42','','{}','0000-00-00 00:00:00',0,'','',0),(596,'DerekdumXL','Derekdum','egorfxjrsor@rambler.ru','$2y$10$fhkJs4M4SZ9js5f7D05WEei9iwMVZjyrJgG7riCof7EMbaTwhEIEm',1,0,'2020-11-04 15:20:11','0000-00-00 00:00:00','c22f507880da29273fb5c6b73a89e2b1','{}','0000-00-00 00:00:00',0,'','',0),(597,'jimnigOL','hebergemnig','hebergement-web@utinyurl.com','$2y$10$NTIjZ4LcomBVm.rYKXmtx..c2hy7m7wD/G/qfs5gkGzuDej6MYZEO',0,0,'2020-11-05 03:47:00','2020-11-19 05:37:26','','{}','0000-00-00 00:00:00',0,'','',0),(598,'parimatchYP','parimatch','bkcasinoparimatch@gmail.com','$2y$10$eS1KDkeMdZinX8s4c3xpvukkJiQ0rkklaEZu1OAZyjmveYWq1C4G2',1,0,'2020-11-05 04:19:34','0000-00-00 00:00:00','3923fdb7088a81cf459de8db8979bb87','{}','0000-00-00 00:00:00',0,'','',0),(599,'AllenItewsGJ','AllenItews','profdarmbestcas1975@bigmir.net','$2y$10$5f4j0Eo3ZfaX/qbqN0/mUe1o6G1ZPDze0JEuWmx.by4RN2CUUlSuu',0,0,'2020-11-05 10:16:13','2020-11-05 11:06:38','','{}','0000-00-00 00:00:00',0,'','',0),(600,'AraDubCU','AraDub','perdontas+20201105@gmail.com','$2y$10$1KaHrjerS5.8Z3jSaAB5N.lDzLdMCCwzWgPLvqB0zWRqn7Fmi9nZW',1,0,'2020-11-06 02:40:41','0000-00-00 00:00:00','f45d7eb892fd4b51077fe56f3cb34778','{}','0000-00-00 00:00:00',0,'','',0),(601,'BrianglariEQ','Brianglari','billisanta55@gmail.com','$2y$10$KpQJVq2lAQV3Evn23V46FO.Gr3BeKHC7AAc/yLkJIXL8zxVtvsFR.',1,0,'2020-11-06 02:54:55','0000-00-00 00:00:00','9552aacd414886a33fa7728546b39eed','{}','0000-00-00 00:00:00',0,'','',0),(602,'GeraldMapCO','GeraldMap','fraserdowers1991870@mail.ru','$2y$10$bKUPL1RVV/25k2WSZ1SF8./mAmmR2Aer0bogn948Q2AyYEaA3.IBK',1,0,'2020-11-06 11:37:15','0000-00-00 00:00:00','36590326f387f6bd38a5fab3f63099ea','{}','0000-00-00 00:00:00',0,'','',0),(603,'AnthonyTapBQ','AnthonyTap','igoryudinlai2@rambler.ru','$2y$10$NMaaYJ.X.PQMQAI6C9UGQebz1JVvx6JtpFJuIvLMeqHGRZSyPTfji',1,0,'2020-11-06 14:49:52','0000-00-00 00:00:00','6faa16add263d423eed82542e008c294','{}','0000-00-00 00:00:00',0,'','',0),(604,'AreDubGK','AreDub','perdontas+20201106@gmail.com','$2y$10$Cpk3pRWTgRlvHY0NjlVaFeLgkYEOpelsEuWhj20S2YSNQEZfgk8Ia',1,0,'2020-11-07 05:35:20','0000-00-00 00:00:00','c28b81d4f5898eb41b84495895eae741','{}','0000-00-00 00:00:00',0,'','',0),(605,'Borovsype5RZ','BorovimpomiRopy','compbavokij4mg41@bk.ru','$2y$10$vyv6/0t8CwFlLWLja2s3sOgEgGo16NdMcuKiiPWG.piRqi52c1iim',1,0,'2020-11-08 20:33:06','0000-00-00 00:00:00','00e530f9019c2316190ba315604d73a6','{}','0000-00-00 00:00:00',0,'','',0),(606,'frequencydrive.ru JTE524BW','frequencydrive.ru OLX413','iaexff@thefmail.com','$2y$10$IHjkWVvlqocLr5ebipTR4upzYlEgXBErWGPPmPSaydR7CsV8sVAZC',0,0,'2020-11-09 06:35:56','0000-00-00 00:00:00','','{}','0000-00-00 00:00:00',0,'','',0),(607,'grwickpAkJT','grwickpAk','grwicks8q@gmx.com','$2y$10$SMYrN4BbXo7IKMqUGsmZEONRofY/7z8.w2RbZuj1SNUZtIz6AWsXW',0,0,'2020-11-09 09:33:09','2020-11-12 13:00:26','','{}','0000-00-00 00:00:00',0,'','',0),(608,'JamesRakUU','JamesRak','gennadiyqumo@rambler.ru','$2y$10$T99l8jmi6bK5028OEBbnE..2NLigcOQJhRwhisuehK.dGcP4JiVv.',1,0,'2020-11-09 10:17:02','0000-00-00 00:00:00','534f9aafa2cfa92473a85c1ef262b974','{}','0000-00-00 00:00:00',0,'','',0),(609,'VitaliylppmRG','Vitaliylghw','mix@royalde.ru','$2y$10$QerFfmxAFu58SqET7/r0qO7kCsVJ6WlVak5Ve4S4N8sJiZve41C0e',1,0,'2020-11-09 17:44:20','0000-00-00 00:00:00','e4c378349c78d1b60930373fc034f8db','{}','0000-00-00 00:00:00',0,'','',0),(610,'Ulrich Bernhardt','UlrichOi','ulbernhardt@gmail.com','$2y$10$viQmWe90ACtAJSj6X4FSAOT2uTQTAcx3oJ6Sy8tF9qsuCOzXHO2SS',1,0,'2020-11-09 22:27:57','0000-00-00 00:00:00','9236aed594760a740c90623e6861d353','{}','0000-00-00 00:00:00',0,'','',0),(611,'ElmKetQA','ElmKet','elmira@f.firstaidkit.services','$2y$10$DX9dh5XNPRlfdTBA6Q9ke.H5z9ag4Q7jhHpfFfYpRjLCZzfXcsfKq',0,0,'2020-11-10 05:08:38','2020-11-26 20:59:54','','{}','0000-00-00 00:00:00',0,'','',0),(612,'RobertfepZA','Robertfep','eduardsysoevaxg@rambler.ru','$2y$10$mqiqnlDZuJEnPVg/fwsJF.2IIXC0NJCLmQOY..mcW0Ea20vfQcmm6',1,0,'2020-11-10 09:37:34','0000-00-00 00:00:00','7c46e753e633ad678afca13dfb85b0d2','{}','0000-00-00 00:00:00',0,'','',0),(613,'HeaterLawEA','HeaterLaw','huotlsem1968@lf.goaglie.com','$2y$10$xmXPQhorrSIEekRjYdh/quP3gv/9IYElDZ8DWO9u9uwc1KCaBGyjq',1,0,'2020-11-10 09:49:53','0000-00-00 00:00:00','6a297a226f06f225290a9e7f26704323','{}','0000-00-00 00:00:00',0,'','',0),(614,'RalphTaidoXD','RalphTaido','gu.t.ter.nikky@gmail.com','$2y$10$oEzrNBhr3Mfbr0d83ArKjuVN83d8EwUNpgt1Mv0nB3XO0MIB6XRwG',1,0,'2020-11-11 04:05:21','0000-00-00 00:00:00','197327cd2fb20b7f7db6076150a10eb1','{}','0000-00-00 00:00:00',0,'','',0),(615,'JameskixNJ','Jameskix','aleksandrwfpe@rambler.ru','$2y$10$x8cDZomTwpkgaDRFNBZAleNruwV8n0AaXXMIcYob6k6TIEPbe3wwG',1,0,'2020-11-11 09:57:11','0000-00-00 00:00:00','c40f7b1e66f08f784df10da0de1bfe07','{}','0000-00-00 00:00:00',0,'','',0),(616,'StephenwaxWZ','Stephenwax','g.u.tter.ni.kky@gmail.com','$2y$10$vLP7gQMJLRD8BEqTm982VeVkovPL53z50nNP3HXZHAIWE9IW.jaVO',1,0,'2020-11-11 21:47:13','0000-00-00 00:00:00','293a0ca955069b5ba8eb19d5d3c42a46','{}','0000-00-00 00:00:00',0,'','',0),(617,'DorisEladsPQ','DorisElads','0admi@muymolo.com','$2y$10$NMvRM1xkbujmpywRnS9js.XbJcvXdwGZ4s0vLtWHScQTd1VSUmBl.',0,0,'2020-11-12 00:28:47','2020-11-12 19:29:25','','{}','0000-00-00 00:00:00',0,'','',0),(618,'RobertDauttOA','RobertDautt','g.utte.r.nik.ky@gmail.com','$2y$10$ChXvUvTMfXD4RMAeUrDzP.CBj6sD7BB5YZdnollImgIr9GJIGqJpK',1,0,'2020-11-12 17:01:12','0000-00-00 00:00:00','a6d95b09cf416717a7d1f7617847466e','{}','0000-00-00 00:00:00',0,'','',0),(619,'MichaelSVAM','MichaelSV','rodionovnanadezda4@gmail.com','$2y$10$Sz25dlswrBypz04znmZl7ObKzf5HlEpa6m0NsuEjQ8IvHlEkhrfzK',1,0,'2020-11-13 00:39:36','0000-00-00 00:00:00','e833027e3a30cd778cb7f8801505cabf','{}','0000-00-00 00:00:00',0,'','',0),(620,'JosephTalXX','JosephTal','joenshuber.cat@gmail.com','$2y$10$YGj4me3wSGiAyBz68M9CpOrX/7wfbYvtXZZiu8wECRdjwYXi58ywe',1,0,'2020-11-13 13:23:14','0000-00-00 00:00:00','4bd26c8a91808ef5aebfef332e52774e','{}','0000-00-00 00:00:00',0,'','',0),(621,'ArmenkrFL','Stollotokr','stolotofalse@gmail.com','$2y$10$PN0IEo64fUNjQwHyF49VzeVDl3UebH9ABKp3E5WQyoJu1X149gj5G',1,0,'2020-11-13 22:08:13','0000-00-00 00:00:00','53c92379e7417b1cf35becaf1f3357f0','{}','0000-00-00 00:00:00',0,'','',0),(622,'EuimigjahPB','Euimigjah','bymagnum9@gmail.com','$2y$10$Mw0w00DMYNoOPzzW.BYYwua9i.7BT6B8cl6z9O/kIbDbiZ/i7LetC',1,0,'2020-11-13 23:53:59','0000-00-00 00:00:00','0a0e6eb5fcb79977b4598eac86e69440','{}','0000-00-00 00:00:00',0,'','',0),(623,'RobertAutObRI','RobertAutOb','smolovfedor37@gmail.com','$2y$10$9oUzv3LHdPgbKda7qupuPuWqBYb2mvDTbtIwbTg5remksuVJa5rLu',1,0,'2020-11-14 03:56:28','0000-00-00 00:00:00','1e92643e51d356268d510ced05a51d03','{}','0000-00-00 00:00:00',0,'','',0),(624,'ThomasLetYA','ThomasLet','mogarrabgladkovskii85@rambler.ru','$2y$10$9QVecozTn5J1QlfgUa1T1.6nAK8w9Pp.UoHUKu.RqA719ppSCi5Q6',1,0,'2020-11-14 09:52:13','0000-00-00 00:00:00','9e10cb2ea1fd8825c8c2b9127013d7c0','{}','0000-00-00 00:00:00',0,'','',0),(625,'LouisfepHY','Louisfep','arturmiaa@mail.ru','$2y$10$8IFJoDrGj9sDPYxKIaecIOwUqYwWPrVGb65CQki4az6CYTBCIEqb.',1,0,'2020-11-15 05:09:18','0000-00-00 00:00:00','763fcf315b43309c6d81599c658ce4ee','{}','0000-00-00 00:00:00',0,'','',0),(626,'JerryRuiffXY','JerryRuiff','anohinadalat@rambler.ru','$2y$10$dqFrogBXuzLO3noR12vfc.FZELjMJHx8qeJHaZ0TLq/5RDdxvHVTu',1,0,'2020-11-17 09:33:14','0000-00-00 00:00:00','faaf2b3e2ac7322712b11a91ae3c9d21','{}','0000-00-00 00:00:00',0,'','',0),(627,'AlbertpeetsKP','Albertpeets','Ohio@allmelbet.com','$2y$10$n/KN1D5VZbt1V5nAIQKurOXDNznw.RTjZ6Eq0YzFCaCtSkzS.LBAS',0,0,'2020-11-17 20:48:55','2020-11-21 08:22:25','','{}','0000-00-00 00:00:00',0,'','',0),(628,'WilliamRugSD','WilliamRug','rilileks@mia.bigcocksgaytube.com','$2y$10$9Lyojmb.ye4zsabGV4dKNOhqPWZ6jnUIOCt9F4R2E3kYQ9iYiuPF2',1,0,'2020-11-18 12:20:57','0000-00-00 00:00:00','3f2d43193b7396ba13edb033c38da9ff','{}','0000-00-00 00:00:00',0,'','',0),(629,'ApprovedAlitoXE','ApprovedAlito','valentinsmiyan@rambler.ru','$2y$10$HK.aY.L0SsOmU53Ol9okNOYddsCIRKNYKFdv3CAtobCcUS0.FxlhG',1,0,'2020-11-24 16:32:11','0000-00-00 00:00:00','22b248f67c8a62645c268786d5bed2bf','{}','0000-00-00 00:00:00',0,'','',0),(630,'DellafrabsRX','Dellafrabs','dellablaum99@gmail.com','$2y$10$uolvy9llXu.bOInEWmeyMeaQ2Uxr9LiuOQGkE.6JByPa4jXHX85O2',1,0,'2020-11-25 00:19:59','0000-00-00 00:00:00','b0092fbc75f5432ed72fc0427561a61c','{}','0000-00-00 00:00:00',0,'','',0),(631,'GordonInilmTW','GordonInilm','bereschukmatvei@rambler.ru','$2y$10$BDQMLxNSj1GsocZzb3838uryffVl3R3o1c0Pu1RighrQ2FPHU1ZS.',1,0,'2020-11-27 14:18:39','0000-00-00 00:00:00','526fb089ebac6a0102666ffd8253da1b','{}','0000-00-00 00:00:00',0,'','',0),(632,'KevinmusDH','Kevinmus','ilyastrahov1993@rambler.ru','$2y$10$mzjoOe8PtCfbr1j60gecReeaVP9OHaZ/dXswwvp3.AOHfcxmUx8ty',1,0,'2020-11-29 08:38:37','0000-00-00 00:00:00','8f2f389edb6d8318442f17a06608190f','{}','0000-00-00 00:00:00',0,'','',0),(633,'DetonpAkOZ','DetonpAk','ludmilarusakova984@gmail.com','$2y$10$GZUl8qqifjSLkNda7ArQwOtsAgu3NNmxSIWTxi1hPP6MFnvHyvgLG',1,0,'2020-11-29 17:51:59','0000-00-00 00:00:00','48d76f8a2d9ff583fc427441b8d0ec7e','{}','0000-00-00 00:00:00',0,'','',0),(634,'RobertAeroxQR','RobertAerox','lariongumennikov97@rambler.ru','$2y$10$Liyj4qWabHpF0Uv4oZjWNOcN2Zow8ObIBENCR0.mBfhLYP4xr8BAG',1,0,'2020-12-03 07:56:54','0000-00-00 00:00:00','ccd626b569fe094d34fcbc6bf68e6901','{}','0000-00-00 00:00:00',0,'','',0),(635,'xwusaymeqmcqxqyGP','Stanmoreymh','christiecreek@gmail.com','$2y$10$G6wcm9OMRZHXccDuKnw7OeV3WqyfojbYKj/M4QeXhIld03L9oj2CK',1,0,'2020-12-03 20:43:04','0000-00-00 00:00:00','3f2ecdbfced17fdf9f8939c0c50ea04d','{}','0000-00-00 00:00:00',0,'','',0),(636,'StevenTrilsZD','StevenTrils','lyubomirchhvirkiya1994@rambler.ru','$2y$10$8CiaVN41fGs1OAhZ0Gx/NOXAtWYAV92h6xU1v0eOhsV9HSZHNtnKK',1,0,'2020-12-05 08:36:55','0000-00-00 00:00:00','6efc318c3b93ecf732fd2e3a92608dbc','{}','0000-00-00 00:00:00',0,'','',0),(637,'MartaSuernJZ','MartaSuern','as.wip772@gmail.com','$2y$10$snlycVymC.gDp0DTBjTaUOmB8SF2UORlTUhOeaXFjiT8.vLsuxRhS',1,0,'2020-12-06 17:27:50','0000-00-00 00:00:00','ea8c8eac834b096adf8fcb3106ced0aa','{}','0000-00-00 00:00:00',0,'','',0),(638,'ZuvilsuteseHE','Zuvilsutese','j.en.ta.iwor.ld.p.i.c.t.ure.t5@o5o5.ru','$2y$10$0dvY5wsvVh2bNTKYUh1S2ut6jDoxXYdTYRtDOBiGDwIRleyCFoTsO',0,0,'2020-12-09 08:32:58','2021-02-11 12:57:35','','{}','0000-00-00 00:00:00',0,'','',0),(639,'CBTSOBTG','CBTSOB','info@goldenvapesupply.com','$2y$10$eMOy/i1yWyR/lE2T6Og3Se1F5q6kq3fT8KWE6E4bpj.Rki9EKjfM6',0,0,'2020-12-11 10:32:09','2021-03-28 20:36:35','','{}','0000-00-00 00:00:00',0,'','',0),(640,'anabolicsteroidfreeCL','anabolicsteroidfree','vaw.ertusad@gmail.com','$2y$10$UBr/4ydDDHlIBFwCdx92FOdiBl/WRjFW7bBuhNuRlTocDPAAKvqqa',1,0,'2020-12-11 17:01:38','0000-00-00 00:00:00','f39f2106272fc1acc2105c6a79553521','{}','0000-00-00 00:00:00',0,'','',0),(641,'ArthurEvazyRU','ArthurEvazy','123teatr@gmail.com','$2y$10$OqYkjVsYY.9zozSyptE8k./OsoO61qVDOpAK.tfb8y6ldjv.zqf0K',1,0,'2020-12-12 05:06:14','0000-00-00 00:00:00','175332517a8aec83aec06072d633bbfe','{}','0000-00-00 00:00:00',0,'','',0),(642,'playdom mobile скачать андроид','OneBoliksah','bimbos.top117@gmail.com','$2y$10$kB1SlOGTjLC9cDhob8jTKeiV6wWaQSXwj5neyb0P.VGXivz4xaibK',1,0,'2020-12-12 13:29:51','0000-00-00 00:00:00','ee40e7c64fb7994073e5b9c76f06048b','{}','0000-00-00 00:00:00',0,'','',0),(643,'Hanna','HannaPL','hannapl1978@gmail.com','$2y$10$EXIcF9MZ02cWCxo4FOtUMe98VviaHmDqEAEAUq2Oa6qdvIgNcVl4W',1,0,'2020-12-13 04:11:29','0000-00-00 00:00:00','ccc84e5defdfe907d0aa84c92898fd4a','{}','0000-00-00 00:00:00',0,'','',0),(644,'MarvinpoeltQN','Marvinpoelt','terpigorevgena2000@rambler.ru','$2y$10$ZviUCo4s0HCezqoyDzVbUei/B28xqKHQ0ACWbcA1Kb7gLIG.bkl.S',1,0,'2020-12-14 21:12:26','0000-00-00 00:00:00','3a3d49392601807b84373a1019296268','{}','0000-00-00 00:00:00',0,'','',0),(645,'KennethinherHS','Kennethinher','sarochivevgenii1996@rambler.ru','$2y$10$7z2BdODXgiZXhHFgbvXR0ekRboIxDtthYKRv2cYgz6Bm/qlzSlzxW',1,0,'2020-12-19 12:04:09','0000-00-00 00:00:00','f2b504e9fb9c982b51ad8f3be4656a7e','{}','0000-00-00 00:00:00',0,'','',0),(646,'RobertvotCW','Robertvot','veryatindmitrii@rambler.ru','$2y$10$fGXi6n3KyFaZDqhzSfNcaebP/iTwfFgqJ0uSrNgCf/FS9vjYexxQ.',1,0,'2020-12-22 12:55:47','0000-00-00 00:00:00','55df53e3e79501d583317e497a771e5c','{}','0000-00-00 00:00:00',0,'','',0),(647,'MonoWetZA','MonoWet','sergeymorelov@gmail.com','$2y$10$79q/ddOs50EeDRGiGA12XufQlX7YkxKb6ln2TAq36so874.SvAgYm',1,0,'2020-12-25 02:55:25','0000-00-00 00:00:00','dbd39f63f41cd3e3e72c9f9dd20abd87','{}','0000-00-00 00:00:00',0,'','',0),(648,'ZqrilsTewHE','ZqrilsTew','jent.a.i.wo.rld.p.ic.t.u.r.e.t5@o5o5.ru','$2y$10$K1rr8gbnarFi1iwP3kv23.eEGYvxhCTy.IDEXcuKXZQhofERL88bm',0,0,'2020-12-27 15:04:49','2020-12-28 15:50:49','','{}','0000-00-00 00:00:00',0,'','',0),(649,'MatthewKicHE','MatthewKic','stoyak_sex@meta.ua','$2y$10$1m2.SSxjbcsvTZeeIhsjCejq.YcsYlht2pO5Rj.aCRdBC87mlCMiW',0,0,'2020-12-28 02:01:03','2020-12-28 18:10:06','','{}','0000-00-00 00:00:00',0,'','',0),(650,'DonaldticGY','Donaldtic','klepukovvladimir99@rambler.ru','$2y$10$7RmLg68ydAh63eo5HRYBhuYFSNPtAchHjkCbxB3W9jrsisOXIk15W',1,0,'2020-12-28 09:41:07','0000-00-00 00:00:00','6c35d935c06b653e8bc790fae2c3a05f','{}','0000-00-00 00:00:00',0,'','',0),(651,'JulianpaymnST','Julianpaymn','benitocamill.a0674@gmail.com','$2y$10$xFW4YMVw/1uXASsmFYc11.0tFNujwq6Ct7DL9CcWjDAcvgk9h99YO',1,0,'2020-12-30 01:11:23','0000-00-00 00:00:00','533e793e04d2425ea06acf9a6a10f232','{}','0000-00-00 00:00:00',0,'','',0),(652,'TimothyslimeKA','Timothyslime','arturolifirenko1988@rambler.ru','$2y$10$1B8.GTPVaDDsF4vQcsF.q.SMH0wuQ9HrrqR3SB.WbIUqe86TH5ata',1,0,'2020-12-30 10:56:13','0000-00-00 00:00:00','c35dcc8f8a29e8b1c6a74ba5225a388b','{}','0000-00-00 00:00:00',0,'','',0),(653,'JasonAbindYO','JasonAbind','alekseevegor1988@rambler.ru','$2y$10$vhOQfUpYku5RMzKhzt1PGucUwrsa5hG4CajHfySn6E5Fi1XE.K//q',1,0,'2021-01-03 09:54:30','0000-00-00 00:00:00','a9e9829c9575261f0caa28baaf2a366f','{}','0000-00-00 00:00:00',0,'','',0),(654,'WilliamdabiPCW','WilliamdabiP','galtyapovboris1991@rambler.ru','$2y$10$tvxSa/t4Dos8RIUvHMEGhuEHKKIJ9ODZSoKuOZP28aYNawHb.fd/S',1,0,'2021-01-05 11:50:16','0000-00-00 00:00:00','56f8631818e2ef2f37a49db03e4f0947','{}','0000-00-00 00:00:00',0,'','',0),(655,'MarvinAcalmJG','MarvinAcalm','tarasbabykin@rambler.ru','$2y$10$LN6MYkOO68sMXynXU8zYw.beuJyUkdBMVR6eZ4bSVMgMuhNSUImii',1,0,'2021-01-08 11:14:58','0000-00-00 00:00:00','113adcefd2ac259d3aac8c35e29f8412','{}','0000-00-00 00:00:00',0,'','',0),(656,'MartinMigueOQ','MartinMigue','qwantrasssblot@mail.ru','$2y$10$QcX9swRPbYlsHHe.KufvSewRNjSqNJbAfNJi2cc3cXqG7J66H.UTG',1,0,'2021-01-11 21:18:24','0000-00-00 00:00:00','2e9672bee6bb37260d26e47f4b5cc6af','{}','0000-00-00 00:00:00',0,'','',0),(657,'VitGrouhKC','VitGrouh','vitaliyzp1987@gmail.com','$2y$10$B8dMxcRb58CTpopfhCkSBeyLvBxvr28tCd7Aqfy9ajWsI/uyM3x9u',1,0,'2021-01-15 13:38:11','0000-00-00 00:00:00','52646492c746ad02d9ef9a7733b8d42c','{}','0000-00-00 00:00:00',0,'','',0),(658,'KatenuhBU','Katenuh','katebeckinsale@i.ua','$2y$10$QpA7Df/Y4vd4kbp2282.WeJiZrDajgtGTlvqMdGZjX.M20TWLurye',1,0,'2021-01-19 06:03:34','0000-00-00 00:00:00','31df6c35cc6bda22157e8583d6b224e0','{}','0000-00-00 00:00:00',0,'','',0),(659,'weedHoxUZ','weedHox','andykuusel@gmail.com','$2y$10$cssSFX2Xqt1ZqqaRll65kusFY5/p3.VAh.mfcyqUohRZL9qG8uLEy',1,0,'2021-01-21 10:16:42','0000-00-00 00:00:00','c524b93117436e70f0f2d657766679a9','{}','0000-00-00 00:00:00',0,'','',0),(660,'WaltertibreYY','Waltertibre','g.starceva@max.enersets.com','$2y$10$oaVe7PAXd8btvox859p7duplN5JcIxHYnvNg4Byz9j0LSrQset7Uu',1,0,'2021-01-23 03:10:16','0000-00-00 00:00:00','3723c17353533c4fffc16750d9716fdc','{}','0000-00-00 00:00:00',0,'','',0),(661,'AndrewNupIA','AndrewNup','v.semovich@den.efastes.com','$2y$10$DcKBPGMLcZ.G8/B2PY6v..muAoI7RrnZnXA9mV7BSbNsdjEiIlROC',1,0,'2021-01-23 03:11:47','0000-00-00 00:00:00','d9655f28c528482e04b19a7008c2972b','{}','0000-00-00 00:00:00',0,'','',0),(662,'vefefSE','vefef','thompsonhenry231@gmail.com','$2y$10$/8Gt3Vnu.IX2si5RkNECaeiZnzRZwaErZwlGeiM9Bc5mLV3fi63hS',1,0,'2021-01-30 21:08:00','0000-00-00 00:00:00','a38f7c1c7d16d6d0380c30508d560362','{}','0000-00-00 00:00:00',0,'','',0),(663,'TednabES','Tednab','kkote813@gmail.com','$2y$10$wUt1REomfpBabtEoPiYcrueyc3.S4jjRyHqpDA4OId/ZzPUMBco26',1,0,'2021-02-09 19:13:53','0000-00-00 00:00:00','9ceacec6ac20d0665bdbe1a6320e9678','{}','0000-00-00 00:00:00',0,'','',0),(664,'RobertBobRY','RobertBob','qwantrassslatch@mail.ru','$2y$10$ecxRQKwPpuWsorY4VENXxumyXqAlANo4rZcNWf/23InHp5cx7kDpG',1,0,'2021-02-14 22:23:44','0000-00-00 00:00:00','bd44d885619cb5ea35b1ca60ab519c45','{}','0000-00-00 00:00:00',0,'','',0),(665,'JamesDetHP','JamesDet','v.starcev@makao.efastes.com','$2y$10$MX/YxDWhvKrKuIXNPTWrhuo37CNojpo1NLYj.sMn2xk3.CbYoHXrO',1,0,'2021-02-15 10:08:13','0000-00-00 00:00:00','c6e3580e7f2845a2e2afd6ae524d560b','{}','0000-00-00 00:00:00',0,'','',0),(666,'WilliamsnoffRH','Williamsnoff','plocbenlbolniho@mail.com','$2y$10$2TwpCZjwPovKLBKuaw9fQeU5iVpbYcdBMSFYcKBVy26xKB2x5sh.6',0,0,'2021-02-17 13:52:12','2021-02-17 14:03:19','','{}','0000-00-00 00:00:00',0,'','',0),(667,'RichardLorrySN','RichardLorry','m.voytenko@a.avalins.com','$2y$10$YxQAp6FXVaSPC9IVrdDhFuS/F3D3uSaebI76udnyG5velL3SPO3F6',1,0,'2021-02-19 22:36:16','0000-00-00 00:00:00','fc3faddc8839756a66425e8ae7007fa4','{}','0000-00-00 00:00:00',0,'','',0),(668,'LewisexismMS','Lewisexism','s.prolkin@info.avalins.com','$2y$10$Eg3/t1sjFdKq5GfDcw12J.QVmzkNi6bvq1t/IqA/31f1W.l5iKlXu',1,0,'2021-02-24 08:01:06','0000-00-00 00:00:00','e5c39569ea8845e53fa38ec3f7f693fb','{}','0000-00-00 00:00:00',0,'','',0),(669,'StevenChofeOU','StevenChofe','webcams69show@mail.ru','$2y$10$s/T8/K2fqlE6enrvcfxRW.avhNsFW/MP/nUwuuUh6XiIeaV.geY6C',1,0,'2021-02-25 09:30:06','0000-00-00 00:00:00','480e4202fcd2eb85cf44fdb05b667928','{}','0000-00-00 00:00:00',0,'','',0),(670,'DavidUnwibFJ','DavidUnwib','m.ptushkin@jodas.enersets.com','$2y$10$jjehH2eLPjDPnguyw5JrQ.q/Vdf5.kTx2BZns5ECIr4hFu2Xg/0jK',1,0,'2021-02-25 22:58:59','0000-00-00 00:00:00','c5015bd19145467403718e8333b7501c','{}','0000-00-00 00:00:00',0,'','',0),(671,'JerryNeorkSC','JerryNeork','a.danilov@den.efastes.com','$2y$10$HqCT5tVzvJiLF9gaenGdBuYNmVYukNWphu4tIu1OJ8D/MGPWH3fc2',1,0,'2021-02-27 07:50:13','0000-00-00 00:00:00','7c0c7ded8b8335a3acf98892e5208a23','{}','0000-00-00 00:00:00',0,'','',0),(672,'RobertWaymnTM','RobertWaymn','g.nalivkin@max.enersets.com','$2y$10$sq31FFWKRIS5I.SfI6n4L.yq8.j3R5B5.KD0NXIsPHozR//mqHqAO',1,0,'2021-02-27 07:51:10','0000-00-00 00:00:00','47198565eb6b993e10bcb38f9e0c5843','{}','0000-00-00 00:00:00',0,'','',0),(673,'CarolinaAsyncPF','CarolineAsync','carolinecaplan1987@gmail.com','$2y$10$fP6KCiz0QlBWv3PofRxCrONYR8dnFTG8I2giSTfbbnR1hV5CFQ5RO',1,0,'2021-03-01 05:03:57','0000-00-00 00:00:00','a4be2546ce4323577106f41b646869de','{}','0000-00-00 00:00:00',0,'','',0),(674,'LarryveilkDU','Larryveilk','d.mikovich@denis.enersets.com','$2y$10$Y6r0budMgjQ/QnS09DjZ1OHHPJxFu06i6MVLfoC/fhuC0t9/fcKwe',1,0,'2021-03-01 07:17:36','0000-00-00 00:00:00','072b40f36cc4f5a7a2782a0d78c9fa74','{}','0000-00-00 00:00:00',0,'','',0),(675,'BubivirtIA','Bubivirt','info@hototzyv.ru','$2y$10$9mgOXMZzG3Lz24U.9Ih9bu9Bc.FiEs9Jh/uMiuGp6869K80/ww4oa',0,0,'2021-03-03 11:22:10','2021-03-04 12:07:49','','{}','0000-00-00 00:00:00',0,'','',0),(676,'DmitriyRokPR','DmitriyRok','arcimalov@yandex.ru','$2y$10$q7F3lP8ITBsmRA7UyDmopejgspNA/36Y.I2CiJyLbO/up2BC.NB0C',1,0,'2021-03-05 18:39:19','0000-00-00 00:00:00','35e901027b7f762fab4552c94cefe236','{}','0000-00-00 00:00:00',0,'','',0),(677,'JosephHemYB','JosephHem','sefet5656wewwe@gmail.com','$2y$10$uxegcKpet65lx.boJxpKt.3RNcKfxzx0PVfPMP3.yVA8r.nCfixle',1,0,'2021-03-07 11:21:24','0000-00-00 00:00:00','b3b9c27dca0c02e0103f21b86943f420','{}','0000-00-00 00:00:00',0,'','',0),(678,'SdvillhemHE','Sdvillhem','j.e.n.ta.i.w.o.r.ld.p.i.ct.uret5@o5o5.ru','$2y$10$KLZva.dKHxamEkONg82eBuXc6qEV6I/XxcPcnmiUtGWQoF8O8Lt36',0,0,'2021-03-10 01:40:53','2021-05-07 08:59:12','','{}','0000-00-00 00:00:00',0,'','',0),(679,'KvvillhemHE','Kvvillhem','j.entaiworl.dp.i.ct.uret5@o5o5.ru','$2y$10$k5/LNaXA5GLDY3LeT6zjKOs3ydzz6zdiqK1QnLp3VPnBuvog0mbv2',0,0,'2021-03-11 10:32:54','2021-05-07 20:05:45','','{}','0000-00-00 00:00:00',0,'','',0),(680,'CruchJO','Cruch','stoyak_max@meta.ua','$2y$10$Ks5j/af1oVX0TlaUc2rOtOZuyBQJ0tcy5qnb2OrF7fYvtYSZ7oo2O',0,0,'2021-03-11 11:31:42','2021-04-16 00:35:56','','{}','0000-00-00 00:00:00',0,'','',0),(681,'JeremycatWW','Jeremycat','d.danilovich@makao.efastes.com','$2y$10$W3NAV709wJPMP3DZk.yhCOXZW/ohaP8605ODr5Pv2amYSlfP3ESB2',1,0,'2021-03-13 22:22:10','0000-00-00 00:00:00','7cc9b3a62eb51be3f503d294247566b8','{}','0000-00-00 00:00:00',0,'','',0),(682,'JesusthellLI','Jesusthell','okeanpestov1992@mail.ru','$2y$10$qyxjxrtIaf0pxdsPZvhp8.kfkqqIX2PxFn1R5UzVE8ojNHIscQ78K',1,0,'2021-03-16 18:40:38','0000-00-00 00:00:00','be83ef4586fe6efbd8925fabb0938fb2','{}','0000-00-00 00:00:00',0,'','',0),(683,'StevenBekVV','StevenBek','atmithafumal@mail.com','$2y$10$IuxqVMOfeBzooD.v6vf7sOisFDNugrjzKv.2QBQF2XeSOk5s0NHAe',1,0,'2021-03-17 02:01:56','0000-00-00 00:00:00','4b751e8ef552ef7b5d1b9e76a4683ccc','{}','0000-00-00 00:00:00',0,'','',0),(684,'AveryhoitaHA','Averyhoita','g.karpova@a.avalins.com','$2y$10$bkzcNzm.epvT8oHPxgdIauuKm2gyfo6Dfj5L36Xp52V/yVoU/eRlK',1,0,'2021-03-17 02:25:12','0000-00-00 00:00:00','aeee26c4d4cd133c86da44c8c212135d','{}','0000-00-00 00:00:00',0,'','',0),(685,'AlfonsocoefeNU','Alfonsocoefe','anisimovaveronika@mail.com','$2y$10$SsJ.kz1vm/cDZQO3cd6MluJszykCS4EDm6ABFNCEUWD.0B2pUBCQ2',0,0,'2021-03-18 11:40:08','2021-03-18 12:24:58','','{}','0000-00-00 00:00:00',0,'','',0),(686,'BRUEGGEMANN47VC','VASSIE89','743413@thefmail.com','$2y$10$UF9z7B9CvfpCUIPt12NTKO0aPA3/YNWaUKstHQM7jZe3LD1mDgaYS',1,0,'2021-03-19 00:05:45','0000-00-00 00:00:00','47aef5280d54336b7926b507b2eb57b6','{}','0000-00-00 00:00:00',0,'','',0),(687,'WilliamsoymnQM','Williamsoymn','m.sergeev@info.avalins.com','$2y$10$Xc7Yoz8Ns7DDiAbq3ay.nOfq2yaLl5DooFO5lEE2bWBNntKQ2yNu6',1,0,'2021-03-19 09:02:30','0000-00-00 00:00:00','7d359911f0348ce5fff616fc527ad5c7','{}','0000-00-00 00:00:00',0,'','',0),(688,'KanzaimnumQT','Kanzaimnum','zaimenrts@mulars.ru','$2y$10$QBh.ZomU.cZMWLn7D6F0xOw4LzxeAD0D6/kUo4jOsIIAz7TIJFI26',0,0,'2021-03-23 03:59:43','2021-05-05 21:30:50','','{}','0000-00-00 00:00:00',0,'','',0),(689,'JosephPrilkVT','JosephPrilk','g.severyanov@jodas.enersets.com','$2y$10$QCztqProWuXbr41E7gsdTOsqxdc4FjYpk/RYMofmo3qJwtwiDFTdy',1,0,'2021-03-24 18:27:34','0000-00-00 00:00:00','c782fdc2d05da96449986ea3494a3bef','{}','0000-00-00 00:00:00',0,'','',0),(690,'loveawake.ruZF','loveawake.ru','fedorkapo4@mail.ru','$2y$10$5Z8M25bRUDHwqKIMO.sGy.qwIWclC7LprZPqp3My7SKyWt1jKW3sG',1,0,'2021-03-25 03:59:01','0000-00-00 00:00:00','4b7f3290d032a64a34a6150960bb26ee','{}','0000-00-00 00:00:00',0,'','',0),(691,'KERLIN52VC','FILIAULT37','978036@thefmail.com','$2y$10$/N/gv2JFlYZ//tkDprKvEeCuTm7QcOq8yzgEC9/v4hSnBDKR0w9Ae',1,0,'2021-03-26 00:31:53','0000-00-00 00:00:00','9695ab4f5bb395a5423438be0482020f','{}','0000-00-00 00:00:00',0,'','',0),(692,'DavidPhoseKR','DavidPhose','yus.ta.sb.ulk.in@gmail.com','$2y$10$1ehskTdknV/4il2ZlMt1XeS4izFmRwrTKartYVsaXc3FWc3Bj6JGG',1,0,'2021-03-27 03:12:48','0000-00-00 00:00:00','3c411bde3d32d18a69f44b92d057f869','{}','0000-00-00 00:00:00',0,'','',0),(693,'PedrogroryLO','Pedrogrory','b.figarovich@denis.enersets.com','$2y$10$2vw9QHQqsAM4/8T50PyYAurmhkeTtyQRrQZtnA1QIGRDu9/itXoji',1,0,'2021-03-27 04:41:00','0000-00-00 00:00:00','97bbcea8ec45e66edc5e9f3dfea085ad','{}','0000-00-00 00:00:00',0,'','',0),(694,'KRAHULEC12VC','SCHIAFFINO45','030417@thefmail.com','$2y$10$JqiByTioUuF5onnbTGvz7e64/2PpMdBtpz.ebuhuNxdVTVkJPNq5u',1,0,'2021-03-27 06:46:19','0000-00-00 00:00:00','8a21b635ddc8925b5e18ec891c39f8a9','{}','0000-00-00 00:00:00',0,'','',0),(695,'RobbievoismRW','Robbievoism','rita.kraft.00@mail.ru','$2y$10$BpUe1Xwxqj06rufAKm3BYuUWJH6S3.WRTBn2RBe/G9mZnq9bUJQi6',1,0,'2021-03-29 14:21:46','0000-00-00 00:00:00','0c2bc712fb979a1ce2cabed874428e0b','{}','0000-00-00 00:00:00',0,'','',0),(696,'KendralogAT','Kendralog','mila_nosova_2019@mail.ru','$2y$10$ja2R/KMK9jR85ZNLfiU9BOWdX3dRccd5Ncb43/arTpCVoMNHia8A2',1,0,'2021-03-30 09:56:40','0000-00-00 00:00:00','1d33bca6453c8a62114db7650aa246a0','{}','0000-00-00 00:00:00',0,'','',0),(697,'KaronepiltYA','Karonepilt','srthdfthd.dfhdfghdfh@mail.ru','$2y$10$R96GQAHwbD1z1gr6UbA3Euc.6SRNcgLXHAFzGszibhFYcbrMtfpbe',1,0,'2021-03-30 19:05:29','0000-00-00 00:00:00','d22f05ad4d682a883b7abb7127825507','{}','0000-00-00 00:00:00',0,'','',0),(698,'VincentplurnFQ','Vincentplurn','tjhbkjhkhg@mail.ru','$2y$10$KpWjJSE1FBXiriNNYGOZfeOkV54SvhX5bohqKiETFSTAF0MRIqcAC',1,0,'2021-03-31 10:57:17','0000-00-00 00:00:00','ec3824928f31861f3d16935660774b7a','{}','0000-00-00 00:00:00',0,'','',0),(699,'WillieMoupeGG','WillieMoupe','ola.perec.00@mail.ru','$2y$10$VIJ/RgAf.KLFx130uXUU4ubfVS4GHrSiKR/ZYO2dXMxu2PqkNbG.i',1,0,'2021-03-31 20:10:40','0000-00-00 00:00:00','53e0f035cbfd597d229726797bb56c7d','{}','0000-00-00 00:00:00',0,'','',0),(700,'AldenkaAC','Aldenka','btwxna@outlook.com','$2y$10$Bdnc1TqgwcHXhSZK2KEnu.UiOPIzlKpC310.9WCrLR0vV0iEh.7L6',1,0,'2021-03-31 20:14:48','0000-00-00 00:00:00','941a16debd2eedf812749103a8574c3e','{}','0000-00-00 00:00:00',0,'','',0),(701,'KeganeiZY','Keganei','ldzmna@outlook.com','$2y$10$davPJ.TJyT5SVPrioQB.y.YfMVhKjwq3.fay5jPSmXulmZQVpJMzC',1,0,'2021-03-31 20:56:16','0000-00-00 00:00:00','a8e0ec48677a1db8970e9b2a53edce1f','{}','0000-00-00 00:00:00',0,'','',0),(702,'JerodbibCU','Jerodbib','vsmlpa@outlook.com','$2y$10$hdaYirmGg9Y/ntuTHfVp3eMm10//x.20CnEz5TRgGiGiB9zl0eNUq',1,0,'2021-03-31 21:25:36','0000-00-00 00:00:00','569fa1292c9cae956890a61b7e20b213','{}','0000-00-00 00:00:00',0,'','',0),(703,'BobbymipGT','Bobbymip','lena.soeva.00fgt@mail.ru','$2y$10$NeggRL2ieCKra.9/xN4cRuAJfEtNPlA5V..jY4xZIAMslKuqhoii.',1,0,'2021-04-01 09:40:13','0000-00-00 00:00:00','3dcd1fa71eed21914226d5c8230ce730','{}','0000-00-00 00:00:00',0,'','',0),(704,'BrendaDuambMK','BrendaDuamb','smolovich2021@mail.ru','$2y$10$fTQbIdq9fWSXeBEt6CE9uezIX3oTooCRSa15jpOpwMp0Hm27zbS9u',1,0,'2021-04-01 20:28:33','0000-00-00 00:00:00','bdeb9e913273580087fa5db49d289c5b','{}','0000-00-00 00:00:00',0,'','',0),(705,'DoloresPopWK','DoloresPop','linda.mramor.98@mail.ru','$2y$10$N15CS.QZx4myxEVpo2NMEeiCCTTGbA6ihU008JMUF7UmLcKgHtVv6',1,0,'2021-04-02 06:44:39','0000-00-00 00:00:00','81b8030510ee744780b256fd268eb7af','{}','0000-00-00 00:00:00',0,'','',0),(706,'KevenBypeNT','KevenBype','lzmtfd@outlook.com','$2y$10$uZuZGrLj37Bj1d1lOvBfveqqK7OYnK9d/tP3maZzKAaEarCI7N42i',1,0,'2021-04-05 19:42:35','0000-00-00 00:00:00','be648dbe0733c9675be3fa6710c19a79','{}','0000-00-00 00:00:00',0,'','',0),(707,'DerikKewSS','DerikKew','kzmdfr@outlook.com','$2y$10$pla2jNRZT00jOfh/8OLn0.QN0cxyWQ/buH85I9jTYj9DP2kxoGSke',1,0,'2021-04-05 20:54:31','0000-00-00 00:00:00','a6601b2275b22cc904305cdcb4adf7f5','{}','0000-00-00 00:00:00',0,'','',0),(708,'DavinSewCC','DavinSew','hzmdfb@outlook.com','$2y$10$g/kEjpxPqUccpSlklxmSxOXi/ZPcVc8N0Ja5fXWRzLMo2CJj0Q2Ya',1,0,'2021-04-05 21:03:34','0000-00-00 00:00:00','b25f75237cf3db955b9853b02aa47295','{}','0000-00-00 00:00:00',0,'','',0),(709,'CalvinSesVW','CalvinSes','plorkin@mailsenti.com','$2y$10$nr/cJWMeUSJddxIImat1EuCW98aPhojCtkSRkzO4J6Ervqfr4tNO2',0,0,'2021-04-07 16:05:28','2021-04-07 16:07:46','','{}','0000-00-00 00:00:00',0,'','',0),(710,'STEPHENS67VC','WUBBEL21','597976@thefmail.com','$2y$10$/Jr0PUBSc3wBjtun4Hwa4.7tZ.sh3OCUtAHeMuJt6MYIuObDXY/5W',1,0,'2021-04-10 03:28:39','0000-00-00 00:00:00','af29201ebc2f9721a35805e8e7bcc58f','{}','0000-00-00 00:00:00',0,'','',0),(711,'EnriquegultyKH','Enriquegulty','v.dubova@makao.efastes.com','$2y$10$cH3YfC2Y9O3S7lhkXPTdGe9Cl9pAFSaZJmVUR4FWNuZI0lQz/kvJ.',1,0,'2021-04-14 17:11:22','0000-00-00 00:00:00','e9e4b7f583b9e08fd008f2ae85cb499d','{}','0000-00-00 00:00:00',0,'','',0),(712,'KLUGMAN04VC','CARRATURO16','478753@thefmail.com','$2y$10$Pz/d6F.fQdBHWs6w6sEy7OrZT6jrvd3z4BremcX40I6rtYl/cOoQ.',1,0,'2021-04-16 15:51:10','0000-00-00 00:00:00','747ebd1c4b93830255bd4e635ec26d2b','{}','0000-00-00 00:00:00',0,'','',0),(713,'JamescemBQ','Jamescem','brewo23@24mailpro.top','$2y$10$bk3f4K2bbz99w5yj2jtdnuwd7BM.5Jv4mooZfnIty79tjw9YXJEUa',1,0,'2021-04-18 17:40:32','0000-00-00 00:00:00','ba429ab4efc7c60b7ae802cf5f37dcf7','{}','0000-00-00 00:00:00',0,'','',0),(714,'BradleytycleUG','Bradleytycle','p.gromyko@max.enersets.com','$2y$10$/dBnfmSqy0nykob6mvx7Te8.Sjsra2tZsJmJUcNgohPqKF57shYta',1,0,'2021-04-19 09:11:02','0000-00-00 00:00:00','8c642a99c65c138df26d93f5f56fc717','{}','0000-00-00 00:00:00',0,'','',0),(715,'KevintafAM','Kevintaf','a.borisov@a.avalins.com','$2y$10$AK.UWdl6cdMf4CEg7X5rwe6nPgmujg1bZX2T2tu9nZBj5dzHWI0sS',1,0,'2021-04-19 23:28:57','0000-00-00 00:00:00','13ede3baa5e8631d7d992e4279a91177','{}','0000-00-00 00:00:00',0,'','',0),(716,'napilim.pro','napilim.pro','aleksandr4w0bo@mail.ru','$2y$10$J2.tocJ2gz.iYUTjqHkLzulIJix2kERynrmcGqOwWAUh4gCUxZs4q',1,0,'2021-04-20 10:34:49','0000-00-00 00:00:00','5a2f5c8064bf14ef7f5a4232ca6509a5','{}','0000-00-00 00:00:00',0,'','',0),(717,'CarlosInfomLO','CarlosInfom','k.svanin@den.efastes.com','$2y$10$iQA9Fx8dlMWeSRMSBjXujOX3QFsAv.dqUduQzhaiAOCeQkYh1.7CO',1,0,'2021-04-20 21:23:23','0000-00-00 00:00:00','d507c9be318c00c81e3785bc88cf0690','{}','0000-00-00 00:00:00',0,'','',0),(718,'JoshuaFautsJS','JoshuaFauts','uliseskodylgxa@gmail.com','$2y$10$xRG3XkhCbPvkczmVzDl5dewIYXjPI6hT7hA2SfF8q3.FCiNFXgj2m',1,0,'2021-04-21 14:14:26','0000-00-00 00:00:00','7fd612dfb32a223c9fa41f3b496f6920','{}','0000-00-00 00:00:00',0,'','',0),(719,'GeraldReliaPT','GeraldRelia','d.malkovich@info.avalins.com','$2y$10$u0BFsEViIrWSwTsKzt5oh.3ehtTORck0NA0u.6px9U2Xxo20VUi7q',1,0,'2021-04-22 10:17:36','0000-00-00 00:00:00','88a08fad504bf46a984f3210d61f4278','{}','0000-00-00 00:00:00',0,'','',0),(720,'ElmernawDI','Elmernaw','m.viktorovna@jodas.enersets.com','$2y$10$P1Us4xpyIOVt/cBPGh8wLeccJ4pXnM1tU4NW2BDmgwLU5P7WtBwf.',1,0,'2021-04-24 05:25:24','0000-00-00 00:00:00','fddba766a2115afe5fc4406ad7fa38b4','{}','0000-00-00 00:00:00',0,'','',0),(721,'MariapAkJT','MariapAk','marichkapadal@gmail.com','$2y$10$V0vH5POVDAvl6TdLDvwImu151/CgHpA8UGSDGoQsyTuizvukbr6c6',1,0,'2021-04-24 22:51:10','0000-00-00 00:00:00','ca174f803918e753d6005622c8291e1d','{}','0000-00-00 00:00:00',0,'','',0),(722,'MaryagizeHF','Maryagize','mariamzinch@gmail.com','$2y$10$9DIRzV/2SLZhdtDE8qZH9.n2lgJgDB0Bvg3beaWDJraJvKYc9cPw2',1,0,'2021-04-26 05:44:16','0000-00-00 00:00:00','12badb37263a58cd0c501350a3294ea6','{}','0000-00-00 00:00:00',0,'','',0),(723,'RobertVofZA','RobertVof','d.denisovich@den.efastes.com','$2y$10$x5TJWJGbOYbFpypCWYMzMObOwBLl9sKeDwGS9Xn3IVR20mLARaYFW',1,0,'2021-04-26 21:15:46','0000-00-00 00:00:00','8d653214d872a2d7b6818f02ce13f556','{}','0000-00-00 00:00:00',0,'','',0),(724,'IrenramEK','Irenram','irusyaminchuk@gmail.com','$2y$10$axMaRumdNK9Ch8BNzzLmUONkBIwIVC8cOQ3AI/lClnc6lFsxt3jom',1,0,'2021-04-27 07:08:59','0000-00-00 00:00:00','f73e4e99c553f51b25b4bd8a60df285a','{}','0000-00-00 00:00:00',0,'','',0),(725,'HaibeFX','Haibe','msccomru@ya.ru','$2y$10$iXqAMF8/DhkO6U6DAA0Tj.QBVJJAO9rsn7MMmbIMBZOvoqhG0VZIa',1,0,'2021-04-27 12:55:38','0000-00-00 00:00:00','8d2fd0fced2713916029e4ff6170b953','{}','0000-00-00 00:00:00',0,'','',0),(726,'RurdkamQV','Rurdkam','hriksa@yandex.ru','$2y$10$uIluPAPmBEF/gYViTP5tO.Wk3TFIiOqhfrb.LJ2M.d7fvy0ipXj2G',1,0,'2021-05-02 15:55:50','0000-00-00 00:00:00','7ecb7bdb9232c5f1d8466a42b29fadf3','{}','0000-00-00 00:00:00',0,'','',0),(727,'NezabudkaLaf','NezabudkaLaf','nezabudkaLaf@drstranst.xyz','$2y$10$BFcWkiOmlp02lz7wjTqBveGubCBSw7/lsHQNbWVWsc6797W9V/.cO',0,0,'2021-05-03 04:24:20','2021-05-03 04:26:16','','{}','0000-00-00 00:00:00',0,'','',0),(728,'Prom Electric rfb56EG','Prom Electric uvk85','378509@thefmail.com','$2y$10$QtzeZJLAg0CAqJmDb.aIyOF.OfrnkvQDPoo9lOWyAn3nfDNbg8j1e',1,0,'2021-05-08 21:56:51','0000-00-00 00:00:00','af22c2ccf99998d0c0710251e0d1c276','{}','0000-00-00 00:00:00',0,'','',0),(729,'CecilJaxWW','CecilJax','d.travolta@info.avalins.com','$2y$10$Ge.Zx0iD0v5AkhgEPiBgEuXahjdZUOqzlqgJh7W5owQSun1kpzHJK',1,0,'2021-05-09 00:32:23','0000-00-00 00:00:00','4b33a9d95101449cae75bc19c4c15dac','{}','0000-00-00 00:00:00',0,'','',0);

--
-- Table structure for table `jml_utf8_conversion`
--

CREATE TABLE `jml_utf8_conversion` (
  `converted` tinyint(4) NOT NULL DEFAULT '0'
) ENGINE=InnoDB DEFAULT CHARSET=utf8mb4 COLLATE=utf8mb4_unicode_ci;

--
-- Dumping data for table `jml_utf8_conversion`
--

INSERT INTO `jml_utf8_conversion` (`converted`) VALUES (2);

--
-- Table structure for table `jml_viewlevels`
--

CREATE TABLE `jml_viewlevels` (
  `id` int(10) unsigned NOT NULL AUTO_INCREMENT COMMENT 'Primary Key',
  `title` varchar(100) COLLATE utf8mb4_unicode_ci NOT NULL DEFAULT '',
  `ordering` int(11) NOT NULL DEFAULT '0',
  `rules` varchar(5120) COLLATE utf8mb4_unicode_ci NOT NULL COMMENT 'JSON encoded access control.',
  PRIMARY KEY (`id`),
  UNIQUE KEY `idx_assetgroup_title_lookup` (`title`)
) ENGINE=InnoDB AUTO_INCREMENT=4 DEFAULT CHARSET=utf8mb4 COLLATE=utf8mb4_unicode_ci;

--
-- Dumping data for table `jml_viewlevels`
--

INSERT INTO `jml_viewlevels` (`id`, `title`, `ordering`, `rules`) VALUES (1,'Public',0,'[1]'),(2,'Registered',1,'[6,2,8]'),(3,'Special',2,'[6,3,8]');

--
-- Table structure for table `jml_weblinks`
--

CREATE TABLE `jml_weblinks` (
  `id` int(10) unsigned NOT NULL AUTO_INCREMENT,
  `catid` int(11) NOT NULL DEFAULT '0',
  `title` varchar(250) COLLATE utf8mb4_unicode_ci NOT NULL DEFAULT '',
  `alias` varchar(400) CHARACTER SET utf8mb4 COLLATE utf8mb4_bin NOT NULL DEFAULT '',
  `url` varchar(250) COLLATE utf8mb4_unicode_ci NOT NULL DEFAULT '',
  `description` mediumtext COLLATE utf8mb4_unicode_ci NOT NULL,
  `hits` int(11) NOT NULL DEFAULT '0',
  `state` tinyint(1) NOT NULL DEFAULT '0',
  `checked_out` int(11) NOT NULL DEFAULT '0',
  `checked_out_time` datetime NOT NULL DEFAULT '0000-00-00 00:00:00',
  `ordering` int(11) NOT NULL DEFAULT '0',
  `access` int(11) NOT NULL DEFAULT '1',
  `params` mediumtext COLLATE utf8mb4_unicode_ci NOT NULL,
  `language` char(7) COLLATE utf8mb4_unicode_ci NOT NULL DEFAULT '',
  `created` datetime NOT NULL DEFAULT '0000-00-00 00:00:00',
  `created_by` int(10) unsigned NOT NULL DEFAULT '0',
  `created_by_alias` varchar(255) COLLATE utf8mb4_unicode_ci NOT NULL DEFAULT '',
  `modified` datetime NOT NULL DEFAULT '0000-00-00 00:00:00',
  `modified_by` int(10) unsigned NOT NULL DEFAULT '0',
  `metakey` mediumtext COLLATE utf8mb4_unicode_ci NOT NULL,
  `metadesc` mediumtext COLLATE utf8mb4_unicode_ci NOT NULL,
  `metadata` mediumtext COLLATE utf8mb4_unicode_ci NOT NULL,
  `featured` tinyint(3) unsigned NOT NULL DEFAULT '0' COMMENT 'Set if link is featured.',
  `xreference` varchar(50) COLLATE utf8mb4_unicode_ci NOT NULL COMMENT 'A reference to enable linkages to external data sets.',
  `publish_up` datetime NOT NULL DEFAULT '0000-00-00 00:00:00',
  `publish_down` datetime NOT NULL DEFAULT '0000-00-00 00:00:00',
  `version` int(10) unsigned NOT NULL DEFAULT '1',
  `images` text COLLATE utf8mb4_unicode_ci NOT NULL,
  PRIMARY KEY (`id`),
  KEY `idx_access` (`access`),
  KEY `idx_checkout` (`checked_out`),
  KEY `idx_state` (`state`),
  KEY `idx_catid` (`catid`),
  KEY `idx_createdby` (`created_by`),
  KEY `idx_featured_catid` (`featured`,`catid`),
  KEY `idx_language` (`language`),
  KEY `idx_xreference` (`xreference`)
) ENGINE=InnoDB DEFAULT CHARSET=utf8mb4 COLLATE=utf8mb4_unicode_ci;

--
-- Dumping data for table `jml_weblinks`
--


--
-- Dumping events for database 'englisho_jml5'
--

--
-- Dumping routines for database 'englisho_jml5'
--


