-- Table structure for table `joom_fields`
--

CREATE TABLE `joom_fields` (
  `id` int(10) UNSIGNED NOT NULL,
  `asset_id` int(10) UNSIGNED NOT NULL DEFAULT '0',
  `context` varchar(255) COLLATE utf8mb4_unicode_ci NOT NULL DEFAULT '',
  `group_id` int(10) UNSIGNED NOT NULL DEFAULT '0',
  `title` varchar(255) COLLATE utf8mb4_unicode_ci NOT NULL DEFAULT '',
  `name` varchar(255) COLLATE utf8mb4_unicode_ci NOT NULL DEFAULT '',
  `label` varchar(255) COLLATE utf8mb4_unicode_ci NOT NULL DEFAULT '',
  `default_value` text COLLATE utf8mb4_unicode_ci,
  `type` varchar(255) COLLATE utf8mb4_unicode_ci NOT NULL DEFAULT 'text',
  `note` varchar(255) COLLATE utf8mb4_unicode_ci NOT NULL DEFAULT '',
  `description` text COLLATE utf8mb4_unicode_ci NOT NULL,
  `state` tinyint(1) NOT NULL DEFAULT '0',
  `required` tinyint(1) NOT NULL DEFAULT '0',
  `checked_out` int(11) NOT NULL DEFAULT '0',
  `checked_out_time` datetime NOT NULL DEFAULT '0000-00-00 00:00:00',
  `ordering` int(11) NOT NULL DEFAULT '0',
  `params` text COLLATE utf8mb4_unicode_ci NOT NULL,
  `fieldparams` text COLLATE utf8mb4_unicode_ci NOT NULL,
  `language` char(7) COLLATE utf8mb4_unicode_ci NOT NULL DEFAULT '',
  `created_time` datetime NOT NULL DEFAULT '0000-00-00 00:00:00',
  `created_user_id` int(10) UNSIGNED NOT NULL DEFAULT '0',
  `modified_time` datetime NOT NULL DEFAULT '0000-00-00 00:00:00',
  `modified_by` int(10) UNSIGNED NOT NULL DEFAULT '0',
  `access` int(11) NOT NULL DEFAULT '1'
) ENGINE=InnoDB DEFAULT CHARSET=utf8mb4 COLLATE=utf8mb4_unicode_ci;

-- --------------------------------------------------------

--
-- Table structure for table `joom_fields_categories`
--

CREATE TABLE `joom_fields_categories` (
  `field_id` int(11) NOT NULL DEFAULT '0',
  `category_id` int(11) NOT NULL DEFAULT '0'
) ENGINE=InnoDB DEFAULT CHARSET=utf8mb4 COLLATE=utf8mb4_unicode_ci;

-- --------------------------------------------------------

--
-- Table structure for table `joom_fields_groups`
--

CREATE TABLE `joom_fields_groups` (
  `id` int(10) UNSIGNED NOT NULL,
  `asset_id` int(10) UNSIGNED NOT NULL DEFAULT '0',
  `context` varchar(255) COLLATE utf8mb4_unicode_ci NOT NULL DEFAULT '',
  `title` varchar(255) COLLATE utf8mb4_unicode_ci NOT NULL DEFAULT '',
  `note` varchar(255) COLLATE utf8mb4_unicode_ci NOT NULL DEFAULT '',
  `description` text COLLATE utf8mb4_unicode_ci NOT NULL,
  `state` tinyint(1) NOT NULL DEFAULT '0',
  `checked_out` int(11) NOT NULL DEFAULT '0',
  `checked_out_time` datetime NOT NULL DEFAULT '0000-00-00 00:00:00',
  `ordering` int(11) NOT NULL DEFAULT '0',
  `params` text COLLATE utf8mb4_unicode_ci NOT NULL,
  `language` char(7) COLLATE utf8mb4_unicode_ci NOT NULL DEFAULT '',
  `created` datetime NOT NULL DEFAULT '0000-00-00 00:00:00',
  `created_by` int(10) UNSIGNED NOT NULL DEFAULT '0',
  `modified` datetime NOT NULL DEFAULT '0000-00-00 00:00:00',
  `modified_by` int(10) UNSIGNED NOT NULL DEFAULT '0',
  `access` int(11) NOT NULL DEFAULT '1'
) ENGINE=InnoDB DEFAULT CHARSET=utf8mb4 COLLATE=utf8mb4_unicode_ci;

-- --------------------------------------------------------

--
-- Table structure for table `joom_fields_values`
--

CREATE TABLE `joom_fields_values` (
  `field_id` int(10) UNSIGNED NOT NULL,
  `item_id` varchar(255) COLLATE utf8mb4_unicode_ci NOT NULL COMMENT 'Allow references to items which have strings as ids, eg. none db systems.',
  `value` text COLLATE utf8mb4_unicode_ci
) ENGINE=InnoDB DEFAULT CHARSET=utf8mb4 COLLATE=utf8mb4_unicode_ci;

-- --------------------------------------------------------

--
-- Table structure for table `joom_finder_filters`
--

CREATE TABLE `joom_finder_filters` (
  `filter_id` int(10) UNSIGNED NOT NULL,
  `title` varchar(255) NOT NULL,
  `alias` varchar(255) NOT NULL,
  `state` tinyint(1) NOT NULL DEFAULT '1',
  `created` datetime NOT NULL DEFAULT '0000-00-00 00:00:00',
  `created_by` int(10) UNSIGNED NOT NULL,
  `created_by_alias` varchar(255) NOT NULL,
  `modified` datetime NOT NULL DEFAULT '0000-00-00 00:00:00',
  `modified_by` int(10) UNSIGNED NOT NULL DEFAULT '0',
  `checked_out` int(10) UNSIGNED NOT NULL DEFAULT '0',
  `checked_out_time` datetime NOT NULL DEFAULT '0000-00-00 00:00:00',
  `map_count` int(10) UNSIGNED NOT NULL DEFAULT '0',
  `data` mediumtext NOT NULL,
  `params` longtext
) ENGINE=InnoDB DEFAULT CHARSET=utf8mb4;

-- --------------------------------------------------------

--
-- Table structure for table `joom_finder_links`
--

CREATE TABLE `joom_finder_links` (
  `link_id` int(10) UNSIGNED NOT NULL,
  `url` varchar(255) NOT NULL,
  `route` varchar(255) NOT NULL,
  `title` varchar(400) DEFAULT NULL,
  `description` text,
  `indexdate` datetime NOT NULL DEFAULT '0000-00-00 00:00:00',
  `md5sum` varchar(32) DEFAULT NULL,
  `published` tinyint(1) NOT NULL DEFAULT '1',
  `state` int(5) DEFAULT '1',
  `access` int(5) DEFAULT '0',
  `language` varchar(8) NOT NULL,
  `publish_start_date` datetime NOT NULL DEFAULT '0000-00-00 00:00:00',
  `publish_end_date` datetime NOT NULL DEFAULT '0000-00-00 00:00:00',
  `start_date` datetime NOT NULL DEFAULT '0000-00-00 00:00:00',
  `end_date` datetime NOT NULL DEFAULT '0000-00-00 00:00:00',
  `list_price` double UNSIGNED NOT NULL DEFAULT '0',
  `sale_price` double UNSIGNED NOT NULL DEFAULT '0',
  `type_id` int(11) NOT NULL,
  `object` mediumblob NOT NULL
) ENGINE=InnoDB DEFAULT CHARSET=utf8mb4;

-- --------------------------------------------------------

--
-- Table structure for table `joom_finder_links_terms0`
--

CREATE TABLE `joom_finder_links_terms0` (
  `link_id` int(10) UNSIGNED NOT NULL,
  `term_id` int(10) UNSIGNED NOT NULL,
  `weight` float UNSIGNED NOT NULL
) ENGINE=InnoDB DEFAULT CHARSET=utf8mb4;

-- --------------------------------------------------------

--
-- Table structure for table `joom_finder_links_terms1`
--

CREATE TABLE `joom_finder_links_terms1` (
  `link_id` int(10) UNSIGNED NOT NULL,
  `term_id` int(10) UNSIGNED NOT NULL,
  `weight` float UNSIGNED NOT NULL
) ENGINE=InnoDB DEFAULT CHARSET=utf8mb4;

-- --------------------------------------------------------

--
-- Table structure for table `joom_finder_links_terms2`
--

CREATE TABLE `joom_finder_links_terms2` (
  `link_id` int(10) UNSIGNED NOT NULL,
  `term_id` int(10) UNSIGNED NOT NULL,
  `weight` float UNSIGNED NOT NULL
) ENGINE=InnoDB DEFAULT CHARSET=utf8mb4;

-- --------------------------------------------------------

--
-- Table structure for table `joom_finder_links_terms3`
--

CREATE TABLE `joom_finder_links_terms3` (
  `link_id` int(10) UNSIGNED NOT NULL,
  `term_id` int(10) UNSIGNED NOT NULL,
  `weight` float UNSIGNED NOT NULL
) ENGINE=InnoDB DEFAULT CHARSET=utf8mb4;

-- --------------------------------------------------------

--
-- Table structure for table `joom_finder_links_terms4`
--

CREATE TABLE `joom_finder_links_terms4` (
  `link_id` int(10) UNSIGNED NOT NULL,
  `term_id` int(10) UNSIGNED NOT NULL,
  `weight` float UNSIGNED NOT NULL
) ENGINE=InnoDB DEFAULT CHARSET=utf8mb4;

-- --------------------------------------------------------

--
-- Table structure for table `joom_finder_links_terms5`
--

CREATE TABLE `joom_finder_links_terms5` (
  `link_id` int(10) UNSIGNED NOT NULL,
  `term_id` int(10) UNSIGNED NOT NULL,
  `weight` float UNSIGNED NOT NULL
) ENGINE=InnoDB DEFAULT CHARSET=utf8mb4;

-- --------------------------------------------------------

--
-- Table structure for table `joom_finder_links_terms6`
--

CREATE TABLE `joom_finder_links_terms6` (
  `link_id` int(10) UNSIGNED NOT NULL,
  `term_id` int(10) UNSIGNED NOT NULL,
  `weight` float UNSIGNED NOT NULL
) ENGINE=InnoDB DEFAULT CHARSET=utf8mb4;

-- --------------------------------------------------------

--
-- Table structure for table `joom_finder_links_terms7`
--

CREATE TABLE `joom_finder_links_terms7` (
  `link_id` int(10) UNSIGNED NOT NULL,
  `term_id` int(10) UNSIGNED NOT NULL,
  `weight` float UNSIGNED NOT NULL
) ENGINE=InnoDB DEFAULT CHARSET=utf8mb4;

-- --------------------------------------------------------

--
-- Table structure for table `joom_finder_links_terms8`
--

CREATE TABLE `joom_finder_links_terms8` (
  `link_id` int(10) UNSIGNED NOT NULL,
  `term_id` int(10) UNSIGNED NOT NULL,
  `weight` float UNSIGNED NOT NULL
) ENGINE=InnoDB DEFAULT CHARSET=utf8mb4;

-- --------------------------------------------------------

--
-- Table structure for table `joom_finder_links_terms9`
--

CREATE TABLE `joom_finder_links_terms9` (
  `link_id` int(10) UNSIGNED NOT NULL,
  `term_id` int(10) UNSIGNED NOT NULL,
  `weight` float UNSIGNED NOT NULL
) ENGINE=InnoDB DEFAULT CHARSET=utf8mb4;

-- --------------------------------------------------------

--
-- Table structure for table `joom_finder_links_termsa`
--

CREATE TABLE `joom_finder_links_termsa` (
  `link_id` int(10) UNSIGNED NOT NULL,
  `term_id` int(10) UNSIGNED NOT NULL,
  `weight` float UNSIGNED NOT NULL
) ENGINE=InnoDB DEFAULT CHARSET=utf8mb4;

-- --------------------------------------------------------

--
-- Table structure for table `joom_finder_links_termsb`
--

CREATE TABLE `joom_finder_links_termsb` (
  `link_id` int(10) UNSIGNED NOT NULL,
  `term_id` int(10) UNSIGNED NOT NULL,
  `weight` float UNSIGNED NOT NULL
) ENGINE=InnoDB DEFAULT CHARSET=utf8mb4;

-- --------------------------------------------------------

--
-- Table structure for table `joom_finder_links_termsc`
--

CREATE TABLE `joom_finder_links_termsc` (
  `link_id` int(10) UNSIGNED NOT NULL,
  `term_id` int(10) UNSIGNED NOT NULL,
  `weight` float UNSIGNED NOT NULL
) ENGINE=InnoDB DEFAULT CHARSET=utf8mb4;

-- --------------------------------------------------------

--
-- Table structure for table `joom_finder_links_termsd`
--

CREATE TABLE `joom_finder_links_termsd` (
  `link_id` int(10) UNSIGNED NOT NULL,
  `term_id` int(10) UNSIGNED NOT NULL,
  `weight` float UNSIGNED NOT NULL
) ENGINE=InnoDB DEFAULT CHARSET=utf8mb4;

-- --------------------------------------------------------

--
-- Table structure for table `joom_finder_links_termse`
--

CREATE TABLE `joom_finder_links_termse` (
  `link_id` int(10) UNSIGNED NOT NULL,
  `term_id` int(10) UNSIGNED NOT NULL,
  `weight` float UNSIGNED NOT NULL
) ENGINE=InnoDB DEFAULT CHARSET=utf8mb4;

-- --------------------------------------------------------

--
-- Table structure for table `joom_finder_links_termsf`
--

CREATE TABLE `joom_finder_links_termsf` (
  `link_id` int(10) UNSIGNED NOT NULL,
  `term_id` int(10) UNSIGNED NOT NULL,
  `weight` float UNSIGNED NOT NULL
) ENGINE=InnoDB DEFAULT CHARSET=utf8mb4;

-- --------------------------------------------------------

--
-- Table structure for table `joom_finder_taxonomy`
--

CREATE TABLE `joom_finder_taxonomy` (
  `id` int(10) UNSIGNED NOT NULL,
  `parent_id` int(10) UNSIGNED NOT NULL DEFAULT '0',
  `title` varchar(255) NOT NULL,
  `state` tinyint(1) UNSIGNED NOT NULL DEFAULT '1',
  `access` tinyint(1) UNSIGNED NOT NULL DEFAULT '0',
  `ordering` tinyint(1) UNSIGNED NOT NULL DEFAULT '0'
) ENGINE=InnoDB DEFAULT CHARSET=utf8mb4;

--
-- Dumping data for table `joom_finder_taxonomy`
--

INSERT INTO `joom_finder_taxonomy` (`id`, `parent_id`, `title`, `state`, `access`, `ordering`) VALUES
(1, 0, 'ROOT', 0, 0, 0);

-- --------------------------------------------------------

--
-- Table structure for table `joom_finder_taxonomy_map`
--

CREATE TABLE `joom_finder_taxonomy_map` (
  `link_id` int(10) UNSIGNED NOT NULL,
  `node_id` int(10) UNSIGNED NOT NULL
) ENGINE=InnoDB DEFAULT CHARSET=utf8mb4;

-- --------------------------------------------------------

--
-- Table structure for table `joom_finder_terms`
--

CREATE TABLE `joom_finder_terms` (
  `term_id` int(10) UNSIGNED NOT NULL,
  `term` varchar(75) NOT NULL,
  `stem` varchar(75) NOT NULL,
  `common` tinyint(1) UNSIGNED NOT NULL DEFAULT '0',
  `phrase` tinyint(1) UNSIGNED NOT NULL DEFAULT '0',
  `weight` float UNSIGNED NOT NULL DEFAULT '0',
  `soundex` varchar(75) NOT NULL,
  `links` int(10) NOT NULL DEFAULT '0',
  `language` char(3) NOT NULL DEFAULT ''
) ENGINE=InnoDB DEFAULT CHARSET=utf8mb4;

-- --------------------------------------------------------

--
-- Table structure for table `joom_finder_terms_common`
--

CREATE TABLE `joom_finder_terms_common` (
  `term` varchar(75) NOT NULL,
  `language` varchar(3) NOT NULL
) ENGINE=InnoDB DEFAULT CHARSET=utf8mb4;

--
-- Dumping data for table `joom_finder_terms_common`
--

INSERT INTO `joom_finder_terms_common` (`term`, `language`) VALUES
('a', 'en'),
('about', 'en'),
('after', 'en'),
('ago', 'en'),
('all', 'en'),
('am', 'en'),
('an', 'en'),
('and', 'en'),
('ani', 'en'),
('any', 'en'),
('are', 'en'),
('aren\'t', 'en'),
('as', 'en'),
('at', 'en'),
('be', 'en'),
('but', 'en'),
('by', 'en'),
('for', 'en'),
('from', 'en'),
('get', 'en'),
('go', 'en'),
('how', 'en'),
('if', 'en'),
('in', 'en'),
('into', 'en'),
('is', 'en'),
('isn\'t', 'en'),
('it', 'en'),
('its', 'en'),
('me', 'en'),
('more', 'en'),
('most', 'en'),
('must', 'en'),
('my', 'en'),
('new', 'en'),
('no', 'en'),
('none', 'en'),
('not', 'en'),
('noth', 'en'),
('nothing', 'en'),
('of', 'en'),
('off', 'en'),
('often', 'en'),
('old', 'en'),
('on', 'en'),
('onc', 'en'),
('once', 'en'),
('onli', 'en'),
('only', 'en'),
('or', 'en'),
('other', 'en'),
('our', 'en'),
('ours', 'en'),
('out', 'en'),
('over', 'en'),
('page', 'en'),
('she', 'en'),
('should', 'en'),
('small', 'en'),
('so', 'en'),
('some', 'en'),
('than', 'en'),
('thank', 'en'),
('that', 'en'),
('the', 'en'),
('their', 'en'),
('theirs', 'en'),
('them', 'en'),
('then', 'en'),
('there', 'en'),
('these', 'en'),
('they', 'en'),
('this', 'en'),
('those', 'en'),
('thus', 'en'),
('time', 'en'),
('times', 'en'),
('to', 'en'),
('too', 'en'),
('true', 'en'),
('under', 'en'),
('until', 'en'),
('up', 'en'),
('upon', 'en'),
('use', 'en'),
('user', 'en'),
('users', 'en'),
('veri', 'en'),
('version', 'en'),
('very', 'en'),
('via', 'en'),
('want', 'en'),
('was', 'en'),
('way', 'en'),
('were', 'en'),
('what', 'en'),
('when', 'en'),
('where', 'en'),
('whi', 'en'),
('which', 'en'),
('who', 'en'),
('whom', 'en'),
('whose', 'en'),
('why', 'en'),
('wide', 'en'),
('will', 'en'),
('with', 'en'),
('within', 'en'),
('without', 'en'),
('would', 'en'),
('yes', 'en'),
('yet', 'en'),
('you', 'en'),
('your', 'en'),
('yours', 'en');

-- --------------------------------------------------------

--
-- Table structure for table `joom_finder_tokens`
--

CREATE TABLE `joom_finder_tokens` (
  `term` varchar(75) NOT NULL,
  `stem` varchar(75) NOT NULL,
  `common` tinyint(1) UNSIGNED NOT NULL DEFAULT '0',
  `phrase` tinyint(1) UNSIGNED NOT NULL DEFAULT '0',
  `weight` float UNSIGNED NOT NULL DEFAULT '1',
  `context` tinyint(1) UNSIGNED NOT NULL DEFAULT '2',
  `language` char(3) NOT NULL DEFAULT ''
) ENGINE=MEMORY DEFAULT CHARSET=utf8mb4;

-- --------------------------------------------------------

--
-- Table structure for table `joom_finder_tokens_aggregate`
--

CREATE TABLE `joom_finder_tokens_aggregate` (
  `term_id` int(10) UNSIGNED NOT NULL,
  `map_suffix` char(1) NOT NULL,
  `term` varchar(75) NOT NULL,
  `stem` varchar(75) NOT NULL,
  `common` tinyint(1) UNSIGNED NOT NULL DEFAULT '0',
  `phrase` tinyint(1) UNSIGNED NOT NULL DEFAULT '0',
  `term_weight` float UNSIGNED NOT NULL,
  `context` tinyint(1) UNSIGNED NOT NULL DEFAULT '2',
  `context_weight` float UNSIGNED NOT NULL,
  `total_weight` float UNSIGNED NOT NULL,
  `language` char(3) NOT NULL DEFAULT ''
) ENGINE=MEMORY DEFAULT CHARSET=utf8mb4;

-- --------------------------------------------------------

--
-- Table structure for table `joom_finder_types`
--

CREATE TABLE `joom_finder_types` (
  `id` int(10) UNSIGNED NOT NULL,
  `title` varchar(100) NOT NULL,
  `mime` varchar(100) NOT NULL
) ENGINE=InnoDB DEFAULT CHARSET=utf8mb4;

-- --------------------------------------------------------

--
-- Table structure for table `joom_languages`
--

CREATE TABLE `joom_languages` (
  `lang_id` int(11) UNSIGNED NOT NULL,
  `asset_id` int(10) UNSIGNED NOT NULL DEFAULT '0',
  `lang_code` char(7) CHARACTER SET utf8mb4 COLLATE utf8mb4_bin NOT NULL,
  `title` varchar(50) COLLATE utf8mb4_unicode_ci NOT NULL,
  `title_native` varchar(50) COLLATE utf8mb4_unicode_ci NOT NULL,
  `sef` varchar(50) COLLATE utf8mb4_unicode_ci NOT NULL,
  `image` varchar(50) COLLATE utf8mb4_unicode_ci NOT NULL,
  `description` varchar(512) COLLATE utf8mb4_unicode_ci NOT NULL,
  `metakey` mediumtext COLLATE utf8mb4_unicode_ci NOT NULL,
  `metadesc` mediumtext COLLATE utf8mb4_unicode_ci NOT NULL,
  `sitename` varchar(1024) COLLATE utf8mb4_unicode_ci NOT NULL DEFAULT '',
  `published` int(11) NOT NULL DEFAULT '0',
  `access` int(10) UNSIGNED NOT NULL DEFAULT '0',
  `ordering` int(11) NOT NULL DEFAULT '0'
) ENGINE=InnoDB DEFAULT CHARSET=utf8mb4 COLLATE=utf8mb4_unicode_ci;

--
-- Dumping data for table `joom_languages`
--

INSERT INTO `joom_languages` (`lang_id`, `asset_id`, `lang_code`, `title`, `title_native`, `sef`, `image`, `description`, `metakey`, `metadesc`, `sitename`, `published`, `access`, `ordering`) VALUES
(1, 0, 'en-GB', 'English (UK)', 'English (UK)', 'en', 'en', '', '', '', '', 1, 1, 1);

-- --------------------------------------------------------

--
-- Table structure for table `joom_menu`
--

CREATE TABLE `joom_menu` (
  `id` int(11) NOT NULL,
  `menutype` varchar(24) COLLATE utf8mb4_unicode_ci NOT NULL COMMENT 'The type of menu this item belongs to. FK to #__menu_types.menutype',
  `title` varchar(255) COLLATE utf8mb4_unicode_ci NOT NULL COMMENT 'The display title of the menu item.',
  `alias` varchar(400) CHARACTER SET utf8mb4 COLLATE utf8mb4_bin NOT NULL COMMENT 'The SEF alias of the menu item.',
  `note` varchar(255) COLLATE utf8mb4_unicode_ci NOT NULL DEFAULT '',
  `path` varchar(1024) COLLATE utf8mb4_unicode_ci NOT NULL COMMENT 'The computed path of the menu item based on the alias field.',
  `link` varchar(1024) COLLATE utf8mb4_unicode_ci NOT NULL COMMENT 'The actually link the menu item refers to.',
  `type` varchar(16) COLLATE utf8mb4_unicode_ci NOT NULL COMMENT 'The type of link: Component, URL, Alias, Separator',
  `published` tinyint(4) NOT NULL DEFAULT '0' COMMENT 'The published state of the menu link.',
  `parent_id` int(10) UNSIGNED NOT NULL DEFAULT '1' COMMENT 'The parent menu item in the menu tree.',
  `level` int(10) UNSIGNED NOT NULL DEFAULT '0' COMMENT 'The relative level in the tree.',
  `component_id` int(10) UNSIGNED NOT NULL DEFAULT '0' COMMENT 'FK to #__extensions.id',
  `checked_out` int(10) UNSIGNED NOT NULL DEFAULT '0' COMMENT 'FK to #__users.id',
  `checked_out_time` datetime NOT NULL DEFAULT '0000-00-00 00:00:00' COMMENT 'The time the menu item was checked out.',
  `browserNav` tinyint(4) NOT NULL DEFAULT '0' COMMENT 'The click behaviour of the link.',
  `access` int(10) UNSIGNED NOT NULL DEFAULT '0' COMMENT 'The access level required to view the menu item.',
  `img` varchar(255) COLLATE utf8mb4_unicode_ci NOT NULL COMMENT 'The image of the menu item.',
  `template_style_id` int(10) UNSIGNED NOT NULL DEFAULT '0',
  `params` mediumtext COLLATE utf8mb4_unicode_ci NOT NULL COMMENT 'JSON encoded data for the menu item.',
  `lft` int(11) NOT NULL DEFAULT '0' COMMENT 'Nested set lft.',
  `rgt` int(11) NOT NULL DEFAULT '0' COMMENT 'Nested set rgt.',
  `home` tinyint(3) UNSIGNED NOT NULL DEFAULT '0' COMMENT 'Indicates if this menu item is the home or default page.',
  `language` char(7) COLLATE utf8mb4_unicode_ci NOT NULL DEFAULT '',
  `client_id` tinyint(4) NOT NULL DEFAULT '0'
) ENGINE=InnoDB DEFAULT CHARSET=utf8mb4 COLLATE=utf8mb4_unicode_ci;

--
-- Dumping data for table `joom_menu`
--

INSERT INTO `joom_menu` (`id`, `menutype`, `title`, `alias`, `note`, `path`, `link`, `type`, `published`, `parent_id`, `level`, `component_id`, `checked_out`, `checked_out_time`, `browserNav`, `access`, `img`, `template_style_id`, `params`, `lft`, `rgt`, `home`, `language`, `client_id`) VALUES
(1, '', 'Menu_Item_Root', 'root', '', '', '', '', 1, 0, 0, 0, 0, '0000-00-00 00:00:00', 0, 0, '', 0, '', 0, 65, 0, '*', 0),
(2, 'main', 'com_banners', 'Banners', '', 'Banners', 'index.php?option=com_banners', 'component', 1, 1, 1, 4, 0, '0000-00-00 00:00:00', 0, 0, 'class:banners', 0, '', 1, 10, 0, '*', 1),
(3, 'main', 'com_banners', 'Banners', '', 'Banners/Banners', 'index.php?option=com_banners', 'component', 1, 2, 2, 4, 0, '0000-00-00 00:00:00', 0, 0, 'class:banners', 0, '', 2, 3, 0, '*', 1),
(4, 'main', 'com_banners_categories', 'Categories', '', 'Banners/Categories', 'index.php?option=com_categories&extension=com_banners', 'component', 1, 2, 2, 6, 0, '0000-00-00 00:00:00', 0, 0, 'class:banners-cat', 0, '', 4, 5, 0, '*', 1),
(5, 'main', 'com_banners_clients', 'Clients', '', 'Banners/Clients', 'index.php?option=com_banners&view=clients', 'component', 1, 2, 2, 4, 0, '0000-00-00 00:00:00', 0, 0, 'class:banners-clients', 0, '', 6, 7, 0, '*', 1),
(6, 'main', 'com_banners_tracks', 'Tracks', '', 'Banners/Tracks', 'index.php?option=com_banners&view=tracks', 'component', 1, 2, 2, 4, 0, '0000-00-00 00:00:00', 0, 0, 'class:banners-tracks', 0, '', 8, 9, 0, '*', 1),
(7, 'main', 'com_contact', 'Contacts', '', 'Contacts', 'index.php?option=com_contact', 'component', 1, 1, 1, 8, 0, '0000-00-00 00:00:00', 0, 0, 'class:contact', 0, '', 11, 16, 0, '*', 1),
(8, 'main', 'com_contact_contacts', 'Contacts', '', 'Contacts/Contacts', 'index.php?option=com_contact', 'component', 1, 7, 2, 8, 0, '0000-00-00 00:00:00', 0, 0, 'class:contact', 0, '', 12, 13, 0, '*', 1),
(9, 'main', 'com_contact_categories', 'Categories', '', 'Contacts/Categories', 'index.php?option=com_categories&extension=com_contact', 'component', 1, 7, 2, 6, 0, '0000-00-00 00:00:00', 0, 0, 'class:contact-cat', 0, '', 14, 15, 0, '*', 1),
(10, 'main', 'com_messages', 'Messaging', '', 'Messaging', 'index.php?option=com_messages', 'component', 1, 1, 1, 15, 0, '0000-00-00 00:00:00', 0, 0, 'class:messages', 0, '', 17, 20, 0, '*', 1),
(11, 'main', 'com_messages_add', 'New Private Message', '', 'Messaging/New Private Message', 'index.php?option=com_messages&task=message.add', 'component', 1, 10, 2, 15, 0, '0000-00-00 00:00:00', 0, 0, 'class:messages-add', 0, '', 18, 19, 0, '*', 1),
(13, 'main', 'com_newsfeeds', 'News Feeds', '', 'News Feeds', 'index.php?option=com_newsfeeds', 'component', 1, 1, 1, 17, 0, '0000-00-00 00:00:00', 0, 0, 'class:newsfeeds', 0, '', 21, 26, 0, '*', 1),
(14, 'main', 'com_newsfeeds_feeds', 'Feeds', '', 'News Feeds/Feeds', 'index.php?option=com_newsfeeds', 'component', 1, 13, 2, 17, 0, '0000-00-00 00:00:00', 0, 0, 'class:newsfeeds', 0, '', 22, 23, 0, '*', 1),
(15, 'main', 'com_newsfeeds_categories', 'Categories', '', 'News Feeds/Categories', 'index.php?option=com_categories&extension=com_newsfeeds', 'component', 1, 13, 2, 6, 0, '0000-00-00 00:00:00', 0, 0, 'class:newsfeeds-cat', 0, '', 24, 25, 0, '*', 1),
(16, 'main', 'com_redirect', 'Redirect', '', 'Redirect', 'index.php?option=com_redirect', 'component', 1, 1, 1, 24, 0, '0000-00-00 00:00:00', 0, 0, 'class:redirect', 0, '', 27, 28, 0, '*', 1),
(17, 'main', 'com_search', 'Basic Search', '', 'Basic Search', 'index.php?option=com_search', 'component', 1, 1, 1, 19, 0, '0000-00-00 00:00:00', 0, 0, 'class:search', 0, '', 29, 30, 0, '*', 1),
(21, 'main', 'com_finder', 'Smart Search', '', 'Smart Search', 'index.php?option=com_finder', 'component', 1, 1, 1, 27, 0, '0000-00-00 00:00:00', 0, 0, 'class:finder', 0, '', 31, 32, 0, '*', 1),
(22, 'main', 'com_joomlaupdate', 'Joomla! Update', '', 'Joomla! Update', 'index.php?option=com_joomlaupdate', 'component', 1, 1, 1, 28, 0, '0000-00-00 00:00:00', 0, 0, 'class:joomlaupdate', 0, '', 33, 34, 0, '*', 1),
(23, 'main', 'com_tags', 'Tags', '', 'Tags', 'index.php?option=com_tags', 'component', 1, 1, 1, 29, 0, '0000-00-00 00:00:00', 0, 1, 'class:tags', 0, '', 35, 36, 0, '', 1),
(24, 'main', 'com_postinstall', 'Post-installation messages', '', 'Post-installation messages', 'index.php?option=com_postinstall', 'component', 1, 1, 1, 32, 0, '0000-00-00 00:00:00', 0, 1, 'class:postinstall', 0, '', 37, 38, 0, '*', 1),
(101, 'mainmenu', 'Home', 'home', '', 'home', 'index.php?option=com_content&view=featured', 'component', 1, 1, 1, 22, 0, '0000-00-00 00:00:00', 0, 1, '', 0, '{\"featured_categories\":[\"\"],\"layout_type\":\"blog\",\"num_leading_articles\":\"1\",\"num_intro_articles\":\"3\",\"num_columns\":\"3\",\"num_links\":\"0\",\"multi_column_order\":\"1\",\"orderby_pri\":\"\",\"orderby_sec\":\"front\",\"order_date\":\"\",\"show_pagination\":\"2\",\"show_pagination_results\":\"1\",\"show_title\":\"\",\"link_titles\":\"\",\"show_intro\":\"\",\"info_block_position\":\"\",\"show_category\":\"\",\"link_category\":\"\",\"show_parent_category\":\"\",\"link_parent_category\":\"\",\"show_author\":\"\",\"link_author\":\"\",\"show_create_date\":\"\",\"show_modify_date\":\"\",\"show_publish_date\":\"\",\"show_item_navigation\":\"\",\"show_vote\":\"\",\"show_readmore\":\"\",\"show_readmore_title\":\"\",\"show_icons\":\"\",\"show_print_icon\":\"\",\"show_email_icon\":\"\",\"show_hits\":\"\",\"show_tags\":\"\",\"show_noauth\":\"\",\"show_feed_link\":\"1\",\"feed_summary\":\"\",\"menu-anchor_title\":\"\",\"menu-anchor_css\":\"\",\"menu_image\":\"\",\"menu_text\":1,\"page_title\":\"\",\"show_page_heading\":0,\"page_heading\":\"\",\"pageclass_sfx\":\"\",\"menu-meta_description\":\"\",\"menu-meta_keywords\":\"\",\"robots\":\"\",\"secure\":0}', 39, 40, 1, '*', 0),
(105, 'mainmenu', 'Services', 'services', '', 'services', 'index.php?option=com_content&view=article&id=2', 'component', 1, 1, 1, 22, 0, '0000-00-00 00:00:00', 0, 1, '', 0, '{\"show_title\":\"\",\"link_titles\":\"\",\"show_intro\":\"\",\"info_block_position\":\"\",\"show_category\":\"\",\"link_category\":\"\",\"show_parent_category\":\"\",\"link_parent_category\":\"\",\"show_author\":\"\",\"link_author\":\"\",\"show_create_date\":\"\",\"show_modify_date\":\"\",\"show_publish_date\":\"\",\"show_item_navigation\":\"\",\"show_vote\":\"\",\"show_icons\":\"\",\"show_print_icon\":\"\",\"show_email_icon\":\"\",\"show_hits\":\"\",\"show_tags\":\"\",\"show_noauth\":\"\",\"urls_position\":\"\",\"menu-anchor_title\":\"\",\"menu-anchor_css\":\"\",\"menu_image\":\"\",\"menu_text\":1,\"page_title\":\"\",\"show_page_heading\":0,\"page_heading\":\"\",\"pageclass_sfx\":\"\",\"menu-meta_description\":\"\",\"menu-meta_keywords\":\"\",\"robots\":\"\",\"secure\":0}', 41, 42, 0, '*', 0),
(106, 'mainmenu', 'Schedule', 'schedule', '', 'schedule', 'index.php?option=com_content&view=article&id=3', 'component', 1, 1, 1, 22, 0, '0000-00-00 00:00:00', 0, 1, '', 0, '{\"show_title\":\"\",\"link_titles\":\"\",\"show_intro\":\"\",\"info_block_position\":\"\",\"show_category\":\"\",\"link_category\":\"\",\"show_parent_category\":\"\",\"link_parent_category\":\"\",\"show_author\":\"\",\"link_author\":\"\",\"show_create_date\":\"\",\"show_modify_date\":\"\",\"show_publish_date\":\"\",\"show_item_navigation\":\"\",\"show_vote\":\"\",\"show_icons\":\"\",\"show_print_icon\":\"\",\"show_email_icon\":\"\",\"show_hits\":\"\",\"show_tags\":\"\",\"show_noauth\":\"\",\"urls_position\":\"\",\"menu-anchor_title\":\"\",\"menu-anchor_css\":\"\",\"menu_image\":\"\",\"menu_text\":1,\"page_title\":\"\",\"show_page_heading\":0,\"page_heading\":\"\",\"pageclass_sfx\":\"\",\"menu-meta_description\":\"\",\"menu-meta_keywords\":\"\",\"robots\":\"\",\"secure\":0}', 43, 44, 0, '*', 0),
(107, 'mainmenu', 'About', 'about', '', 'about', 'index.php?option=com_content&view=article&id=4', 'component', 1, 1, 1, 22, 0, '0000-00-00 00:00:00', 0, 1, '', 0, '{\"show_title\":\"\",\"link_titles\":\"\",\"show_intro\":\"\",\"info_block_position\":\"\",\"show_category\":\"\",\"link_category\":\"\",\"show_parent_category\":\"\",\"link_parent_category\":\"\",\"show_author\":\"\",\"link_author\":\"\",\"show_create_date\":\"\",\"show_modify_date\":\"\",\"show_publish_date\":\"\",\"show_item_navigation\":\"\",\"show_vote\":\"\",\"show_icons\":\"\",\"show_print_icon\":\"\",\"show_email_icon\":\"\",\"show_hits\":\"\",\"show_tags\":\"\",\"show_noauth\":\"\",\"urls_position\":\"\",\"menu-anchor_title\":\"\",\"menu-anchor_css\":\"\",\"menu_image\":\"\",\"menu_text\":1,\"page_title\":\"\",\"show_page_heading\":0,\"page_heading\":\"\",\"pageclass_sfx\":\"\",\"menu-meta_description\":\"\",\"menu-meta_keywords\":\"\",\"robots\":\"\",\"secure\":0}', 45, 46, 0, '*', 0),
(108, 'mainmenu', 'Testimonials', 'testimonials', '', 'testimonials', 'index.php?option=com_content&view=article&id=5', 'component', 1, 1, 1, 22, 0, '0000-00-00 00:00:00', 0, 1, '', 0, '{\"show_title\":\"\",\"link_titles\":\"\",\"show_intro\":\"\",\"info_block_position\":\"\",\"show_category\":\"\",\"link_category\":\"\",\"show_parent_category\":\"\",\"link_parent_category\":\"\",\"show_author\":\"\",\"link_author\":\"\",\"show_create_date\":\"\",\"show_modify_date\":\"\",\"show_publish_date\":\"\",\"show_item_navigation\":\"\",\"show_vote\":\"\",\"show_icons\":\"\",\"show_print_icon\":\"\",\"show_email_icon\":\"\",\"show_hits\":\"\",\"show_tags\":\"\",\"show_noauth\":\"\",\"urls_position\":\"\",\"menu-anchor_title\":\"\",\"menu-anchor_css\":\"\",\"menu_image\":\"\",\"menu_text\":1,\"page_title\":\"\",\"show_page_heading\":0,\"page_heading\":\"\",\"pageclass_sfx\":\"\",\"menu-meta_description\":\"\",\"menu-meta_keywords\":\"\",\"robots\":\"\",\"secure\":0}', 47, 48, 0, '*', 0),
(109, 'mainmenu', 'Contact Us', 'contact-us', '', 'contact-us', 'index.php?option=com_contact&view=contact&id=1', 'component', 1, 1, 1, 8, 0, '0000-00-00 00:00:00', 0, 1, ' ', 0, '{\"presentation_style\":\"\",\"show_contact_category\":\"\",\"show_contact_list\":\"\",\"show_tags\":\"\",\"show_info\":\"\",\"show_name\":\"\",\"show_position\":\"\",\"show_email\":\"\",\"add_mailto_link\":\"\",\"show_street_address\":\"\",\"show_suburb\":\"\",\"show_state\":\"\",\"show_postcode\":\"\",\"show_country\":\"\",\"show_telephone\":\"\",\"show_mobile\":\"\",\"show_fax\":\"\",\"show_webpage\":\"\",\"show_image\":\"\",\"allow_vcard\":\"\",\"show_misc\":\"\",\"show_articles\":\"\",\"articles_display_num\":\"\",\"show_links\":\"\",\"linka_name\":\"\",\"linkb_name\":\"\",\"linkc_name\":\"\",\"linkd_name\":\"\",\"linke_name\":\"\",\"show_email_form\":\"\",\"show_email_copy\":\"\",\"banned_email\":\"\",\"banned_subject\":\"\",\"banned_text\":\"\",\"validate_session\":\"\",\"custom_reply\":\"\",\"redirect\":\"\",\"menu-anchor_title\":\"\",\"menu-anchor_css\":\"\",\"menu_image\":\"\",\"menu_image_css\":\"\",\"menu_text\":1,\"menu_show\":1,\"page_title\":\"\",\"show_page_heading\":\"0\",\"page_heading\":\"\",\"pageclass_sfx\":\"\",\"menu-meta_description\":\"\",\"menu-meta_keywords\":\"\",\"robots\":\"\",\"secure\":0}', 49, 50, 0, '*', 0),
(110, 'mainmenu', 'Links', 'links', '', 'links', 'index.php?option=com_content&view=article&id=6', 'component', 1, 1, 1, 22, 0, '0000-00-00 00:00:00', 0, 1, '', 0, '{\"show_title\":\"\",\"link_titles\":\"\",\"show_intro\":\"\",\"info_block_position\":\"\",\"show_category\":\"\",\"link_category\":\"\",\"show_parent_category\":\"\",\"link_parent_category\":\"\",\"show_author\":\"\",\"link_author\":\"\",\"show_create_date\":\"\",\"show_modify_date\":\"\",\"show_publish_date\":\"\",\"show_item_navigation\":\"\",\"show_vote\":\"\",\"show_icons\":\"\",\"show_print_icon\":\"\",\"show_email_icon\":\"\",\"show_hits\":\"\",\"show_tags\":\"\",\"show_noauth\":\"\",\"urls_position\":\"\",\"menu-anchor_title\":\"\",\"menu-anchor_css\":\"\",\"menu_image\":\"\",\"menu_text\":1,\"page_title\":\"\",\"show_page_heading\":0,\"page_heading\":\"\",\"pageclass_sfx\":\"\",\"menu-meta_description\":\"\",\"menu-meta_keywords\":\"\",\"robots\":\"\",\"secure\":0}', 51, 52, 0, '*', 0),
(112, 'main', 'com_associations', 'multilingual-associations', '', 'multilingual-associations', 'index.php?option=com_associations', 'component', 1, 1, 1, 34, 0, '0000-00-00 00:00:00', 0, 1, 'class:associations', 0, '{}', 53, 54, 0, '*', 1),
(113, 'main', 'RokGallery', 'rokgallery', '', 'rokgallery', 'index.php?option=com_rokgallery', 'component', 1, 1, 1, 10010, 0, '0000-00-00 00:00:00', 0, 1, 'components/com_rokgallery/assets/images/rokgallery_16x16.png', 0, '{}', 55, 56, 0, '', 1),
(114, 'main', 'com_weblinks', 'com-weblinks', '', 'com-weblinks', 'index.php?option=com_weblinks', 'component', 1, 1, 1, 21, 0, '0000-00-00 00:00:00', 0, 1, 'class:weblinks', 0, '{}', 57, 62, 0, '', 1),
(115, 'main', 'com_weblinks_links', 'com-weblinks-links', '', 'com-weblinks/com-weblinks-links', 'index.php?option=com_weblinks', 'component', 1, 114, 2, 21, 0, '0000-00-00 00:00:00', 0, 1, 'class:weblinks', 0, '{}', 58, 59, 0, '', 1),
(116, 'main', 'com_weblinks_categories', 'com-weblinks-categories', '', 'com-weblinks/com-weblinks-categories', 'index.php?option=com_categories&extension=com_weblinks', 'component', 1, 114, 2, 21, 0, '0000-00-00 00:00:00', 0, 1, 'class:weblinks-cat', 0, '{}', 60, 61, 0, '', 1),
(120, 'main', 'COM_AKEEBA', 'com-akeeba', '', 'com-akeeba', 'index.php?option=com_akeeba', 'component', 1, 1, 1, 10018, 0, '0000-00-00 00:00:00', 0, 1, 'class:component', 0, '{}', 63, 64, 0, '', 1);

-- --------------------------------------------------------

--
-- Table structure for table `joom_menu_types`
--

CREATE TABLE `joom_menu_types` (
  `id` int(10) UNSIGNED NOT NULL,
  `asset_id` int(10) UNSIGNED NOT NULL DEFAULT '0',
  `menutype` varchar(24) COLLATE utf8mb4_unicode_ci NOT NULL,
  `title` varchar(48) COLLATE utf8mb4_unicode_ci NOT NULL,
  `description` varchar(255) COLLATE utf8mb4_unicode_ci NOT NULL DEFAULT '',
  `client_id` int(11) NOT NULL DEFAULT '0'
) ENGINE=InnoDB DEFAULT CHARSET=utf8mb4 COLLATE=utf8mb4_unicode_ci;

--
-- Dumping data for table `joom_menu_types`
--

INSERT INTO `joom_menu_types` (`id`, `asset_id`, `menutype`, `title`, `description`, `client_id`) VALUES
(1, 0, 'mainmenu', 'Main Menu', 'The main menu for the site', 0);

-- --------------------------------------------------------

--
-- Table structure for table `joom_messages`
--

CREATE TABLE `joom_messages` (
  `message_id` int(10) UNSIGNED NOT NULL,
  `user_id_from` int(10) UNSIGNED NOT NULL DEFAULT '0',
  `user_id_to` int(10) UNSIGNED NOT NULL DEFAULT '0',
  `folder_id` tinyint(3) UNSIGNED NOT NULL DEFAULT '0',
  `date_time` datetime NOT NULL DEFAULT '0000-00-00 00:00:00',
  `state` tinyint(1) NOT NULL DEFAULT '0',
  `priority` tinyint(1) UNSIGNED NOT NULL DEFAULT '0',
  `subject` varchar(255) COLLATE utf8mb4_unicode_ci NOT NULL DEFAULT '',
  `message` mediumtext COLLATE utf8mb4_unicode_ci NOT NULL
) ENGINE=InnoDB DEFAULT CHARSET=utf8mb4 COLLATE=utf8mb4_unicode_ci;

-- --------------------------------------------------------

--
-- Table structure for table `joom_messages_cfg`
--

CREATE TABLE `joom_messages_cfg` (
  `user_id` int(10) UNSIGNED NOT NULL DEFAULT '0',
  `cfg_name` varchar(100) COLLATE utf8mb4_unicode_ci NOT NULL DEFAULT '',
  `cfg_value` varchar(255) COLLATE utf8mb4_unicode_ci NOT NULL DEFAULT ''
) ENGINE=InnoDB DEFAULT CHARSET=utf8mb4 COLLATE=utf8mb4_unicode_ci;

-- --------------------------------------------------------

--
-- Table structure for table `joom_modules`
--

CREATE TABLE `joom_modules` (
  `id` int(11) NOT NULL,
  `asset_id` int(10) UNSIGNED NOT NULL DEFAULT '0' COMMENT 'FK to the #__assets table.',
  `title` varchar(100) COLLATE utf8mb4_unicode_ci NOT NULL DEFAULT '',
  `note` varchar(255) COLLATE utf8mb4_unicode_ci NOT NULL DEFAULT '',
  `content` text COLLATE utf8mb4_unicode_ci,
  `ordering` int(11) NOT NULL DEFAULT '0',
  `position` varchar(50) COLLATE utf8mb4_unicode_ci NOT NULL DEFAULT '',
  `checked_out` int(10) UNSIGNED NOT NULL DEFAULT '0',
  `checked_out_time` datetime NOT NULL DEFAULT '0000-00-00 00:00:00',
  `publish_up` datetime NOT NULL DEFAULT '0000-00-00 00:00:00',
  `publish_down` datetime NOT NULL DEFAULT '0000-00-00 00:00:00',
  `published` tinyint(1) NOT NULL DEFAULT '0',
  `module` varchar(50) COLLATE utf8mb4_unicode_ci DEFAULT NULL,
  `access` int(10) UNSIGNED NOT NULL DEFAULT '0',
  `showtitle` tinyint(3) UNSIGNED NOT NULL DEFAULT '1',
  `params` mediumtext COLLATE utf8mb4_unicode_ci NOT NULL,
  `client_id` tinyint(4) NOT NULL DEFAULT '0',
  `language` char(7) COLLATE utf8mb4_unicode_ci NOT NULL
) ENGINE=InnoDB DEFAULT CHARSET=utf8mb4 COLLATE=utf8mb4_unicode_ci;

--
-- Dumping data for table `joom_modules`
--

INSERT INTO `joom_modules` (`id`, `asset_id`, `title`, `note`, `content`, `ordering`, `position`, `checked_out`, `checked_out_time`, `publish_up`, `publish_down`, `published`, `module`, `access`, `showtitle`, `params`, `client_id`, `language`) VALUES
(1, 39, 'Main Menu', '', '', 1, 'header-a', 0, '0000-00-00 00:00:00', '0000-00-00 00:00:00', '0000-00-00 00:00:00', 1, 'mod_menu', 1, 0, '{\"menutype\":\"mainmenu\",\"base\":\"\",\"startLevel\":\"1\",\"endLevel\":\"0\",\"showAllChildren\":\"0\",\"tag_id\":\"\",\"class_sfx\":\"\",\"window_open\":\"\",\"layout\":\"_:default\",\"moduleclass_sfx\":\"_menu\",\"cache\":\"1\",\"cache_time\":\"900\",\"cachemode\":\"itemid\",\"module_tag\":\"div\",\"bootstrap_size\":\"0\",\"header_tag\":\"h3\",\"header_class\":\"\",\"style\":\"0\"}', 0, '*'),
(2, 56, 'Login', '', '', 1, 'login', 0, '0000-00-00 00:00:00', '0000-00-00 00:00:00', '0000-00-00 00:00:00', 1, 'mod_login', 1, 1, '', 1, '*'),
(3, 57, 'Popular Articles', '', '', 3, 'cpanel', 0, '0000-00-00 00:00:00', '0000-00-00 00:00:00', '0000-00-00 00:00:00', 1, 'mod_popular', 3, 1, '{\"count\":\"5\",\"catid\":\"\",\"user_id\":\"0\",\"layout\":\"_:default\",\"moduleclass_sfx\":\"\",\"cache\":\"0\",\"automatic_title\":\"1\"}', 1, '*'),
(4, 58, 'Recently Added Articles', '', '', 4, 'cpanel', 0, '0000-00-00 00:00:00', '0000-00-00 00:00:00', '0000-00-00 00:00:00', 1, 'mod_latest', 3, 1, '{\"count\":\"5\",\"ordering\":\"c_dsc\",\"catid\":\"\",\"user_id\":\"0\",\"layout\":\"_:default\",\"moduleclass_sfx\":\"\",\"cache\":\"0\",\"automatic_title\":\"1\"}', 1, '*'),
(8, 59, 'Toolbar', '', '', 1, 'toolbar', 0, '0000-00-00 00:00:00', '0000-00-00 00:00:00', '0000-00-00 00:00:00', 1, 'mod_toolbar', 3, 1, '', 1, '*'),
(9, 60, 'Quick Icons', '', '', 1, 'icon', 0, '0000-00-00 00:00:00', '0000-00-00 00:00:00', '0000-00-00 00:00:00', 1, 'mod_quickicon', 3, 1, '', 1, '*'),
(10, 61, 'Logged-in Users', '', '', 2, 'cpanel', 0, '0000-00-00 00:00:00', '0000-00-00 00:00:00', '0000-00-00 00:00:00', 1, 'mod_logged', 3, 1, '{\"count\":\"5\",\"name\":\"1\",\"layout\":\"_:default\",\"moduleclass_sfx\":\"\",\"cache\":\"0\",\"automatic_title\":\"1\"}', 1, '*'),
(12, 62, 'Admin Menu', '', '', 1, 'menu', 0, '0000-00-00 00:00:00', '0000-00-00 00:00:00', '0000-00-00 00:00:00', 1, 'mod_menu', 3, 1, '{\"layout\":\"\",\"moduleclass_sfx\":\"\",\"shownew\":\"1\",\"showhelp\":\"1\",\"cache\":\"0\"}', 1, '*'),
(13, 63, 'Admin Submenu', '', '', 1, 'submenu', 0, '0000-00-00 00:00:00', '0000-00-00 00:00:00', '0000-00-00 00:00:00', 1, 'mod_submenu', 3, 1, '', 1, '*'),
(14, 64, 'User Status', '', '', 2, 'status', 0, '0000-00-00 00:00:00', '0000-00-00 00:00:00', '0000-00-00 00:00:00', 1, 'mod_status', 3, 1, '', 1, '*'),
(15, 65, 'Title', '', '', 1, 'title', 0, '0000-00-00 00:00:00', '0000-00-00 00:00:00', '0000-00-00 00:00:00', 1, 'mod_title', 3, 1, '', 1, '*'),
(16, 66, 'Login Form', '', '', 7, 'position-7', 0, '0000-00-00 00:00:00', '0000-00-00 00:00:00', '0000-00-00 00:00:00', 1, 'mod_login', 1, 1, '{\"greeting\":\"1\",\"name\":\"0\"}', 0, '*'),
(17, 67, 'Breadcrumbs', '', '', 1, 'position-2', 0, '0000-00-00 00:00:00', '0000-00-00 00:00:00', '0000-00-00 00:00:00', 1, 'mod_breadcrumbs', 1, 1, '{\"moduleclass_sfx\":\"\",\"showHome\":\"1\",\"homeText\":\"\",\"showComponent\":\"1\",\"separator\":\"\",\"cache\":\"1\",\"cache_time\":\"900\",\"cachemode\":\"itemid\"}', 0, '*'),
(79, 68, 'Multilanguage status', '', '', 1, 'status', 0, '0000-00-00 00:00:00', '0000-00-00 00:00:00', '0000-00-00 00:00:00', 0, 'mod_multilangstatus', 3, 1, '{\"layout\":\"_:default\",\"moduleclass_sfx\":\"\",\"cache\":\"0\"}', 1, '*'),
(86, 69, 'Joomla Version', '', '', 1, 'footer', 0, '0000-00-00 00:00:00', '0000-00-00 00:00:00', '0000-00-00 00:00:00', 1, 'mod_version', 3, 1, '{\"format\":\"short\",\"product\":\"1\",\"layout\":\"_:default\",\"moduleclass_sfx\":\"\",\"cache\":\"0\"}', 1, '*'),
(89, 58, 'Showcase', '', '', 1, 'showcase-a', 0, '0000-00-00 00:00:00', '0000-00-00 00:00:00', '0000-00-00 00:00:00', 1, 'mod_rokgallery', 1, 0, '{\"gallery_id\":\"1\",\"link\":\"none\",\"default_menuitem\":\"101\",\"title\":\"1\",\"caption\":\"1\",\"sort_by\":\"gallery_ordering\",\"sort_direction\":\"ASC\",\"limit_count\":\"10\",\"css_style\":\"light\",\"layout\":\"showcase_responsive\",\"columns\":\"1\",\"arrows\":\"onhover\",\"navigation\":\"thumbnails\",\"animation_type\":\"random\",\"animation_duration\":\"500\",\"autoplay_enabled\":\"0\",\"autoplay_delay\":\"7\",\"showcase_arrows\":\"onhover\",\"showcase_image_position\":\"left\",\"showcase_imgpadding\":\"0\",\"showcase_animation_type\":\"random\",\"showcase_captionsanimation\":\"crossfade\",\"showcase_animation_duration\":\"500\",\"showcase_autoplay_enabled\":\"0\",\"showcase_autoplay_delay\":\"7\",\"showcase_responsive_arrows\":\"onhover\",\"showcase_responsive_image_position\":\"left\",\"showcase_responsive_imgpadding\":\"0\",\"showcase_responsive_animation_type\":\"random\",\"showcase_responsive_captionsanimation\":\"crossfade\",\"showcase_responsive_animation_duration\":\"500\",\"showcase_responsive_autoplay_enabled\":\"1\",\"showcase_responsive_autoplay_delay\":\"7\",\"backgroundimage\":\"\",\"moduleclass_sfx\":\"\",\"cache\":\"0\",\"module_cache\":\"1\",\"cache_time\":\"900\",\"cachemode\":\"static\",\"module_tag\":\"div\",\"bootstrap_size\":\"0\",\"header_tag\":\"h3\",\"header_class\":\"\",\"style\":\"0\"}', 0, '*'),
(90, 61, 'Press Clippings', '', '<p><strong>As time goes on, we are enjoying media coverage- please see the following:</strong></p>\r\n<p>A review of my work in <a title=\"Kamloops This Week\" href=\"http://www.kamloopsthisweek.com/willis-checks-off-a-bucket-list-item/\" target=\"_blank\">Kamloops Daily News</a> regarding Remembering Christmas!</p>\r\n<p>See also some kind words in the <a title=\"Charolais Connection\" href=\"http://issuu.com/pdrneepawa/docs/fall2011connection_web\" target=\"_blank\">Charolais Connection</a>- see page 36 of this link for a review of the album!</p>\r\n<p> </p>\r\n<p> </p>', 1, 'sidebar-a', 0, '0000-00-00 00:00:00', '0000-00-00 00:00:00', '0000-00-00 00:00:00', 1, 'mod_custom', 1, 1, '{\"prepare_content\":\"0\",\"backgroundimage\":\"\",\"layout\":\"_:default\",\"moduleclass_sfx\":\"\",\"cache\":\"1\",\"cache_time\":\"900\",\"cachemode\":\"static\",\"module_tag\":\"div\",\"bootstrap_size\":\"0\",\"header_tag\":\"h3\",\"header_class\":\"\",\"style\":\"0\"}', 0, '*'),
(91, 62, 'Christmas Album', '', '<p><strong>Jeremy\'s <span style=\"color: green;\">C</span><span style=\"color: red;\">h</span><span style=\"color: green;\">r</span><span style=\"color: red;\">i</span><span style=\"color: green;\">s</span><span style=\"color: red;\">t</span><span style=\"color: green;\">m</span><span style=\"color: red;\">a</span><span style=\"color: green;\">s</span> CD!<br /> <a title=\"CD - just released! Click here for details!\" href=\"http://www.cdbaby.com/cd/jeremynealwillis\" target=\"_blank\"> Click here for details!</a></strong></p>', 2, 'sidebar-a', 0, '0000-00-00 00:00:00', '0000-00-00 00:00:00', '0000-00-00 00:00:00', 1, 'mod_custom', 1, 1, '{\"prepare_content\":\"0\",\"backgroundimage\":\"\",\"layout\":\"_:default\",\"moduleclass_sfx\":\"\",\"cache\":\"1\",\"cache_time\":\"900\",\"cachemode\":\"static\",\"module_tag\":\"div\",\"bootstrap_size\":\"0\",\"header_tag\":\"h3\",\"header_class\":\"\",\"style\":\"0\"}', 0, '*'),
(92, 63, 'Music', '', '<div class=\"module-body\">\r\n<div class=\"custom\">\r\n<p style=\"font-size: 13pt; font-family: serif; line-height: 120%; margin-top: 0pt; margin-bottom: 0pt; color: red; text-align: left;\"><strong>For copies or downloads of Jeremy\'s music:</strong></p>\r\n<ol style=\"font-size: 11pt; font-family: serif; line-height: 120%; margin-top: 5pt; margin-bottom: 0pt; text-align: left;\">\r\n<li><strong>Contact him directly- </strong>see bottom of page for details</li>\r\n<li><strong>Go to <a href=\"http://www.cdbaby.com/cd/jeremynealwillis\" target=\"_blank\">CDBaby.com </a></strong>and take advantage of the free download, \"Christmas Afghanistan\"</li>\r\n<li>Log into<strong> <a href=\"http://www.apple.com/itunes/\" target=\"_blank\">iTunes</a> </strong>and search Jeremy Neal Willis in the store</li>\r\n<li><strong>Go to the Horse Barn</strong> for the CD if you\'re in Kamloops</li>\r\n<li><strong>Go to Canadian Cowboy Country magazine <a href=\"http://www.cowboycountrymarket.com/index.php?main_page=product_music_info&amp;cPath=67_92&amp;products_id=436\" target=\"_blank\">on-line Market</a></strong></li>\r\n</ol>\r\n</div>\r\n</div>\r\n<div style=\"max-width: 600px; max-height: 645px; min-width: 180px;\"> </div>', 3, 'sidebar-a', 0, '0000-00-00 00:00:00', '0000-00-00 00:00:00', '0000-00-00 00:00:00', 1, 'mod_custom', 1, 1, '{\"prepare_content\":\"0\",\"backgroundimage\":\"\",\"layout\":\"_:default\",\"moduleclass_sfx\":\"\",\"cache\":\"1\",\"cache_time\":\"900\",\"cachemode\":\"static\",\"module_tag\":\"div\",\"bootstrap_size\":\"0\",\"header_tag\":\"h3\",\"header_class\":\"\",\"style\":\"0\"}', 0, '*'),
(93, 70, 'Address', '', '<address>Jeremy Willis  |  Willis Entertainment  |  Phone: (250) 371-7135   |  Box 127, Clinton, BC  V0K 1K0  Canada</address><address> </address>\r\n<p><a href=\"https://www.facebook.com/WillisEntertainment/\"><strong>Follow Willis Entertainment on Facebook </strong></a><br /><br /></p>', 1, 'footer-a', 0, '0000-00-00 00:00:00', '0000-00-00 00:00:00', '0000-00-00 00:00:00', 1, 'mod_custom', 1, 0, '{\"prepare_content\":\"0\",\"backgroundimage\":\"\",\"layout\":\"_:default\",\"moduleclass_sfx\":\"\",\"cache\":\"1\",\"cache_time\":\"900\",\"cachemode\":\"static\",\"module_tag\":\"div\",\"bootstrap_size\":\"0\",\"header_tag\":\"h3\",\"header_class\":\"\",\"style\":\"0\"}', 0, '*');

-- --------------------------------------------------------

--
-- Table structure for table `joom_modules_menu`
--

CREATE TABLE `joom_modules_menu` (
  `moduleid` int(11) NOT NULL DEFAULT '0',
  `menuid` int(11) NOT NULL DEFAULT '0'
) ENGINE=InnoDB DEFAULT CHARSET=utf8mb4 COLLATE=utf8mb4_unicode_ci;

--
-- Dumping data for table `joom_modules_menu`
--

INSERT INTO `joom_modules_menu` (`moduleid`, `menuid`) VALUES
(1, 0),
(2, 0),
(3, 0),
(4, 0),
(6, 0),
(7, 0),
(8, 0),
(9, 0),
(10, 0),
(12, 0),
(13, 0),
(14, 0),
(15, 0),
(16, 0),
(17, 0),
(79, 0),
(86, 0),
(89, 0),
(90, 101),
(91, 101),
(92, 101),
(93, 0);

-- --------------------------------------------------------

--
-- Table structure for table `joom_newsfeeds`
--

CREATE TABLE `joom_newsfeeds` (
  `catid` int(11) NOT NULL DEFAULT '0',
  `id` int(10) UNSIGNED NOT NULL,
  `name` varchar(100) COLLATE utf8mb4_unicode_ci NOT NULL DEFAULT '',
  `alias` varchar(400) CHARACTER SET utf8mb4 COLLATE utf8mb4_bin NOT NULL DEFAULT '',
  `link` varchar(2048) COLLATE utf8mb4_unicode_ci NOT NULL,
  `published` tinyint(1) NOT NULL DEFAULT '0',
  `numarticles` int(10) UNSIGNED NOT NULL DEFAULT '1',
  `cache_time` int(10) UNSIGNED NOT NULL DEFAULT '3600',
  `checked_out` int(10) UNSIGNED NOT NULL DEFAULT '0',
  `checked_out_time` datetime NOT NULL DEFAULT '0000-00-00 00:00:00',
  `ordering` int(11) NOT NULL DEFAULT '0',
  `rtl` tinyint(4) NOT NULL DEFAULT '0',
  `access` int(10) UNSIGNED NOT NULL DEFAULT '0',
  `language` char(7) COLLATE utf8mb4_unicode_ci NOT NULL DEFAULT '',
  `params` mediumtext COLLATE utf8mb4_unicode_ci NOT NULL,
  `created` datetime NOT NULL DEFAULT '0000-00-00 00:00:00',
  `created_by` int(10) UNSIGNED NOT NULL DEFAULT '0',
  `created_by_alias` varchar(255) COLLATE utf8mb4_unicode_ci NOT NULL DEFAULT '',
  `modified` datetime NOT NULL DEFAULT '0000-00-00 00:00:00',
  `modified_by` int(10) UNSIGNED NOT NULL DEFAULT '0',
  `metakey` mediumtext COLLATE utf8mb4_unicode_ci NOT NULL,
  `metadesc` mediumtext COLLATE utf8mb4_unicode_ci NOT NULL,
  `metadata` mediumtext COLLATE utf8mb4_unicode_ci NOT NULL,
  `xreference` varchar(50) COLLATE utf8mb4_unicode_ci NOT NULL DEFAULT '',
  `publish_up` datetime NOT NULL DEFAULT '0000-00-00 00:00:00',
  `publish_down` datetime NOT NULL DEFAULT '0000-00-00 00:00:00',
  `description` mediumtext COLLATE utf8mb4_unicode_ci NOT NULL,
  `version` int(10) UNSIGNED NOT NULL DEFAULT '1',
  `hits` int(10) UNSIGNED NOT NULL DEFAULT '0',
  `images` mediumtext COLLATE utf8mb4_unicode_ci NOT NULL
) ENGINE=InnoDB DEFAULT CHARSET=utf8mb4 COLLATE=utf8mb4_unicode_ci;

-- --------------------------------------------------------

--
-- Table structure for table `joom_overrider`
--

CREATE TABLE `joom_overrider` (
  `id` int(10) NOT NULL COMMENT 'Primary Key',
  `constant` varchar(255) COLLATE utf8mb4_unicode_ci NOT NULL,
  `string` mediumtext COLLATE utf8mb4_unicode_ci NOT NULL,
  `file` varchar(255) COLLATE utf8mb4_unicode_ci NOT NULL
) ENGINE=InnoDB DEFAULT CHARSET=utf8mb4 COLLATE=utf8mb4_unicode_ci;

-- --------------------------------------------------------

--
-- Table structure for table `joom_postinstall_messages`
--

CREATE TABLE `joom_postinstall_messages` (
  `postinstall_message_id` bigint(20) UNSIGNED NOT NULL,
  `extension_id` bigint(20) NOT NULL DEFAULT '700' COMMENT 'FK to #__extensions',
  `title_key` varchar(255) COLLATE utf8mb4_unicode_ci NOT NULL DEFAULT '' COMMENT 'Lang key for the title',
  `description_key` varchar(255) COLLATE utf8mb4_unicode_ci NOT NULL DEFAULT '' COMMENT 'Lang key for description',
  `action_key` varchar(255) COLLATE utf8mb4_unicode_ci NOT NULL DEFAULT '',
  `language_extension` varchar(255) COLLATE utf8mb4_unicode_ci NOT NULL DEFAULT 'com_postinstall' COMMENT 'Extension holding lang keys',
  `language_client_id` tinyint(3) NOT NULL DEFAULT '1',
  `type` varchar(10) COLLATE utf8mb4_unicode_ci NOT NULL DEFAULT 'link' COMMENT 'Message type - message, link, action',
  `action_file` varchar(255) COLLATE utf8mb4_unicode_ci DEFAULT '' COMMENT 'RAD URI to the PHP file containing action method',
  `action` varchar(255) COLLATE utf8mb4_unicode_ci DEFAULT '' COMMENT 'Action method name or URL',
  `condition_file` varchar(255) COLLATE utf8mb4_unicode_ci DEFAULT NULL COMMENT 'RAD URI to file holding display condition method',
  `condition_method` varchar(255) COLLATE utf8mb4_unicode_ci DEFAULT NULL COMMENT 'Display condition method, must return boolean',
  `version_introduced` varchar(50) COLLATE utf8mb4_unicode_ci NOT NULL DEFAULT '3.2.0' COMMENT 'Version when this message was introduced',
  `enabled` tinyint(3) NOT NULL DEFAULT '1'
) ENGINE=MyISAM DEFAULT CHARSET=utf8mb4 COLLATE=utf8mb4_unicode_ci;

--
-- Dumping data for table `joom_postinstall_messages`
--

INSERT INTO `joom_postinstall_messages` (`postinstall_message_id`, `extension_id`, `title_key`, `description_key`, `action_key`, `language_extension`, `language_client_id`, `type`, `action_file`, `action`, `condition_file`, `condition_method`, `version_introduced`, `enabled`) VALUES
(1, 700, 'PLG_TWOFACTORAUTH_TOTP_POSTINSTALL_TITLE', 'PLG_TWOFACTORAUTH_TOTP_POSTINSTALL_BODY', 'PLG_TWOFACTORAUTH_TOTP_POSTINSTALL_ACTION', 'plg_twofactorauth_totp', 1, 'action', 'site://plugins/twofactorauth/totp/postinstall/actions.php', 'twofactorauth_postinstall_action', 'site://plugins/twofactorauth/totp/postinstall/actions.php', 'twofactorauth_postinstall_condition', '3.2.0', 1),
(2, 700, 'COM_CPANEL_MSG_EACCELERATOR_TITLE', 'COM_CPANEL_MSG_EACCELERATOR_BODY', 'COM_CPANEL_MSG_EACCELERATOR_BUTTON', 'com_cpanel', 1, 'action', 'admin://components/com_admin/postinstall/eaccelerator.php', 'admin_postinstall_eaccelerator_action', 'admin://components/com_admin/postinstall/eaccelerator.php', 'admin_postinstall_eaccelerator_condition', '3.2.0', 1),
(3, 700, 'COM_CPANEL_WELCOME_BEGINNERS_TITLE', 'COM_CPANEL_WELCOME_BEGINNERS_MESSAGE', '', 'com_cpanel', 1, 'message', '', '', '', '', '3.2.0', 1),
(5, 700, 'COM_CPANEL_MSG_HTACCESS_TITLE', 'COM_CPANEL_MSG_HTACCESS_BODY', '', 'com_cpanel', 1, 'message', '', '', 'admin://components/com_admin/postinstall/htaccess.php', 'admin_postinstall_htaccess_condition', '3.4.0', 1),
(6, 700, 'COM_CPANEL_MSG_ROBOTS_TITLE', 'COM_CPANEL_MSG_ROBOTS_BODY', '', 'com_cpanel', 1, 'message', '', '', '', '', '3.3.0', 1),
(7, 700, 'COM_CPANEL_MSG_LANGUAGEACCESS340_TITLE', 'COM_CPANEL_MSG_LANGUAGEACCESS340_BODY', '', 'com_cpanel', 1, 'message', '', '', 'admin://components/com_admin/postinstall/languageaccess340.php', 'admin_postinstall_languageaccess340_condition', '3.4.1', 1),
(8, 700, 'COM_CPANEL_MSG_STATS_COLLECTION_TITLE', 'COM_CPANEL_MSG_STATS_COLLECTION_BODY', '', 'com_cpanel', 1, 'message', '', '', 'admin://components/com_admin/postinstall/statscollection.php', 'admin_postinstall_statscollection_condition', '3.5.0', 1),
(9, 700, 'PLG_SYSTEM_UPDATENOTIFICATION_POSTINSTALL_UPDATECACHETIME', 'PLG_SYSTEM_UPDATENOTIFICATION_POSTINSTALL_UPDATECACHETIME_BODY', 'PLG_SYSTEM_UPDATENOTIFICATION_POSTINSTALL_UPDATECACHETIME_ACTION', 'plg_system_updatenotification', 1, 'action', 'site://plugins/system/updatenotification/postinstall/updatecachetime.php', 'updatecachetime_postinstall_action', 'site://plugins/system/updatenotification/postinstall/updatecachetime.php', 'updatecachetime_postinstall_condition', '3.6.3', 1),
(10, 700, 'COM_CPANEL_MSG_JOOMLA40_PRE_CHECKS_TITLE', 'COM_CPANEL_MSG_JOOMLA40_PRE_CHECKS_BODY', '', 'com_cpanel', 1, 'message', '', '', 'admin://components/com_admin/postinstall/joomla40checks.php', 'admin_postinstall_joomla40checks_condition', '3.7.0', 1),
(11, 700, 'TPL_HATHOR_MESSAGE_POSTINSTALL_TITLE', 'TPL_HATHOR_MESSAGE_POSTINSTALL_BODY', 'TPL_HATHOR_MESSAGE_POSTINSTALL_ACTION', 'tpl_hathor', 1, 'action', 'admin://templates/hathor/postinstall/hathormessage.php', 'hathormessage_postinstall_action', 'admin://templates/hathor/postinstall/hathormessage.php', 'hathormessage_postinstall_condition', '3.7.0', 1),
(12, 700, 'PLG_PLG_RECAPTCHA_VERSION_1_POSTINSTALL_TITLE', 'PLG_PLG_RECAPTCHA_VERSION_1_POSTINSTALL_BODY', 'PLG_PLG_RECAPTCHA_VERSION_1_POSTINSTALL_ACTION', 'plg_captcha_recaptcha', 1, 'action', 'site://plugins/captcha/recaptcha/postinstall/actions.php', 'recaptcha_postinstall_action', 'site://plugins/captcha/recaptcha/postinstall/actions.php', 'recaptcha_postinstall_condition', '3.8.6', 1),
(13, 700, 'COM_CPANEL_MSG_UPDATEDEFAULTSETTINGS_TITLE', 'COM_CPANEL_MSG_UPDATEDEFAULTSETTINGS_BODY', '', 'com_cpanel', 1, 'message', '', '', 'admin://components/com_admin/postinstall/updatedefaultsettings.php', 'admin_postinstall_updatedefaultsettings_condition', '3.8.8', 1),
(14, 700, 'COM_ACTIONLOGS_POSTINSTALL_TITLE', 'COM_ACTIONLOGS_POSTINSTALL_BODY', '', 'com_actionlogs', 1, 'message', '', '', '', '', '3.9.0', 1),
(15, 700, 'COM_PRIVACY_POSTINSTALL_TITLE', 'COM_PRIVACY_POSTINSTALL_BODY', '', 'com_privacy', 1, 'message', '', '', '', '', '3.9.0', 1),
(16, 700, 'COM_CPANEL_MSG_ADDNOSNIFF_TITLE', 'COM_CPANEL_MSG_ADDNOSNIFF_BODY', '', 'com_cpanel', 1, 'message', '', '', 'admin://components/com_admin/postinstall/addnosniff.php', 'admin_postinstall_addnosniff_condition', '3.9.3', 1),
(17, 700, 'COM_CPANEL_MSG_TEXTFILTER3919_TITLE', 'COM_CPANEL_MSG_TEXTFILTER3919_BODY', '', 'com_cpanel', 1, 'message', '', '', 'admin://components/com_admin/postinstall/textfilter3919.php', 'admin_postinstall_textfilter3919_condition', '3.9.19', 1),
(18, 700, 'COM_CPANEL_MSG_HTACCESSSVG_TITLE', 'COM_CPANEL_MSG_HTACCESSSVG_BODY', '', 'com_cpanel', 1, 'message', '', '', 'admin://components/com_admin/postinstall/htaccesssvg.php', 'admin_postinstall_htaccesssvg_condition', '3.9.21', 1),
(19, 700, 'COM_ADMIN_POSTINSTALL_MSG_HTACCESS_AUTOINDEX_TITLE', 'COM_ADMIN_POSTINSTALL_MSG_HTACCESS_AUTOINDEX_DESCRIPTION', '', 'com_admin', 1, 'message', '', '', NULL, NULL, '3.9.22', 1);

-- --------------------------------------------------------

--
-- Table structure for table `joom_privacy_consents`
--

CREATE TABLE `joom_privacy_consents` (
  `id` int(10) UNSIGNED NOT NULL,
  `user_id` int(10) UNSIGNED NOT NULL DEFAULT '0',
  `state` int(10) NOT NULL DEFAULT '1',
  `created` datetime NOT NULL DEFAULT '0000-00-00 00:00:00',
  `subject` varchar(255) COLLATE utf8mb4_unicode_ci NOT NULL DEFAULT '',
  `body` text COLLATE utf8mb4_unicode_ci NOT NULL,
  `remind` tinyint(4) NOT NULL DEFAULT '0',
  `token` varchar(100) COLLATE utf8mb4_unicode_ci NOT NULL DEFAULT ''
) ENGINE=InnoDB DEFAULT CHARSET=utf8mb4 COLLATE=utf8mb4_unicode_ci;

-- --------------------------------------------------------

--
-- Table structure for table `joom_privacy_requests`
--

CREATE TABLE `joom_privacy_requests` (
  `id` int(10) UNSIGNED NOT NULL,
  `email` varchar(100) COLLATE utf8mb4_unicode_ci NOT NULL DEFAULT '',
  `requested_at` datetime NOT NULL DEFAULT '0000-00-00 00:00:00',
  `status` tinyint(4) NOT NULL DEFAULT '0',
  `request_type` varchar(25) COLLATE utf8mb4_unicode_ci NOT NULL DEFAULT '',
  `confirm_token` varchar(100) COLLATE utf8mb4_unicode_ci NOT NULL DEFAULT '',
  `confirm_token_created_at` datetime NOT NULL DEFAULT '0000-00-00 00:00:00'
) ENGINE=InnoDB DEFAULT CHARSET=utf8mb4 COLLATE=utf8mb4_unicode_ci;

-- --------------------------------------------------------

--
-- Table structure for table `joom_redirect_links`
--

CREATE TABLE `joom_redirect_links` (
  `id` int(10) UNSIGNED NOT NULL,
  `old_url` varchar(2048) COLLATE utf8mb4_unicode_ci NOT NULL,
  `new_url` varchar(2048) COLLATE utf8mb4_unicode_ci DEFAULT NULL,
  `referer` varchar(2048) COLLATE utf8mb4_unicode_ci NOT NULL,
  `comment` varchar(255) COLLATE utf8mb4_unicode_ci NOT NULL DEFAULT '',
  `hits` int(10) UNSIGNED NOT NULL DEFAULT '0',
  `published` tinyint(4) NOT NULL,
  `created_date` datetime NOT NULL DEFAULT '0000-00-00 00:00:00',
  `modified_date` datetime NOT NULL DEFAULT '0000-00-00 00:00:00',
  `header` smallint(3) NOT NULL DEFAULT '301'
) ENGINE=InnoDB DEFAULT CHARSET=utf8mb4 COLLATE=utf8mb4_unicode_ci;

-- --------------------------------------------------------

--
-- Table structure for table `joom_rokcommon_configs`
--

CREATE TABLE `joom_rokcommon_configs` (
  `id` int(11) NOT NULL,
  `extension` varchar(45) NOT NULL DEFAULT '',
  `type` varchar(45) NOT NULL,
  `file` varchar(256) NOT NULL,
  `priority` int(10) NOT NULL DEFAULT '10'
) ENGINE=MyISAM DEFAULT CHARSET=utf8;

--
-- Dumping data for table `joom_rokcommon_configs`
--

INSERT INTO `joom_rokcommon_configs` (`id`, `extension`, `type`, `file`, `priority`) VALUES
(4, 'rokgallery', 'library', '/components/com_rokgallery/lib', 10),
(3, 'rokgallery', 'container', '/components/com_rokgallery/container.xml', 10);

-- --------------------------------------------------------

--
-- Table structure for table `joom_rokgallery_files`
--

CREATE TABLE `joom_rokgallery_files` (
  `id` int(10) UNSIGNED NOT NULL,
  `filename` varchar(255) NOT NULL,
  `guid` char(36) NOT NULL,
  `md5` char(32) NOT NULL,
  `title` varchar(200) NOT NULL,
  `description` text,
  `license` varchar(255) DEFAULT NULL,
  `xsize` int(10) UNSIGNED NOT NULL,
  `ysize` int(10) UNSIGNED NOT NULL,
  `filesize` int(10) UNSIGNED NOT NULL,
  `type` char(20) NOT NULL,
  `published` tinyint(1) NOT NULL DEFAULT '0',
  `created_at` datetime NOT NULL,
  `updated_at` datetime NOT NULL,
  `slug` varchar(255) DEFAULT NULL
) ENGINE=InnoDB DEFAULT CHARSET=utf8;

--
-- Dumping data for table `joom_rokgallery_files`
--

INSERT INTO `joom_rokgallery_files` (`id`, `filename`, `guid`, `md5`, `title`, `description`, `license`, `xsize`, `ysize`, `filesize`, `type`, `published`, `created_at`, `updated_at`, `slug`) VALUES
(1, 'IMG_1922.jpg', 'd4f3e156-b28b-46a9-f263-4284f7763e42', '2f57a524e3cfdbdfa926a222a260f887', 'LIVE PERFORMANCE', '', NULL, 400, 600, 108693, 'jpg', 1, '2014-07-24 15:34:44', '2014-10-09 14:50:25', 'img-1922'),
(2, 'IMG_1926.jpg', '2422f957-05a4-4787-f012-dc478c07994a', '4c856fbf273078a1ffb048b135d93d0a', 'IMG 1926', NULL, NULL, 400, 600, 219844, 'jpg', 0, '2014-07-24 15:34:44', '2014-10-09 14:51:00', 'img-1926'),
(3, 'IMG_1938.jpg', 'b8418006-2ae3-4f35-90e1-03ff405ab984', 'dbcca6c61d0259d614256064284df651', 'LIVE PERFORMANCE', '', NULL, 600, 312, 161388, 'jpg', 0, '2014-07-24 15:34:44', '2014-10-09 15:09:38', 'img-1938'),
(4, 'IMG_1940.jpg', '8b94b577-3fba-4190-e2dc-f6315b7dd220', '8e074ccff834465f1659ff091148517b', 'DJ SERVICES', '', NULL, 400, 600, 219106, 'jpg', 1, '2014-07-24 15:34:45', '2014-10-09 14:48:28', 'img-1940'),
(5, 'IMG_1941.jpg', 'c8bb8049-ea2a-40f2-eeb6-835a8cb08569', 'c6c6b8ae7a4921283eaeb97a3f3ae3dc', 'DJ SERVICES', '', NULL, 408, 600, 226159, 'jpg', 1, '2014-07-24 15:34:45', '2014-10-09 14:49:01', 'img-1941'),
(6, 'IMG_1944.jpg', '5a5a3434-98e9-4dfa-999d-168bc922b68c', '036e0bb722bf5b37416991cf62b489b8', 'IMG 1944', NULL, NULL, 600, 600, 323819, 'jpg', 0, '2014-07-24 15:34:45', '2014-10-09 14:49:31', 'img-1944'),
(7, 'IMG_1946.jpg', '49b1f4ec-d2c7-48c8-8eac-a9659c8b640c', 'e4c2b17dce8b829d1a6959d3b825308c', 'IMG 1946', NULL, NULL, 400, 600, 223039, 'jpg', 0, '2014-07-24 15:34:45', '2014-10-09 14:49:54', 'img-1946'),
(11, 'copy of IMG_2362 - Version 2.jpg', '3116a59f-f176-485b-966c-ba3e5c7a012a', 'd0fa0a24658e0745b7bb3aa934068e28', 'SINGER/SONGWRITER', '', NULL, 1313, 874, 324906, 'jpg', 1, '2014-10-09 15:25:08', '2014-10-09 15:26:42', 'copy-of-img-2362-version-2');

-- --------------------------------------------------------

--
-- Table structure for table `joom_rokgallery_files_index`
--

CREATE TABLE `joom_rokgallery_files_index` (
  `keyword` varchar(200) NOT NULL DEFAULT '',
  `field` varchar(50) NOT NULL DEFAULT '',
  `position` bigint(20) NOT NULL DEFAULT '0',
  `id` int(10) UNSIGNED NOT NULL DEFAULT '0'
) ENGINE=InnoDB DEFAULT CHARSET=utf8;

--
-- Dumping data for table `joom_rokgallery_files_index`
--

INSERT INTO `joom_rokgallery_files_index` (`keyword`, `field`, `position`, `id`) VALUES
('live', 'title', 0, 1),
('performance', 'title', 1, 1),
('1926', 'title', 1, 2),
('img', 'title', 0, 2),
('live', 'title', 0, 3),
('performance', 'title', 1, 3),
('dj', 'title', 0, 4),
('services', 'title', 1, 4),
('dj', 'title', 0, 5),
('services', 'title', 1, 5),
('1944', 'title', 1, 6),
('img', 'title', 0, 6),
('1946', 'title', 1, 7),
('img', 'title', 0, 7),
('singer', 'title', 0, 11),
('songwriter', 'title', 1, 11);

-- --------------------------------------------------------

--
-- Table structure for table `joom_rokgallery_file_loves`
--

CREATE TABLE `joom_rokgallery_file_loves` (
  `file_id` int(10) UNSIGNED NOT NULL DEFAULT '0',
  `kount` int(11) NOT NULL DEFAULT '0'
) ENGINE=InnoDB DEFAULT CHARSET=utf8;

-- --------------------------------------------------------

--
-- Table structure for table `joom_rokgallery_file_tags`
--

CREATE TABLE `joom_rokgallery_file_tags` (
  `file_id` int(10) UNSIGNED NOT NULL DEFAULT '0',
  `tag` varchar(50) NOT NULL DEFAULT ''
) ENGINE=InnoDB DEFAULT CHARSET=utf8;

--
-- Dumping data for table `joom_rokgallery_file_tags`
--

INSERT INTO `joom_rokgallery_file_tags` (`file_id`, `tag`) VALUES
(1, 'slides'),
(2, 'slides'),
(3, 'slides'),
(4, 'slides'),
(5, 'slides'),
(6, 'slides'),
(7, 'slides'),
(11, 'slides');

-- --------------------------------------------------------

--
-- Table structure for table `joom_rokgallery_file_views`
--

CREATE TABLE `joom_rokgallery_file_views` (
  `file_id` int(10) UNSIGNED NOT NULL DEFAULT '0',
  `kount` int(11) NOT NULL DEFAULT '0'
) ENGINE=InnoDB DEFAULT CHARSET=utf8;

-- --------------------------------------------------------

--
-- Table structure for table `joom_rokgallery_filters`
--

CREATE TABLE `joom_rokgallery_filters` (
  `id` int(10) UNSIGNED NOT NULL,
  `name` varchar(200) NOT NULL,
  `query` text NOT NULL,
  `created_at` datetime NOT NULL,
  `updated_at` datetime NOT NULL
) ENGINE=InnoDB DEFAULT CHARSET=utf8;

-- --------------------------------------------------------

--
-- Table structure for table `joom_rokgallery_galleries`
--

CREATE TABLE `joom_rokgallery_galleries` (
  `id` int(10) UNSIGNED NOT NULL,
  `name` varchar(200) NOT NULL,
  `filetags` longtext,
  `width` int(10) UNSIGNED NOT NULL DEFAULT '910',
  `height` int(10) UNSIGNED NOT NULL DEFAULT '500',
  `keep_aspect` tinyint(1) DEFAULT '0',
  `force_image_size` tinyint(1) DEFAULT '0',
  `thumb_xsize` int(10) UNSIGNED NOT NULL DEFAULT '190',
  `thumb_ysize` int(10) UNSIGNED NOT NULL DEFAULT '150',
  `thumb_background` varchar(12) DEFAULT NULL,
  `thumb_keep_aspect` tinyint(1) DEFAULT '0',
  `auto_publish` tinyint(1) DEFAULT '0'
) ENGINE=InnoDB DEFAULT CHARSET=utf8;

--
-- Dumping data for table `joom_rokgallery_galleries`
--

INSERT INTO `joom_rokgallery_galleries` (`id`, `name`, `filetags`, `width`, `height`, `keep_aspect`, `force_image_size`, `thumb_xsize`, `thumb_ysize`, `thumb_background`, `thumb_keep_aspect`, `auto_publish`) VALUES
(1, 'Announcing', 'a:1:{i:0;s:6:\"slides\";}', 213, 320, 1, 0, 190, 150, 'transparent', 0, 1);

-- --------------------------------------------------------

--
-- Table structure for table `joom_rokgallery_jobs`
--

CREATE TABLE `joom_rokgallery_jobs` (
  `id` char(36) NOT NULL DEFAULT '',
  `type` varchar(255) NOT NULL,
  `properties` text,
  `state` varchar(255) NOT NULL,
  `status` text,
  `percent` bigint(20) UNSIGNED DEFAULT NULL,
  `sm` text NOT NULL,
  `created_at` datetime NOT NULL,
  `updated_at` datetime NOT NULL
) ENGINE=InnoDB DEFAULT CHARSET=utf8;

--
-- Dumping data for table `joom_rokgallery_jobs`
--

INSERT INTO `joom_rokgallery_jobs` (`id`, `type`, `properties`, `state`, `status`, `percent`, `sm`, `created_at`, `updated_at`) VALUES
('5e5d18d8-cdef-4dcf-e621-16e37410b330', 'Import', 'a:3:{i:0;O:34:\"RokGallery_Job_Property_ImportFile\":6:{s:7:\"\0*\0path\";s:128:\"/home/englisho/public_html/willisentertainment2014/tmp/5e5d18d8-cdef-4dcf-e621-16e37410b330/12c0dcde-93d2-4ceb-8189-32af010ff8f3\";s:5:\"\0*\0id\";s:36:\"12c0dcde-93d2-4ceb-8189-32af010ff8f3\";s:11:\"\0*\0filename\";s:20:\"copy of IMG_2458.jpg\";s:12:\"\0*\0completed\";b:1;s:8:\"\0*\0error\";b:0;s:9:\"\0*\0status\";N;}i:1;O:34:\"RokGallery_Job_Property_ImportFile\":6:{s:7:\"\0*\0path\";s:128:\"/home/englisho/public_html/willisentertainment2014/tmp/5e5d18d8-cdef-4dcf-e621-16e37410b330/91d2aba1-888d-4d46-ff95-48f771d663a0\";s:5:\"\0*\0id\";s:36:\"91d2aba1-888d-4d46-ff95-48f771d663a0\";s:11:\"\0*\0filename\";s:20:\"copy of IMG_2506.jpg\";s:12:\"\0*\0completed\";b:1;s:8:\"\0*\0error\";b:0;s:9:\"\0*\0status\";N;}i:2;O:34:\"RokGallery_Job_Property_ImportFile\":6:{s:7:\"\0*\0path\";s:128:\"/home/englisho/public_html/willisentertainment2014/tmp/5e5d18d8-cdef-4dcf-e621-16e37410b330/ccaa5328-776b-4c0b-d28b-4ca098fb0c4e\";s:5:\"\0*\0id\";s:36:\"ccaa5328-776b-4c0b-d28b-4ca098fb0c4e\";s:11:\"\0*\0filename\";s:20:\"copy of IMG_2355.jpg\";s:12:\"\0*\0completed\";b:1;s:8:\"\0*\0error\";b:0;s:9:\"\0*\0status\";N;}}', 'Completed', 'Importing Complete', 100, 'O:27:\"RokGallery_Job_StateMachine\":5:{s:9:\"\0*\0_state\";O:33:\"RokGallery_Job_StateMap_Completed\":2:{s:8:\"\0*\0_name\";s:33:\"RokGallery_Job_StateMap.Completed\";s:6:\"\0*\0_id\";i:8;}s:18:\"\0*\0_previous_state\";O:31:\"RokGallery_Job_StateMap_Running\":2:{s:8:\"\0*\0_name\";s:31:\"RokGallery_Job_StateMap.Running\";s:6:\"\0*\0_id\";i:2;}s:15:\"\0*\0_state_stack\";a:0:{}s:14:\"\0*\0_transition\";N;s:14:\"\0*\0_debug_flag\";b:0;}', '2014-10-09 15:12:15', '2014-10-09 15:12:31'),
('7571bd85-ff9c-468f-a2e6-ed5eb800c375', 'Tag Addition', 'a:6:{i:0;O:32:\"RokGallery_Job_Property_FileTags\":5:{s:9:\"\0*\0fileId\";i:4;s:7:\"\0*\0tags\";a:1:{i:0;s:6:\"slides\";}s:12:\"\0*\0completed\";b:1;s:8:\"\0*\0error\";b:0;s:9:\"\0*\0status\";N;}i:1;O:32:\"RokGallery_Job_Property_FileTags\":5:{s:9:\"\0*\0fileId\";i:5;s:7:\"\0*\0tags\";a:1:{i:0;s:6:\"slides\";}s:12:\"\0*\0completed\";b:1;s:8:\"\0*\0error\";b:0;s:9:\"\0*\0status\";N;}i:2;O:32:\"RokGallery_Job_Property_FileTags\":5:{s:9:\"\0*\0fileId\";i:7;s:7:\"\0*\0tags\";a:1:{i:0;s:6:\"slides\";}s:12:\"\0*\0completed\";b:1;s:8:\"\0*\0error\";b:0;s:9:\"\0*\0status\";N;}i:3;O:32:\"RokGallery_Job_Property_FileTags\":5:{s:9:\"\0*\0fileId\";i:1;s:7:\"\0*\0tags\";a:1:{i:0;s:6:\"slides\";}s:12:\"\0*\0completed\";b:1;s:8:\"\0*\0error\";b:0;s:9:\"\0*\0status\";N;}i:4;O:32:\"RokGallery_Job_Property_FileTags\":5:{s:9:\"\0*\0fileId\";i:6;s:7:\"\0*\0tags\";a:1:{i:0;s:6:\"slides\";}s:12:\"\0*\0completed\";b:1;s:8:\"\0*\0error\";b:0;s:9:\"\0*\0status\";N;}i:5;O:32:\"RokGallery_Job_Property_FileTags\":5:{s:9:\"\0*\0fileId\";i:2;s:7:\"\0*\0tags\";a:1:{i:0;s:6:\"slides\";}s:12:\"\0*\0completed\";b:1;s:8:\"\0*\0error\";b:0;s:9:\"\0*\0status\";N;}}', 'Completed', 'Tag Addition Complete', 100, 'O:27:\"RokGallery_Job_StateMachine\":5:{s:9:\"\0*\0_state\";O:33:\"RokGallery_Job_StateMap_Completed\":2:{s:8:\"\0*\0_name\";s:33:\"RokGallery_Job_StateMap.Completed\";s:6:\"\0*\0_id\";i:8;}s:18:\"\0*\0_previous_state\";O:31:\"RokGallery_Job_StateMap_Running\":2:{s:8:\"\0*\0_name\";s:31:\"RokGallery_Job_StateMap.Running\";s:6:\"\0*\0_id\";i:2;}s:15:\"\0*\0_state_stack\";a:0:{}s:14:\"\0*\0_transition\";N;s:14:\"\0*\0_debug_flag\";b:0;}', '2014-07-24 15:35:29', '2014-07-24 15:35:30'),
('7c6d6459-cab3-48ab-8cab-b52e8abd1e1d', 'Import', 'a:7:{i:0;O:34:\"RokGallery_Job_Property_ImportFile\":6:{s:7:\"\0*\0path\";s:128:\"/home/englisho/public_html/willisentertainment2014/tmp/7c6d6459-cab3-48ab-8cab-b52e8abd1e1d/7758a29d-9606-488d-c390-0dba8fa7c782\";s:5:\"\0*\0id\";s:36:\"7758a29d-9606-488d-c390-0dba8fa7c782\";s:11:\"\0*\0filename\";s:12:\"IMG_1922.jpg\";s:12:\"\0*\0completed\";b:1;s:8:\"\0*\0error\";b:0;s:9:\"\0*\0status\";N;}i:1;O:34:\"RokGallery_Job_Property_ImportFile\":6:{s:7:\"\0*\0path\";s:128:\"/home/englisho/public_html/willisentertainment2014/tmp/7c6d6459-cab3-48ab-8cab-b52e8abd1e1d/929e8d97-d2a5-4c4b-b464-595d5fcb736d\";s:5:\"\0*\0id\";s:36:\"929e8d97-d2a5-4c4b-b464-595d5fcb736d\";s:11:\"\0*\0filename\";s:12:\"IMG_1926.jpg\";s:12:\"\0*\0completed\";b:1;s:8:\"\0*\0error\";b:0;s:9:\"\0*\0status\";N;}i:2;O:34:\"RokGallery_Job_Property_ImportFile\":6:{s:7:\"\0*\0path\";s:128:\"/home/englisho/public_html/willisentertainment2014/tmp/7c6d6459-cab3-48ab-8cab-b52e8abd1e1d/59ec9a62-381d-4585-901f-79805d901a81\";s:5:\"\0*\0id\";s:36:\"59ec9a62-381d-4585-901f-79805d901a81\";s:11:\"\0*\0filename\";s:12:\"IMG_1938.jpg\";s:12:\"\0*\0completed\";b:1;s:8:\"\0*\0error\";b:0;s:9:\"\0*\0status\";N;}i:3;O:34:\"RokGallery_Job_Property_ImportFile\":6:{s:7:\"\0*\0path\";s:128:\"/home/englisho/public_html/willisentertainment2014/tmp/7c6d6459-cab3-48ab-8cab-b52e8abd1e1d/2882595e-2fb3-4e2d-8def-896b354b4089\";s:5:\"\0*\0id\";s:36:\"2882595e-2fb3-4e2d-8def-896b354b4089\";s:11:\"\0*\0filename\";s:12:\"IMG_1940.jpg\";s:12:\"\0*\0completed\";b:1;s:8:\"\0*\0error\";b:0;s:9:\"\0*\0status\";N;}i:4;O:34:\"RokGallery_Job_Property_ImportFile\":6:{s:7:\"\0*\0path\";s:128:\"/home/englisho/public_html/willisentertainment2014/tmp/7c6d6459-cab3-48ab-8cab-b52e8abd1e1d/beffc4ab-8b53-4501-b217-f0703dd4a435\";s:5:\"\0*\0id\";s:36:\"beffc4ab-8b53-4501-b217-f0703dd4a435\";s:11:\"\0*\0filename\";s:12:\"IMG_1941.jpg\";s:12:\"\0*\0completed\";b:1;s:8:\"\0*\0error\";b:0;s:9:\"\0*\0status\";N;}i:5;O:34:\"RokGallery_Job_Property_ImportFile\":6:{s:7:\"\0*\0path\";s:128:\"/home/englisho/public_html/willisentertainment2014/tmp/7c6d6459-cab3-48ab-8cab-b52e8abd1e1d/fa9d4397-6dca-4548-b4cc-5c5f1a7ea4da\";s:5:\"\0*\0id\";s:36:\"fa9d4397-6dca-4548-b4cc-5c5f1a7ea4da\";s:11:\"\0*\0filename\";s:12:\"IMG_1944.jpg\";s:12:\"\0*\0completed\";b:1;s:8:\"\0*\0error\";b:0;s:9:\"\0*\0status\";N;}i:6;O:34:\"RokGallery_Job_Property_ImportFile\":6:{s:7:\"\0*\0path\";s:128:\"/home/englisho/public_html/willisentertainment2014/tmp/7c6d6459-cab3-48ab-8cab-b52e8abd1e1d/6cbbf47b-a3e1-4c72-85de-c8999cdf0f14\";s:5:\"\0*\0id\";s:36:\"6cbbf47b-a3e1-4c72-85de-c8999cdf0f14\";s:11:\"\0*\0filename\";s:12:\"IMG_1946.jpg\";s:12:\"\0*\0completed\";b:1;s:8:\"\0*\0error\";b:0;s:9:\"\0*\0status\";N;}}', 'Completed', 'Importing Complete', 100, 'O:27:\"RokGallery_Job_StateMachine\":5:{s:9:\"\0*\0_state\";O:33:\"RokGallery_Job_StateMap_Completed\":2:{s:8:\"\0*\0_name\";s:33:\"RokGallery_Job_StateMap.Completed\";s:6:\"\0*\0_id\";i:8;}s:18:\"\0*\0_previous_state\";O:31:\"RokGallery_Job_StateMap_Running\":2:{s:8:\"\0*\0_name\";s:31:\"RokGallery_Job_StateMap.Running\";s:6:\"\0*\0_id\";i:2;}s:15:\"\0*\0_state_stack\";a:0:{}s:14:\"\0*\0_transition\";N;s:14:\"\0*\0_debug_flag\";b:0;}', '2014-07-24 15:34:34', '2014-07-24 15:34:45'),
('b6ca2a58-d02b-437c-d01a-e2bbc7cdd5e6', 'Update Gallery', 'a:2:{s:9:\"galleryId\";s:1:\"1\";s:5:\"files\";a:6:{i:0;O:35:\"RokGallery_Job_Property_GalleryFile\":4:{s:5:\"\0*\0id\";s:1:\"1\";s:12:\"\0*\0completed\";b:1;s:8:\"\0*\0error\";b:0;s:9:\"\0*\0status\";N;}i:1;O:35:\"RokGallery_Job_Property_GalleryFile\":4:{s:5:\"\0*\0id\";s:1:\"2\";s:12:\"\0*\0completed\";b:1;s:8:\"\0*\0error\";b:0;s:9:\"\0*\0status\";N;}i:2;O:35:\"RokGallery_Job_Property_GalleryFile\":4:{s:5:\"\0*\0id\";s:1:\"4\";s:12:\"\0*\0completed\";b:1;s:8:\"\0*\0error\";b:0;s:9:\"\0*\0status\";N;}i:3;O:35:\"RokGallery_Job_Property_GalleryFile\":4:{s:5:\"\0*\0id\";s:1:\"5\";s:12:\"\0*\0completed\";b:1;s:8:\"\0*\0error\";b:0;s:9:\"\0*\0status\";N;}i:4;O:35:\"RokGallery_Job_Property_GalleryFile\":4:{s:5:\"\0*\0id\";s:1:\"6\";s:12:\"\0*\0completed\";b:1;s:8:\"\0*\0error\";b:0;s:9:\"\0*\0status\";N;}i:5;O:35:\"RokGallery_Job_Property_GalleryFile\":4:{s:5:\"\0*\0id\";s:1:\"7\";s:12:\"\0*\0completed\";b:1;s:8:\"\0*\0error\";b:0;s:9:\"\0*\0status\";N;}}}', 'Completed', 'Gallery Update Complete', 100, 'O:27:\"RokGallery_Job_StateMachine\":5:{s:9:\"\0*\0_state\";O:33:\"RokGallery_Job_StateMap_Completed\":2:{s:8:\"\0*\0_name\";s:33:\"RokGallery_Job_StateMap.Completed\";s:6:\"\0*\0_id\";i:8;}s:18:\"\0*\0_previous_state\";O:31:\"RokGallery_Job_StateMap_Running\":2:{s:8:\"\0*\0_name\";s:31:\"RokGallery_Job_StateMap.Running\";s:6:\"\0*\0_id\";i:2;}s:15:\"\0*\0_state_stack\";a:0:{}s:14:\"\0*\0_transition\";N;s:14:\"\0*\0_debug_flag\";b:0;}', '2014-07-24 15:36:11', '2014-07-24 15:36:12'),
('ec85b3e6-8fa8-46da-9ef2-2a9b9159eacc', 'Import', 'a:1:{i:0;O:34:\"RokGallery_Job_Property_ImportFile\":6:{s:7:\"\0*\0path\";s:128:\"/home/englisho/public_html/willisentertainment2014/tmp/ec85b3e6-8fa8-46da-9ef2-2a9b9159eacc/762faecd-187f-40e8-df75-27050dca56a7\";s:5:\"\0*\0id\";s:36:\"762faecd-187f-40e8-df75-27050dca56a7\";s:11:\"\0*\0filename\";s:32:\"copy of IMG_2362 - Version 2.jpg\";s:12:\"\0*\0completed\";b:1;s:8:\"\0*\0error\";b:0;s:9:\"\0*\0status\";N;}}', 'Completed', 'Importing Complete', 100, 'O:27:\"RokGallery_Job_StateMachine\":5:{s:9:\"\0*\0_state\";O:33:\"RokGallery_Job_StateMap_Completed\":2:{s:8:\"\0*\0_name\";s:33:\"RokGallery_Job_StateMap.Completed\";s:6:\"\0*\0_id\";i:8;}s:18:\"\0*\0_previous_state\";O:31:\"RokGallery_Job_StateMap_Running\":2:{s:8:\"\0*\0_name\";s:31:\"RokGallery_Job_StateMap.Running\";s:6:\"\0*\0_id\";i:2;}s:15:\"\0*\0_state_stack\";a:0:{}s:14:\"\0*\0_transition\";N;s:14:\"\0*\0_debug_flag\";b:0;}', '2014-10-09 15:25:04', '2014-10-09 15:25:08');

-- --------------------------------------------------------

--
-- Table structure for table `joom_rokgallery_profiles`
--

CREATE TABLE `joom_rokgallery_profiles` (
  `id` int(10) UNSIGNED NOT NULL,
  `name` varchar(200) NOT NULL,
  `profile` text NOT NULL,
  `created_at` datetime NOT NULL,
  `updated_at` datetime NOT NULL
) ENGINE=InnoDB DEFAULT CHARSET=utf8;

-- --------------------------------------------------------

--
-- Table structure for table `joom_rokgallery_schema_version`
--

CREATE TABLE `joom_rokgallery_schema_version` (
  `version` int(11) DEFAULT NULL
) ENGINE=InnoDB DEFAULT CHARSET=utf8;

--
-- Dumping data for table `joom_rokgallery_schema_version`
--

INSERT INTO `joom_rokgallery_schema_version` (`version`) VALUES
(2);

-- --------------------------------------------------------

--
-- Table structure for table `joom_rokgallery_slices`
--

CREATE TABLE `joom_rokgallery_slices` (
  `id` int(10) UNSIGNED NOT NULL,
  `file_id` int(10) UNSIGNED NOT NULL,
  `gallery_id` int(10) UNSIGNED DEFAULT NULL,
  `guid` char(36) NOT NULL,
  `title` varchar(200) DEFAULT NULL,
  `caption` text,
  `link` text,
  `filesize` int(10) UNSIGNED NOT NULL,
  `xsize` int(10) UNSIGNED NOT NULL,
  `ysize` int(10) UNSIGNED NOT NULL,
  `published` tinyint(1) NOT NULL DEFAULT '0',
  `admin_thumb` tinyint(1) NOT NULL DEFAULT '0',
  `manipulations` longtext,
  `palette` text,
  `created_at` datetime NOT NULL,
  `updated_at` datetime NOT NULL,
  `slug` varchar(255) DEFAULT NULL,
  `thumb_xsize` int(10) UNSIGNED NOT NULL,
  `thumb_ysize` int(10) UNSIGNED NOT NULL,
  `thumb_keep_aspect` tinyint(1) NOT NULL DEFAULT '1',
  `thumb_background` varchar(12) DEFAULT NULL,
  `ordering` int(10) UNSIGNED NOT NULL
) ENGINE=InnoDB DEFAULT CHARSET=utf8;

--
-- Dumping data for table `joom_rokgallery_slices`
--

INSERT INTO `joom_rokgallery_slices` (`id`, `file_id`, `gallery_id`, `guid`, `title`, `caption`, `link`, `filesize`, `xsize`, `ysize`, `published`, `admin_thumb`, `manipulations`, `palette`, `created_at`, `updated_at`, `slug`, `thumb_xsize`, `thumb_ysize`, `thumb_keep_aspect`, `thumb_background`, `ordering`) VALUES
(1, 1, NULL, 'c29c7c8f-4aa6-4c97-f8b9-51400d32965b', 'Admin Thumbnail', 'Admin Thumbnail', NULL, 9128, 300, 180, 0, 1, 'a:2:{i:0;O:37:\"RokGallery_Manipulation_Action_Resize\":4:{s:7:\"\0*\0type\";s:6:\"resize\";s:5:\"width\";i:300;s:6:\"height\";i:450;s:8:\"\0*\0setup\";b:1;}i:1;O:35:\"RokGallery_Manipulation_Action_Crop\":6:{s:7:\"\0*\0type\";s:4:\"crop\";s:4:\"left\";i:0;s:3:\"top\";i:135;s:5:\"width\";i:300;s:6:\"height\";i:180;s:8:\"\0*\0setup\";b:1;}}', NULL, '2014-07-24 15:34:44', '2014-07-24 15:34:44', 'admin-thumbnail', 150, 150, 1, NULL, 10),
(2, 2, NULL, '3f3e8e4c-0940-49d1-d100-1746f836b4fa', 'Admin Thumbnail', 'Admin Thumbnail', NULL, 12050, 300, 180, 0, 1, 'a:2:{i:0;O:37:\"RokGallery_Manipulation_Action_Resize\":4:{s:7:\"\0*\0type\";s:6:\"resize\";s:5:\"width\";i:300;s:6:\"height\";i:450;s:8:\"\0*\0setup\";b:1;}i:1;O:35:\"RokGallery_Manipulation_Action_Crop\":6:{s:7:\"\0*\0type\";s:4:\"crop\";s:4:\"left\";i:0;s:3:\"top\";i:135;s:5:\"width\";i:300;s:6:\"height\";i:180;s:8:\"\0*\0setup\";b:1;}}', NULL, '2014-07-24 15:34:44', '2014-07-24 15:34:44', 'admin-thumbnail-1', 150, 150, 1, NULL, 9),
(3, 3, NULL, '5be95597-9ac8-4adc-fdb0-c36818778ef6', 'Admin Thumbnail', 'Admin Thumbnail', NULL, 10328, 300, 180, 0, 1, 'a:2:{i:0;O:37:\"RokGallery_Manipulation_Action_Resize\":4:{s:7:\"\0*\0type\";s:6:\"resize\";s:5:\"width\";i:346;s:6:\"height\";i:180;s:8:\"\0*\0setup\";b:1;}i:1;O:35:\"RokGallery_Manipulation_Action_Crop\":6:{s:7:\"\0*\0type\";s:4:\"crop\";s:4:\"left\";i:23;s:3:\"top\";i:0;s:5:\"width\";i:300;s:6:\"height\";i:180;s:8:\"\0*\0setup\";b:1;}}', NULL, '2014-07-24 15:34:45', '2014-07-24 15:34:45', 'admin-thumbnail-2', 150, 150, 1, NULL, 8),
(4, 4, NULL, '98167768-cdd7-4ed0-d8b7-67b056410f7a', 'Admin Thumbnail', 'Admin Thumbnail', NULL, 9509, 300, 180, 0, 1, 'a:2:{i:0;O:37:\"RokGallery_Manipulation_Action_Resize\":4:{s:7:\"\0*\0type\";s:6:\"resize\";s:5:\"width\";i:300;s:6:\"height\";i:450;s:8:\"\0*\0setup\";b:1;}i:1;O:35:\"RokGallery_Manipulation_Action_Crop\":6:{s:7:\"\0*\0type\";s:4:\"crop\";s:4:\"left\";i:0;s:3:\"top\";i:135;s:5:\"width\";i:300;s:6:\"height\";i:180;s:8:\"\0*\0setup\";b:1;}}', NULL, '2014-07-24 15:34:45', '2014-07-24 15:34:45', 'admin-thumbnail-3', 150, 150, 1, NULL, 7),
(5, 5, NULL, '422ca4aa-68f9-4da1-ca92-6ecc831dac55', 'Admin Thumbnail', 'Admin Thumbnail', NULL, 8881, 300, 180, 0, 1, 'a:2:{i:0;O:37:\"RokGallery_Manipulation_Action_Resize\":4:{s:7:\"\0*\0type\";s:6:\"resize\";s:5:\"width\";i:300;s:6:\"height\";i:441;s:8:\"\0*\0setup\";b:1;}i:1;O:35:\"RokGallery_Manipulation_Action_Crop\":6:{s:7:\"\0*\0type\";s:4:\"crop\";s:4:\"left\";i:0;s:3:\"top\";i:131;s:5:\"width\";i:300;s:6:\"height\";i:180;s:8:\"\0*\0setup\";b:1;}}', NULL, '2014-07-24 15:34:45', '2014-07-24 15:34:45', 'admin-thumbnail-4', 150, 150, 1, NULL, 6),
(6, 6, NULL, '4e2dabb5-8d93-4d3a-d45e-c6f3be4aa043', 'Admin Thumbnail', 'Admin Thumbnail', NULL, 11738, 300, 180, 0, 1, 'a:2:{i:0;O:37:\"RokGallery_Manipulation_Action_Resize\":4:{s:7:\"\0*\0type\";s:6:\"resize\";s:5:\"width\";i:300;s:6:\"height\";i:300;s:8:\"\0*\0setup\";b:1;}i:1;O:35:\"RokGallery_Manipulation_Action_Crop\":6:{s:7:\"\0*\0type\";s:4:\"crop\";s:4:\"left\";i:0;s:3:\"top\";i:60;s:5:\"width\";i:300;s:6:\"height\";i:180;s:8:\"\0*\0setup\";b:1;}}', NULL, '2014-07-24 15:34:45', '2014-07-24 15:34:45', 'admin-thumbnail-5', 150, 150, 1, NULL, 5),
(7, 7, NULL, '735d14e5-7f6e-4d7b-cb1f-0b9555fc2913', 'Admin Thumbnail', 'Admin Thumbnail', NULL, 11366, 300, 180, 0, 1, 'a:2:{i:0;O:37:\"RokGallery_Manipulation_Action_Resize\":4:{s:7:\"\0*\0type\";s:6:\"resize\";s:5:\"width\";i:300;s:6:\"height\";i:450;s:8:\"\0*\0setup\";b:1;}i:1;O:35:\"RokGallery_Manipulation_Action_Crop\":6:{s:7:\"\0*\0type\";s:4:\"crop\";s:4:\"left\";i:0;s:3:\"top\";i:135;s:5:\"width\";i:300;s:6:\"height\";i:180;s:8:\"\0*\0setup\";b:1;}}', NULL, '2014-07-24 15:34:45', '2014-07-24 15:34:45', 'admin-thumbnail-6', 150, 150, 1, NULL, 4),
(8, 4, 1, '656bd097-a211-476c-a467-cfd28364e568', 'DJ SERVICES', '', NULL, 14329, 213, 320, 1, 0, 'a:1:{i:0;O:37:\"RokGallery_Manipulation_Action_Resize\":4:{s:7:\"\0*\0type\";s:6:\"resize\";s:5:\"width\";s:3:\"213\";s:6:\"height\";i:320;s:8:\"\0*\0setup\";b:1;}}', NULL, '2014-07-24 15:35:30', '2014-10-09 14:48:28', 'img-1940', 190, 150, 0, 'transparent', 7),
(9, 5, 1, 'a4e0b10a-2599-4f32-cbe4-b2f2a866252b', 'DJ SERVICES', '', NULL, 14522, 213, 313, 1, 0, 'a:1:{i:0;O:37:\"RokGallery_Manipulation_Action_Resize\":4:{s:7:\"\0*\0type\";s:6:\"resize\";s:5:\"width\";s:3:\"213\";s:6:\"height\";i:313;s:8:\"\0*\0setup\";b:1;}}', NULL, '2014-07-24 15:35:30', '2014-10-09 14:49:01', 'img-1941', 190, 150, 0, 'transparent', 6),
(10, 7, 1, '753a4de5-64fc-481d-aa31-e2774f008685', 'IMG 1946', NULL, NULL, 15695, 213, 320, 0, 0, 'a:1:{i:0;O:37:\"RokGallery_Manipulation_Action_Resize\":4:{s:7:\"\0*\0type\";s:6:\"resize\";s:5:\"width\";s:3:\"213\";s:6:\"height\";i:320;s:8:\"\0*\0setup\";b:1;}}', NULL, '2014-07-24 15:35:30', '2014-10-09 14:49:54', 'img-1946', 190, 150, 0, 'transparent', 5),
(11, 1, 1, '9fbcc376-61a6-4c17-bf9c-fdd21c008219', 'LIVE PERFORMANCE', '', NULL, 10201, 213, 320, 1, 0, 'a:1:{i:0;O:37:\"RokGallery_Manipulation_Action_Resize\":4:{s:7:\"\0*\0type\";s:6:\"resize\";s:5:\"width\";s:3:\"213\";s:6:\"height\";i:320;s:8:\"\0*\0setup\";b:1;}}', NULL, '2014-07-24 15:35:30', '2014-10-09 14:50:25', 'img-1922', 190, 150, 0, 'transparent', 4),
(12, 6, 1, 'b1ceb057-dd88-40d2-937f-19f79de13d86', 'IMG 1944', NULL, NULL, 11535, 213, 213, 0, 0, 'a:1:{i:0;O:37:\"RokGallery_Manipulation_Action_Resize\":4:{s:7:\"\0*\0type\";s:6:\"resize\";s:5:\"width\";s:3:\"213\";s:6:\"height\";i:213;s:8:\"\0*\0setup\";b:1;}}', NULL, '2014-07-24 15:35:30', '2014-10-09 14:49:31', 'img-1944', 190, 150, 0, 'transparent', 3),
(13, 2, 1, 'ce133ca9-7bc1-4ff8-ea8f-392fdaa0d48b', 'IMG 1926', NULL, NULL, 14512, 213, 320, 0, 0, 'a:1:{i:0;O:37:\"RokGallery_Manipulation_Action_Resize\":4:{s:7:\"\0*\0type\";s:6:\"resize\";s:5:\"width\";s:3:\"213\";s:6:\"height\";i:320;s:8:\"\0*\0setup\";b:1;}}', NULL, '2014-07-24 15:35:30', '2014-10-09 14:51:00', 'img-1926', 190, 150, 0, 'transparent', 2),
(14, 3, 1, '8b4bb16d-34a3-44d8-ca9d-a1abdca5b8a9', 'LIVE PERFORMANCE', '', '{\"type\":\"manual\",\"link\":\"\"}', 14772, 410, 213, 0, 0, 'a:2:{i:0;O:37:\"RokGallery_Manipulation_Action_Resize\":4:{s:7:\"\0*\0type\";s:6:\"resize\";s:5:\"width\";i:410;s:6:\"height\";i:213;s:8:\"\0*\0setup\";b:1;}i:1;O:35:\"RokGallery_Manipulation_Action_Crop\":6:{s:7:\"\0*\0type\";s:4:\"crop\";s:4:\"left\";i:0;s:3:\"top\";i:0;s:5:\"width\";i:410;s:6:\"height\";i:213;s:8:\"\0*\0setup\";b:1;}}', NULL, '2014-10-09 14:52:13', '2014-10-09 15:09:35', 'img-1938', 190, 150, 0, 'transparent', 1),
(18, 11, NULL, '87da10f7-66a4-468e-f130-657eeee49908', 'Admin Thumbnail', 'Admin Thumbnail', NULL, 12067, 300, 180, 0, 1, 'a:2:{i:0;O:37:\"RokGallery_Manipulation_Action_Resize\":4:{s:7:\"\0*\0type\";s:6:\"resize\";s:5:\"width\";i:300;s:6:\"height\";i:200;s:8:\"\0*\0setup\";b:1;}i:1;O:35:\"RokGallery_Manipulation_Action_Crop\":6:{s:7:\"\0*\0type\";s:4:\"crop\";s:4:\"left\";i:0;s:3:\"top\";i:10;s:5:\"width\";i:300;s:6:\"height\";i:180;s:8:\"\0*\0setup\";b:1;}}', NULL, '2014-10-09 15:25:08', '2014-10-09 15:25:08', 'admin-thumbnail-7', 150, 150, 1, NULL, 0),
(19, 11, 1, '6264b962-5d0a-4076-86ab-2ea65a012534', 'SINGER/SONGWRITER', '', '{\"type\":\"manual\",\"link\":\"\"}', 15879, 213, 320, 1, 0, 'a:2:{i:0;O:37:\"RokGallery_Manipulation_Action_Resize\":4:{s:7:\"\0*\0type\";s:6:\"resize\";s:5:\"width\";i:481;s:6:\"height\";i:320;s:8:\"\0*\0setup\";b:1;}i:1;O:35:\"RokGallery_Manipulation_Action_Crop\":6:{s:7:\"\0*\0type\";s:4:\"crop\";s:4:\"left\";i:138;s:3:\"top\";i:0;s:5:\"width\";i:213;s:6:\"height\";i:320;s:8:\"\0*\0setup\";b:1;}}', NULL, '2014-10-09 15:26:18', '2014-10-09 15:30:59', 'copy-of-img-2362-version-2', 190, 150, 0, 'transparent', 0);

-- --------------------------------------------------------

--
-- Table structure for table `joom_rokgallery_slices_index`
--

CREATE TABLE `joom_rokgallery_slices_index` (
  `keyword` varchar(200) NOT NULL DEFAULT '',
  `field` varchar(50) NOT NULL DEFAULT '',
  `position` bigint(20) NOT NULL DEFAULT '0',
  `id` int(10) UNSIGNED NOT NULL DEFAULT '0'
) ENGINE=InnoDB DEFAULT CHARSET=utf8;

--
-- Dumping data for table `joom_rokgallery_slices_index`
--

INSERT INTO `joom_rokgallery_slices_index` (`keyword`, `field`, `position`, `id`) VALUES
('admin', 'caption', 0, 1),
('admin', 'title', 0, 1),
('thumbnail', 'caption', 1, 1),
('thumbnail', 'title', 1, 1),
('admin', 'caption', 0, 2),
('admin', 'title', 0, 2),
('thumbnail', 'caption', 1, 2),
('thumbnail', 'title', 1, 2),
('admin', 'caption', 0, 3),
('admin', 'title', 0, 3),
('thumbnail', 'caption', 1, 3),
('thumbnail', 'title', 1, 3),
('admin', 'caption', 0, 4),
('admin', 'title', 0, 4),
('thumbnail', 'caption', 1, 4),
('thumbnail', 'title', 1, 4),
('admin', 'caption', 0, 5),
('admin', 'title', 0, 5),
('thumbnail', 'caption', 1, 5),
('thumbnail', 'title', 1, 5),
('admin', 'caption', 0, 6),
('admin', 'title', 0, 6),
('thumbnail', 'caption', 1, 6),
('thumbnail', 'title', 1, 6),
('admin', 'caption', 0, 7),
('admin', 'title', 0, 7),
('thumbnail', 'caption', 1, 7),
('thumbnail', 'title', 1, 7),
('dj', 'title', 0, 8),
('services', 'title', 1, 8),
('dj', 'title', 0, 9),
('services', 'title', 1, 9),
('1946', 'title', 1, 10),
('img', 'title', 0, 10),
('live', 'title', 0, 11),
('performance', 'title', 1, 11),
('1944', 'title', 1, 12),
('img', 'title', 0, 12),
('1926', 'title', 1, 13),
('img', 'title', 0, 13),
('live', 'title', 0, 14),
('performance', 'title', 1, 14),
('admin', 'caption', 0, 18),
('admin', 'title', 0, 18),
('thumbnail', 'caption', 1, 18),
('thumbnail', 'title', 1, 18),
('singer', 'title', 0, 19),
('songwriter', 'title', 1, 19);

-- --------------------------------------------------------

--
-- Table structure for table `joom_rokgallery_slice_tags`
--

CREATE TABLE `joom_rokgallery_slice_tags` (
  `slice_id` int(10) UNSIGNED NOT NULL DEFAULT '0',
  `tag` varchar(50) NOT NULL DEFAULT ''
) ENGINE=InnoDB DEFAULT CHARSET=utf8;

-- --------------------------------------------------------

--
-- Table structure for table `joom_schemas`
--

CREATE TABLE `joom_schemas` (
  `extension_id` int(11) NOT NULL,
  `version_id` varchar(20) COLLATE utf8mb4_unicode_ci NOT NULL
) ENGINE=InnoDB DEFAULT CHARSET=utf8mb4 COLLATE=utf8mb4_unicode_ci;

--
-- Dumping data for table `joom_schemas`
--

INSERT INTO `joom_schemas` (`extension_id`, `version_id`) VALUES
(21, '3.5.1'),
(700, '3.9.22-2020-09-16');

-- --------------------------------------------------------

--
-- Table structure for table `joom_session`
--

CREATE TABLE `joom_session` (
  `session_id` varbinary(192) NOT NULL,
  `client_id` tinyint(3) UNSIGNED DEFAULT NULL,
  `guest` tinyint(3) UNSIGNED DEFAULT '1',
  `time` int(11) NOT NULL DEFAULT '0',
  `data` longtext COLLATE utf8mb4_unicode_ci,
  `userid` int(11) DEFAULT '0',
  `username` varchar(150) COLLATE utf8mb4_unicode_ci DEFAULT ''
) ENGINE=InnoDB DEFAULT CHARSET=utf8mb4 COLLATE=utf8mb4_unicode_ci;

--
-- Dumping data for table `joom_session`
--

INSERT INTO `joom_session` (`session_id`, `client_id`, `guest`, `time`, `data`, `userid`, `username`) VALUES
(0x3131663232653637653265366162636461356632303736633131333965616563, 0, 1, 1620675021, 'rokgallery|a:1:{s:4:\"data\";O:8:\"stdClass\":0:{}}joomla|s:1640:\"TzoyNDoiSm9vbWxhXFJlZ2lzdHJ5XFJlZ2lzdHJ5IjozOntzOjc6IgAqAGRhdGEiO086ODoic3RkQ2xhc3MiOjE6e3M6OToiX19kZWZhdWx0IjtPOjg6InN0ZENsYXNzIjoxMzp7czo3OiJzZXNzaW9uIjtPOjg6InN0ZENsYXNzIjozOntzOjc6ImNvdW50ZXIiO2k6MTtzOjU6InRpbWVyIjtPOjg6InN0ZENsYXNzIjozOntzOjU6InN0YXJ0IjtpOjE2MjA2NzUwMjA7czo0OiJsYXN0IjtpOjE2MjA2NzUwMjA7czozOiJub3ciO2k6MTYyMDY3NTAyMDt9czo1OiJ0b2tlbiI7czozMjoiME1mTjVTSlJKT3lOR2pjdE1yM3F4S2IzaGRQbkpNamkiO31zOjg6InJlZ2lzdHJ5IjtPOjI0OiJKb29tbGFcUmVnaXN0cnlcUmVnaXN0cnkiOjM6e3M6NzoiACoAZGF0YSI7Tzo4OiJzdGRDbGFzcyI6MDp7fXM6MTQ6IgAqAGluaXRpYWxpemVkIjtiOjA7czo5OiJzZXBhcmF0b3IiO3M6MToiLiI7fXM6NDoidXNlciI7TzoyMDoiSm9vbWxhXENNU1xVc2VyXFVzZXIiOjE6e3M6MjoiaWQiO2k6MDt9czoyMzoiZ2FudHJ5LWN1cnJlbnQtdGVtcGxhdGUiO3M6OToicnRfZ3J1bmdlIjtzOjU1OiJncnVuZ2UtYTA4ZWI0M2IxYWZmNTJmMzAyMTZmYzQ4MmJlNTBkYjgtYmFja2dyb3VuZGxldmVsIjtOO3M6NDk6ImdydW5nZS1hMDhlYjQzYjFhZmY1MmYzMDIxNmZjNDgyYmU1MGRiOC1ib2R5bGV2ZWwiO047czo1MToiZ3J1bmdlLWEwOGViNDNiMWFmZjUyZjMwMjE2ZmM0ODJiZTUwZGI4LWZvbnQtZmFtaWx5IjtOO3M6NTI6ImdydW5nZS1hMDhlYjQzYjFhZmY1MmYzMDIxNmZjNDgyYmU1MGRiOC1mb250LXNpemUtaXMiO047czo2NzoiZ3J1bmdlLWEwOGViNDNiMWFmZjUyZjMwMjE2ZmM0ODJiZTUwZGI4LWlwaG9uZS1oZWFkZXItZ3JhZGllbnQtZnJvbSI7TjtzOjY1OiJncnVuZ2UtYTA4ZWI0M2IxYWZmNTJmMzAyMTZmYzQ4MmJlNTBkYjgtaXBob25lLWhlYWRlci1ncmFkaWVudC10byI7TjtzOjc0OiJncnVuZ2UtYTA4ZWI0M2IxYWZmNTJmMzAyMTZmYzQ4MmJlNTBkYjgtaXBob25lLWhlYWRlci1ncmFkaWVudC1mcm9tb3BhY2l0eSI7TjtzOjcyOiJncnVuZ2UtYTA4ZWI0M2IxYWZmNTJmMzAyMTZmYzQ4MmJlNTBkYjgtaXBob25lLWhlYWRlci1ncmFkaWVudC10b29wYWNpdHkiO047czo1NjoiZ3J1bmdlLWEwOGViNDNiMWFmZjUyZjMwMjE2ZmM0ODJiZTUwZGI4LXR5cG9ncmFwaHktc3R5bGUiO047fX1zOjE0OiIAKgBpbml0aWFsaXplZCI7YjowO3M6OToic2VwYXJhdG9yIjtzOjE6Ii4iO30=\";', 0, ''),
(0x3133323864613665643364616666313537323539363061663935313264656230, 0, 1, 1620678233, 'rokgallery|a:1:{s:4:\"data\";O:8:\"stdClass\":0:{}}joomla|s:1640:\"TzoyNDoiSm9vbWxhXFJlZ2lzdHJ5XFJlZ2lzdHJ5IjozOntzOjc6IgAqAGRhdGEiO086ODoic3RkQ2xhc3MiOjE6e3M6OToiX19kZWZhdWx0IjtPOjg6InN0ZENsYXNzIjoxMzp7czo3OiJzZXNzaW9uIjtPOjg6InN0ZENsYXNzIjozOntzOjc6ImNvdW50ZXIiO2k6MTtzOjU6InRpbWVyIjtPOjg6InN0ZENsYXNzIjozOntzOjU6InN0YXJ0IjtpOjE2MjA2NzgyMzI7czo0OiJsYXN0IjtpOjE2MjA2NzgyMzI7czozOiJub3ciO2k6MTYyMDY3ODIzMjt9czo1OiJ0b2tlbiI7czozMjoiYkFVenBwUDV2N3NBQlJpTzFRMFRscVNvTE5RVUZyRDgiO31zOjg6InJlZ2lzdHJ5IjtPOjI0OiJKb29tbGFcUmVnaXN0cnlcUmVnaXN0cnkiOjM6e3M6NzoiACoAZGF0YSI7Tzo4OiJzdGRDbGFzcyI6MDp7fXM6MTQ6IgAqAGluaXRpYWxpemVkIjtiOjA7czo5OiJzZXBhcmF0b3IiO3M6MToiLiI7fXM6NDoidXNlciI7TzoyMDoiSm9vbWxhXENNU1xVc2VyXFVzZXIiOjE6e3M6MjoiaWQiO2k6MDt9czoyMzoiZ2FudHJ5LWN1cnJlbnQtdGVtcGxhdGUiO3M6OToicnRfZ3J1bmdlIjtzOjU1OiJncnVuZ2UtYTA4ZWI0M2IxYWZmNTJmMzAyMTZmYzQ4MmJlNTBkYjgtYmFja2dyb3VuZGxldmVsIjtOO3M6NDk6ImdydW5nZS1hMDhlYjQzYjFhZmY1MmYzMDIxNmZjNDgyYmU1MGRiOC1ib2R5bGV2ZWwiO047czo1MToiZ3J1bmdlLWEwOGViNDNiMWFmZjUyZjMwMjE2ZmM0ODJiZTUwZGI4LWZvbnQtZmFtaWx5IjtOO3M6NTI6ImdydW5nZS1hMDhlYjQzYjFhZmY1MmYzMDIxNmZjNDgyYmU1MGRiOC1mb250LXNpemUtaXMiO047czo2NzoiZ3J1bmdlLWEwOGViNDNiMWFmZjUyZjMwMjE2ZmM0ODJiZTUwZGI4LWlwaG9uZS1oZWFkZXItZ3JhZGllbnQtZnJvbSI7TjtzOjY1OiJncnVuZ2UtYTA4ZWI0M2IxYWZmNTJmMzAyMTZmYzQ4MmJlNTBkYjgtaXBob25lLWhlYWRlci1ncmFkaWVudC10byI7TjtzOjc0OiJncnVuZ2UtYTA4ZWI0M2IxYWZmNTJmMzAyMTZmYzQ4MmJlNTBkYjgtaXBob25lLWhlYWRlci1ncmFkaWVudC1mcm9tb3BhY2l0eSI7TjtzOjcyOiJncnVuZ2UtYTA4ZWI0M2IxYWZmNTJmMzAyMTZmYzQ4MmJlNTBkYjgtaXBob25lLWhlYWRlci1ncmFkaWVudC10b29wYWNpdHkiO047czo1NjoiZ3J1bmdlLWEwOGViNDNiMWFmZjUyZjMwMjE2ZmM0ODJiZTUwZGI4LXR5cG9ncmFwaHktc3R5bGUiO047fX1zOjE0OiIAKgBpbml0aWFsaXplZCI7YjowO3M6OToic2VwYXJhdG9yIjtzOjE6Ii4iO30=\";', 0, ''),
(0x3163346331316439316130326634623366376162636431306161613963336238, 0, 1, 1620669420, 'rokgallery|a:1:{s:4:\"data\";O:8:\"stdClass\":0:{}}joomla|s:1640:\"TzoyNDoiSm9vbWxhXFJlZ2lzdHJ5XFJlZ2lzdHJ5IjozOntzOjc6IgAqAGRhdGEiO086ODoic3RkQ2xhc3MiOjE6e3M6OToiX19kZWZhdWx0IjtPOjg6InN0ZENsYXNzIjoxMzp7czo3OiJzZXNzaW9uIjtPOjg6InN0ZENsYXNzIjozOntzOjc6ImNvdW50ZXIiO2k6MTtzOjU6InRpbWVyIjtPOjg6InN0ZENsYXNzIjozOntzOjU6InN0YXJ0IjtpOjE2MjA2Njk0MjA7czo0OiJsYXN0IjtpOjE2MjA2Njk0MjA7czozOiJub3ciO2k6MTYyMDY2OTQyMDt9czo1OiJ0b2tlbiI7czozMjoiRG10NXNleG1qN0JrN0pYWmRrZ2NFekprVzZhZzk2amwiO31zOjg6InJlZ2lzdHJ5IjtPOjI0OiJKb29tbGFcUmVnaXN0cnlcUmVnaXN0cnkiOjM6e3M6NzoiACoAZGF0YSI7Tzo4OiJzdGRDbGFzcyI6MDp7fXM6MTQ6IgAqAGluaXRpYWxpemVkIjtiOjA7czo5OiJzZXBhcmF0b3IiO3M6MToiLiI7fXM6NDoidXNlciI7TzoyMDoiSm9vbWxhXENNU1xVc2VyXFVzZXIiOjE6e3M6MjoiaWQiO2k6MDt9czoyMzoiZ2FudHJ5LWN1cnJlbnQtdGVtcGxhdGUiO3M6OToicnRfZ3J1bmdlIjtzOjU1OiJncnVuZ2UtYTA4ZWI0M2IxYWZmNTJmMzAyMTZmYzQ4MmJlNTBkYjgtYmFja2dyb3VuZGxldmVsIjtOO3M6NDk6ImdydW5nZS1hMDhlYjQzYjFhZmY1MmYzMDIxNmZjNDgyYmU1MGRiOC1ib2R5bGV2ZWwiO047czo1MToiZ3J1bmdlLWEwOGViNDNiMWFmZjUyZjMwMjE2ZmM0ODJiZTUwZGI4LWZvbnQtZmFtaWx5IjtOO3M6NTI6ImdydW5nZS1hMDhlYjQzYjFhZmY1MmYzMDIxNmZjNDgyYmU1MGRiOC1mb250LXNpemUtaXMiO047czo2NzoiZ3J1bmdlLWEwOGViNDNiMWFmZjUyZjMwMjE2ZmM0ODJiZTUwZGI4LWlwaG9uZS1oZWFkZXItZ3JhZGllbnQtZnJvbSI7TjtzOjY1OiJncnVuZ2UtYTA4ZWI0M2IxYWZmNTJmMzAyMTZmYzQ4MmJlNTBkYjgtaXBob25lLWhlYWRlci1ncmFkaWVudC10byI7TjtzOjc0OiJncnVuZ2UtYTA4ZWI0M2IxYWZmNTJmMzAyMTZmYzQ4MmJlNTBkYjgtaXBob25lLWhlYWRlci1ncmFkaWVudC1mcm9tb3BhY2l0eSI7TjtzOjcyOiJncnVuZ2UtYTA4ZWI0M2IxYWZmNTJmMzAyMTZmYzQ4MmJlNTBkYjgtaXBob25lLWhlYWRlci1ncmFkaWVudC10b29wYWNpdHkiO047czo1NjoiZ3J1bmdlLWEwOGViNDNiMWFmZjUyZjMwMjE2ZmM0ODJiZTUwZGI4LXR5cG9ncmFwaHktc3R5bGUiO047fX1zOjE0OiIAKgBpbml0aWFsaXplZCI7YjowO3M6OToic2VwYXJhdG9yIjtzOjE6Ii4iO30=\";', 0, ''),
(0x3164393332333139633165383961633430336331313432393438363331336535, 0, 1, 1620675268, 'rokgallery|a:1:{s:4:\"data\";O:8:\"stdClass\":0:{}}joomla|s:1640:\"TzoyNDoiSm9vbWxhXFJlZ2lzdHJ5XFJlZ2lzdHJ5IjozOntzOjc6IgAqAGRhdGEiO086ODoic3RkQ2xhc3MiOjE6e3M6OToiX19kZWZhdWx0IjtPOjg6InN0ZENsYXNzIjoxMzp7czo3OiJzZXNzaW9uIjtPOjg6InN0ZENsYXNzIjozOntzOjc6ImNvdW50ZXIiO2k6MTtzOjU6InRpbWVyIjtPOjg6InN0ZENsYXNzIjozOntzOjU6InN0YXJ0IjtpOjE2MjA2NzUyNjg7czo0OiJsYXN0IjtpOjE2MjA2NzUyNjg7czozOiJub3ciO2k6MTYyMDY3NTI2ODt9czo1OiJ0b2tlbiI7czozMjoiekdMeGZ3bFd5NFZsamFSREFHRFpxVlIySXNkOHF4Q0oiO31zOjg6InJlZ2lzdHJ5IjtPOjI0OiJKb29tbGFcUmVnaXN0cnlcUmVnaXN0cnkiOjM6e3M6NzoiACoAZGF0YSI7Tzo4OiJzdGRDbGFzcyI6MDp7fXM6MTQ6IgAqAGluaXRpYWxpemVkIjtiOjA7czo5OiJzZXBhcmF0b3IiO3M6MToiLiI7fXM6NDoidXNlciI7TzoyMDoiSm9vbWxhXENNU1xVc2VyXFVzZXIiOjE6e3M6MjoiaWQiO2k6MDt9czoyMzoiZ2FudHJ5LWN1cnJlbnQtdGVtcGxhdGUiO3M6OToicnRfZ3J1bmdlIjtzOjU1OiJncnVuZ2UtYTA4ZWI0M2IxYWZmNTJmMzAyMTZmYzQ4MmJlNTBkYjgtYmFja2dyb3VuZGxldmVsIjtOO3M6NDk6ImdydW5nZS1hMDhlYjQzYjFhZmY1MmYzMDIxNmZjNDgyYmU1MGRiOC1ib2R5bGV2ZWwiO047czo1MToiZ3J1bmdlLWEwOGViNDNiMWFmZjUyZjMwMjE2ZmM0ODJiZTUwZGI4LWZvbnQtZmFtaWx5IjtOO3M6NTI6ImdydW5nZS1hMDhlYjQzYjFhZmY1MmYzMDIxNmZjNDgyYmU1MGRiOC1mb250LXNpemUtaXMiO047czo2NzoiZ3J1bmdlLWEwOGViNDNiMWFmZjUyZjMwMjE2ZmM0ODJiZTUwZGI4LWlwaG9uZS1oZWFkZXItZ3JhZGllbnQtZnJvbSI7TjtzOjY1OiJncnVuZ2UtYTA4ZWI0M2IxYWZmNTJmMzAyMTZmYzQ4MmJlNTBkYjgtaXBob25lLWhlYWRlci1ncmFkaWVudC10byI7TjtzOjc0OiJncnVuZ2UtYTA4ZWI0M2IxYWZmNTJmMzAyMTZmYzQ4MmJlNTBkYjgtaXBob25lLWhlYWRlci1ncmFkaWVudC1mcm9tb3BhY2l0eSI7TjtzOjcyOiJncnVuZ2UtYTA4ZWI0M2IxYWZmNTJmMzAyMTZmYzQ4MmJlNTBkYjgtaXBob25lLWhlYWRlci1ncmFkaWVudC10b29wYWNpdHkiO047czo1NjoiZ3J1bmdlLWEwOGViNDNiMWFmZjUyZjMwMjE2ZmM0ODJiZTUwZGI4LXR5cG9ncmFwaHktc3R5bGUiO047fX1zOjE0OiIAKgBpbml0aWFsaXplZCI7YjowO3M6OToic2VwYXJhdG9yIjtzOjE6Ii4iO30=\";', 0, ''),
(0x3237626630353136353661316533313865643233663064393336623636656134, 1, 1, 1620675478, 'joomla|s:736:\"TzoyNDoiSm9vbWxhXFJlZ2lzdHJ5XFJlZ2lzdHJ5IjozOntzOjc6IgAqAGRhdGEiO086ODoic3RkQ2xhc3MiOjE6e3M6OToiX19kZWZhdWx0IjtPOjg6InN0ZENsYXNzIjozOntzOjc6InNlc3Npb24iO086ODoic3RkQ2xhc3MiOjM6e3M6NzoiY291bnRlciI7aToyO3M6NToidGltZXIiO086ODoic3RkQ2xhc3MiOjM6e3M6NToic3RhcnQiO2k6MTYyMDY3NTQ3NjtzOjQ6Imxhc3QiO2k6MTYyMDY3NTQ3NjtzOjM6Im5vdyI7aToxNjIwNjc1NDc3O31zOjU6InRva2VuIjtzOjMyOiJEQnRzMzdoUXZDanZQWTlRb3dsaUxRS2d2OUZGSlJ0UiI7fXM6ODoicmVnaXN0cnkiO086MjQ6Ikpvb21sYVxSZWdpc3RyeVxSZWdpc3RyeSI6Mzp7czo3OiIAKgBkYXRhIjtPOjg6InN0ZENsYXNzIjowOnt9czoxNDoiACoAaW5pdGlhbGl6ZWQiO2I6MDtzOjk6InNlcGFyYXRvciI7czoxOiIuIjt9czo0OiJ1c2VyIjtPOjIwOiJKb29tbGFcQ01TXFVzZXJcVXNlciI6MTp7czoyOiJpZCI7aTowO319fXM6MTQ6IgAqAGluaXRpYWxpemVkIjtiOjA7czo5OiJzZXBhcmF0b3IiO3M6MToiLiI7fQ==\";', 0, ''),
(0x3330656537393433316538306463643431643561353261366439343933366337, 0, 1, 1620674354, 'joomla|s:896:\"TzoyNDoiSm9vbWxhXFJlZ2lzdHJ5XFJlZ2lzdHJ5IjozOntzOjc6IgAqAGRhdGEiO086ODoic3RkQ2xhc3MiOjE6e3M6OToiX19kZWZhdWx0IjtPOjg6InN0ZENsYXNzIjozOntzOjc6InNlc3Npb24iO086ODoic3RkQ2xhc3MiOjI6e3M6NzoiY291bnRlciI7aToxO3M6NToidGltZXIiO086ODoic3RkQ2xhc3MiOjM6e3M6NToic3RhcnQiO2k6MTYyMDY3NDM1MztzOjQ6Imxhc3QiO2k6MTYyMDY3NDM1MztzOjM6Im5vdyI7aToxNjIwNjc0MzUzO319czo4OiJyZWdpc3RyeSI7TzoyNDoiSm9vbWxhXFJlZ2lzdHJ5XFJlZ2lzdHJ5IjozOntzOjc6IgAqAGRhdGEiO086ODoic3RkQ2xhc3MiOjI6e3M6MTM6ImNvbV9pbnN0YWxsZXIiO086ODoic3RkQ2xhc3MiOjI6e3M6NzoibWVzc2FnZSI7czowOiIiO3M6MTc6ImV4dGVuc2lvbl9tZXNzYWdlIjtzOjA6IiI7fXM6NjoiZ2xvYmFsIjtPOjg6InN0ZENsYXNzIjoxOntzOjQ6Imxpc3QiO086ODoic3RkQ2xhc3MiOjE6e3M6NToibGltaXQiO2k6MTA7fX19czoxNDoiACoAaW5pdGlhbGl6ZWQiO2I6MDtzOjk6InNlcGFyYXRvciI7czoxOiIuIjt9czo0OiJ1c2VyIjtPOjIwOiJKb29tbGFcQ01TXFVzZXJcVXNlciI6MTp7czoyOiJpZCI7aTowO319fXM6MTQ6IgAqAGluaXRpYWxpemVkIjtiOjA7czo5OiJzZXBhcmF0b3IiO3M6MToiLiI7fQ==\";', 0, ''),
(0x3335653935643535386266656562303964303864623932353431633165616237, 0, 1, 1620675231, 'joomla|s:664:\"TzoyNDoiSm9vbWxhXFJlZ2lzdHJ5XFJlZ2lzdHJ5IjozOntzOjc6IgAqAGRhdGEiO086ODoic3RkQ2xhc3MiOjE6e3M6OToiX19kZWZhdWx0IjtPOjg6InN0ZENsYXNzIjozOntzOjc6InNlc3Npb24iO086ODoic3RkQ2xhc3MiOjI6e3M6NzoiY291bnRlciI7aToxO3M6NToidGltZXIiO086ODoic3RkQ2xhc3MiOjM6e3M6NToic3RhcnQiO2k6MTYyMDY3NTIzMTtzOjQ6Imxhc3QiO2k6MTYyMDY3NTIzMTtzOjM6Im5vdyI7aToxNjIwNjc1MjMxO319czo4OiJyZWdpc3RyeSI7TzoyNDoiSm9vbWxhXFJlZ2lzdHJ5XFJlZ2lzdHJ5IjozOntzOjc6IgAqAGRhdGEiO086ODoic3RkQ2xhc3MiOjA6e31zOjE0OiIAKgBpbml0aWFsaXplZCI7YjowO3M6OToic2VwYXJhdG9yIjtzOjE6Ii4iO31zOjQ6InVzZXIiO086MjA6Ikpvb21sYVxDTVNcVXNlclxVc2VyIjoxOntzOjI6ImlkIjtpOjA7fX19czoxNDoiACoAaW5pdGlhbGl6ZWQiO2I6MDtzOjk6InNlcGFyYXRvciI7czoxOiIuIjt9\";', 0, ''),
(0x3431313139323662383631373062643433393036373863366661616239636532, 0, 1, 1620679080, 'rokgallery|a:1:{s:4:\"data\";O:8:\"stdClass\":0:{}}joomla|s:2172:\"TzoyNDoiSm9vbWxhXFJlZ2lzdHJ5XFJlZ2lzdHJ5IjozOntzOjc6IgAqAGRhdGEiO086ODoic3RkQ2xhc3MiOjE6e3M6OToiX19kZWZhdWx0IjtPOjg6InN0ZENsYXNzIjoxNDp7czo3OiJzZXNzaW9uIjtPOjg6InN0ZENsYXNzIjozOntzOjc6ImNvdW50ZXIiO2k6MztzOjU6InRpbWVyIjtPOjg6InN0ZENsYXNzIjozOntzOjU6InN0YXJ0IjtpOjE2MjA2NzkwNzI7czo0OiJsYXN0IjtpOjE2MjA2NzkwNzc7czozOiJub3ciO2k6MTYyMDY3OTA3OTt9czo1OiJ0b2tlbiI7czozMjoiVG1Eb3h6QUNKeVFManN1WmhJQWhwOUZpT1FnNmZYV1ciO31zOjg6InJlZ2lzdHJ5IjtPOjI0OiJKb29tbGFcUmVnaXN0cnlcUmVnaXN0cnkiOjM6e3M6NzoiACoAZGF0YSI7Tzo4OiJzdGRDbGFzcyI6MTp7czoxMToiY29tX2NvbnRhY3QiO086ODoic3RkQ2xhc3MiOjE6e3M6NzoiY29udGFjdCI7Tzo4OiJzdGRDbGFzcyI6MTp7czo0OiJkYXRhIjthOjY6e3M6MTI6ImNvbnRhY3RfbmFtZSI7czo4OiJGb2N1c3VyYiI7czoxMzoiY29udGFjdF9lbWFpbCI7czoyMToiZGV4a25pdmVzMTNAZ21haWwuY29tIjtzOjE1OiJjb250YWN0X3N1YmplY3QiO3M6MzA6InN0YXJ0IHRvIHdyaXRlIG9uIHRoZSBrZXlib2FyZCI7czoxNToiY29udGFjdF9tZXNzYWdlIjtzOjI1OiJtb251bWVudHMgcmVsYXRlZCB0byBkZWVwIjtzOjE4OiJjb250YWN0X2VtYWlsX2NvcHkiO3M6MToiMSI7czo1OiJjYXRpZCI7czoxOiI5Ijt9fX19czoxNDoiACoAaW5pdGlhbGl6ZWQiO2I6MDtzOjk6InNlcGFyYXRvciI7czoxOiIuIjt9czo0OiJ1c2VyIjtPOjIwOiJKb29tbGFcQ01TXFVzZXJcVXNlciI6MTp7czoyOiJpZCI7aTowO31zOjIzOiJnYW50cnktY3VycmVudC10ZW1wbGF0ZSI7czo5OiJydF9ncnVuZ2UiO3M6NTU6ImdydW5nZS1hMDhlYjQzYjFhZmY1MmYzMDIxNmZjNDgyYmU1MGRiOC1iYWNrZ3JvdW5kbGV2ZWwiO047czo0OToiZ3J1bmdlLWEwOGViNDNiMWFmZjUyZjMwMjE2ZmM0ODJiZTUwZGI4LWJvZHlsZXZlbCI7TjtzOjUxOiJncnVuZ2UtYTA4ZWI0M2IxYWZmNTJmMzAyMTZmYzQ4MmJlNTBkYjgtZm9udC1mYW1pbHkiO047czo1MjoiZ3J1bmdlLWEwOGViNDNiMWFmZjUyZjMwMjE2ZmM0ODJiZTUwZGI4LWZvbnQtc2l6ZS1pcyI7TjtzOjY3OiJncnVuZ2UtYTA4ZWI0M2IxYWZmNTJmMzAyMTZmYzQ4MmJlNTBkYjgtaXBob25lLWhlYWRlci1ncmFkaWVudC1mcm9tIjtOO3M6NjU6ImdydW5nZS1hMDhlYjQzYjFhZmY1MmYzMDIxNmZjNDgyYmU1MGRiOC1pcGhvbmUtaGVhZGVyLWdyYWRpZW50LXRvIjtOO3M6NzQ6ImdydW5nZS1hMDhlYjQzYjFhZmY1MmYzMDIxNmZjNDgyYmU1MGRiOC1pcGhvbmUtaGVhZGVyLWdyYWRpZW50LWZyb21vcGFjaXR5IjtOO3M6NzI6ImdydW5nZS1hMDhlYjQzYjFhZmY1MmYzMDIxNmZjNDgyYmU1MGRiOC1pcGhvbmUtaGVhZGVyLWdyYWRpZW50LXRvb3BhY2l0eSI7TjtzOjU2OiJncnVuZ2UtYTA4ZWI0M2IxYWZmNTJmMzAyMTZmYzQ4MmJlNTBkYjgtdHlwb2dyYXBoeS1zdHlsZSI7TjtzOjExOiJhcHBsaWNhdGlvbiI7Tzo4OiJzdGRDbGFzcyI6MTp7czo1OiJxdWV1ZSI7YTowOnt9fX19czoxNDoiACoAaW5pdGlhbGl6ZWQiO2I6MDtzOjk6InNlcGFyYXRvciI7czoxOiIuIjt9\";', 0, ''),
(0x3532396438373431623038653630653831643564616537656331653866356139, 0, 1, 1620674357, 'joomla|s:664:\"TzoyNDoiSm9vbWxhXFJlZ2lzdHJ5XFJlZ2lzdHJ5IjozOntzOjc6IgAqAGRhdGEiO086ODoic3RkQ2xhc3MiOjE6e3M6OToiX19kZWZhdWx0IjtPOjg6InN0ZENsYXNzIjozOntzOjc6InNlc3Npb24iO086ODoic3RkQ2xhc3MiOjI6e3M6NzoiY291bnRlciI7aToxO3M6NToidGltZXIiO086ODoic3RkQ2xhc3MiOjM6e3M6NToic3RhcnQiO2k6MTYyMDY3NDM1NztzOjQ6Imxhc3QiO2k6MTYyMDY3NDM1NztzOjM6Im5vdyI7aToxNjIwNjc0MzU3O319czo4OiJyZWdpc3RyeSI7TzoyNDoiSm9vbWxhXFJlZ2lzdHJ5XFJlZ2lzdHJ5IjozOntzOjc6IgAqAGRhdGEiO086ODoic3RkQ2xhc3MiOjA6e31zOjE0OiIAKgBpbml0aWFsaXplZCI7YjowO3M6OToic2VwYXJhdG9yIjtzOjE6Ii4iO31zOjQ6InVzZXIiO086MjA6Ikpvb21sYVxDTVNcVXNlclxVc2VyIjoxOntzOjI6ImlkIjtpOjA7fX19czoxNDoiACoAaW5pdGlhbGl6ZWQiO2I6MDtzOjk6InNlcGFyYXRvciI7czoxOiIuIjt9\";', 0, ''),
(0x3734346437396631383833353337616466306536626135326338653133653630, 1, 1, 1620675478, 'joomla|s:736:\"TzoyNDoiSm9vbWxhXFJlZ2lzdHJ5XFJlZ2lzdHJ5IjozOntzOjc6IgAqAGRhdGEiO086ODoic3RkQ2xhc3MiOjE6e3M6OToiX19kZWZhdWx0IjtPOjg6InN0ZENsYXNzIjozOntzOjc6InNlc3Npb24iO086ODoic3RkQ2xhc3MiOjM6e3M6NzoiY291bnRlciI7aToyO3M6NToidGltZXIiO086ODoic3RkQ2xhc3MiOjM6e3M6NToic3RhcnQiO2k6MTYyMDY3NTQ3NztzOjQ6Imxhc3QiO2k6MTYyMDY3NTQ3NztzOjM6Im5vdyI7aToxNjIwNjc1NDc3O31zOjU6InRva2VuIjtzOjMyOiJmcnpUZjRNU2JYZVdYbXhuUTVFZTkyWTNiaUpaZWI4dSI7fXM6ODoicmVnaXN0cnkiO086MjQ6Ikpvb21sYVxSZWdpc3RyeVxSZWdpc3RyeSI6Mzp7czo3OiIAKgBkYXRhIjtPOjg6InN0ZENsYXNzIjowOnt9czoxNDoiACoAaW5pdGlhbGl6ZWQiO2I6MDtzOjk6InNlcGFyYXRvciI7czoxOiIuIjt9czo0OiJ1c2VyIjtPOjIwOiJKb29tbGFcQ01TXFVzZXJcVXNlciI6MTp7czoyOiJpZCI7aTowO319fXM6MTQ6IgAqAGluaXRpYWxpemVkIjtiOjA7czo5OiJzZXBhcmF0b3IiO3M6MToiLiI7fQ==\";', 0, ''),
(0x3839636464313234333833376438346239386130663362633765633638386633, 0, 1, 1620678908, 'rokgallery|a:1:{s:4:\"data\";O:8:\"stdClass\":0:{}}joomla|s:1784:\"TzoyNDoiSm9vbWxhXFJlZ2lzdHJ5XFJlZ2lzdHJ5IjozOntzOjc6IgAqAGRhdGEiO086ODoic3RkQ2xhc3MiOjE6e3M6OToiX19kZWZhdWx0IjtPOjg6InN0ZENsYXNzIjoxMzp7czo3OiJzZXNzaW9uIjtPOjg6InN0ZENsYXNzIjozOntzOjc6ImNvdW50ZXIiO2k6NTtzOjU6InRpbWVyIjtPOjg6InN0ZENsYXNzIjozOntzOjU6InN0YXJ0IjtpOjE2MjA2Nzg5MDM7czo0OiJsYXN0IjtpOjE2MjA2Nzg5MDY7czozOiJub3ciO2k6MTYyMDY3ODkwODt9czo1OiJ0b2tlbiI7czozMjoiRHhMNWcxcHcxZFJzcTBiSWkyVk0wSk10dWNwcDAwWTEiO31zOjg6InJlZ2lzdHJ5IjtPOjI0OiJKb29tbGFcUmVnaXN0cnlcUmVnaXN0cnkiOjM6e3M6NzoiACoAZGF0YSI7Tzo4OiJzdGRDbGFzcyI6MTp7czoxMToiY29tX2NvbnRhY3QiO086ODoic3RkQ2xhc3MiOjE6e3M6NzoiY29udGFjdCI7Tzo4OiJzdGRDbGFzcyI6MTp7czo0OiJkYXRhIjthOjE6e3M6NToiY2F0aWQiO3M6MToiOSI7fX19fXM6MTQ6IgAqAGluaXRpYWxpemVkIjtiOjA7czo5OiJzZXBhcmF0b3IiO3M6MToiLiI7fXM6NDoidXNlciI7TzoyMDoiSm9vbWxhXENNU1xVc2VyXFVzZXIiOjE6e3M6MjoiaWQiO2k6MDt9czoyMzoiZ2FudHJ5LWN1cnJlbnQtdGVtcGxhdGUiO3M6OToicnRfZ3J1bmdlIjtzOjU1OiJncnVuZ2UtYTA4ZWI0M2IxYWZmNTJmMzAyMTZmYzQ4MmJlNTBkYjgtYmFja2dyb3VuZGxldmVsIjtOO3M6NDk6ImdydW5nZS1hMDhlYjQzYjFhZmY1MmYzMDIxNmZjNDgyYmU1MGRiOC1ib2R5bGV2ZWwiO047czo1MToiZ3J1bmdlLWEwOGViNDNiMWFmZjUyZjMwMjE2ZmM0ODJiZTUwZGI4LWZvbnQtZmFtaWx5IjtOO3M6NTI6ImdydW5nZS1hMDhlYjQzYjFhZmY1MmYzMDIxNmZjNDgyYmU1MGRiOC1mb250LXNpemUtaXMiO047czo2NzoiZ3J1bmdlLWEwOGViNDNiMWFmZjUyZjMwMjE2ZmM0ODJiZTUwZGI4LWlwaG9uZS1oZWFkZXItZ3JhZGllbnQtZnJvbSI7TjtzOjY1OiJncnVuZ2UtYTA4ZWI0M2IxYWZmNTJmMzAyMTZmYzQ4MmJlNTBkYjgtaXBob25lLWhlYWRlci1ncmFkaWVudC10byI7TjtzOjc0OiJncnVuZ2UtYTA4ZWI0M2IxYWZmNTJmMzAyMTZmYzQ4MmJlNTBkYjgtaXBob25lLWhlYWRlci1ncmFkaWVudC1mcm9tb3BhY2l0eSI7TjtzOjcyOiJncnVuZ2UtYTA4ZWI0M2IxYWZmNTJmMzAyMTZmYzQ4MmJlNTBkYjgtaXBob25lLWhlYWRlci1ncmFkaWVudC10b29wYWNpdHkiO047czo1NjoiZ3J1bmdlLWEwOGViNDNiMWFmZjUyZjMwMjE2ZmM0ODJiZTUwZGI4LXR5cG9ncmFwaHktc3R5bGUiO047fX1zOjE0OiIAKgBpbml0aWFsaXplZCI7YjowO3M6OToic2VwYXJhdG9yIjtzOjE6Ii4iO30=\";', 0, ''),
(0x6166346163306563633663393037653862306439316563393838653033623965, 0, 1, 1620672649, 'rokgallery|a:1:{s:4:\"data\";O:8:\"stdClass\":0:{}}joomla|s:1640:\"TzoyNDoiSm9vbWxhXFJlZ2lzdHJ5XFJlZ2lzdHJ5IjozOntzOjc6IgAqAGRhdGEiO086ODoic3RkQ2xhc3MiOjE6e3M6OToiX19kZWZhdWx0IjtPOjg6InN0ZENsYXNzIjoxMzp7czo3OiJzZXNzaW9uIjtPOjg6InN0ZENsYXNzIjozOntzOjc6ImNvdW50ZXIiO2k6MTtzOjU6InRpbWVyIjtPOjg6InN0ZENsYXNzIjozOntzOjU6InN0YXJ0IjtpOjE2MjA2NzI2NDg7czo0OiJsYXN0IjtpOjE2MjA2NzI2NDg7czozOiJub3ciO2k6MTYyMDY3MjY0ODt9czo1OiJ0b2tlbiI7czozMjoiQ0VIZm1ISVRmRmk3Y2xxM0JvNmxxUGQ4QzZrd25qWjAiO31zOjg6InJlZ2lzdHJ5IjtPOjI0OiJKb29tbGFcUmVnaXN0cnlcUmVnaXN0cnkiOjM6e3M6NzoiACoAZGF0YSI7Tzo4OiJzdGRDbGFzcyI6MDp7fXM6MTQ6IgAqAGluaXRpYWxpemVkIjtiOjA7czo5OiJzZXBhcmF0b3IiO3M6MToiLiI7fXM6NDoidXNlciI7TzoyMDoiSm9vbWxhXENNU1xVc2VyXFVzZXIiOjE6e3M6MjoiaWQiO2k6MDt9czoyMzoiZ2FudHJ5LWN1cnJlbnQtdGVtcGxhdGUiO3M6OToicnRfZ3J1bmdlIjtzOjU1OiJncnVuZ2UtYTA4ZWI0M2IxYWZmNTJmMzAyMTZmYzQ4MmJlNTBkYjgtYmFja2dyb3VuZGxldmVsIjtOO3M6NDk6ImdydW5nZS1hMDhlYjQzYjFhZmY1MmYzMDIxNmZjNDgyYmU1MGRiOC1ib2R5bGV2ZWwiO047czo1MToiZ3J1bmdlLWEwOGViNDNiMWFmZjUyZjMwMjE2ZmM0ODJiZTUwZGI4LWZvbnQtZmFtaWx5IjtOO3M6NTI6ImdydW5nZS1hMDhlYjQzYjFhZmY1MmYzMDIxNmZjNDgyYmU1MGRiOC1mb250LXNpemUtaXMiO047czo2NzoiZ3J1bmdlLWEwOGViNDNiMWFmZjUyZjMwMjE2ZmM0ODJiZTUwZGI4LWlwaG9uZS1oZWFkZXItZ3JhZGllbnQtZnJvbSI7TjtzOjY1OiJncnVuZ2UtYTA4ZWI0M2IxYWZmNTJmMzAyMTZmYzQ4MmJlNTBkYjgtaXBob25lLWhlYWRlci1ncmFkaWVudC10byI7TjtzOjc0OiJncnVuZ2UtYTA4ZWI0M2IxYWZmNTJmMzAyMTZmYzQ4MmJlNTBkYjgtaXBob25lLWhlYWRlci1ncmFkaWVudC1mcm9tb3BhY2l0eSI7TjtzOjcyOiJncnVuZ2UtYTA4ZWI0M2IxYWZmNTJmMzAyMTZmYzQ4MmJlNTBkYjgtaXBob25lLWhlYWRlci1ncmFkaWVudC10b29wYWNpdHkiO047czo1NjoiZ3J1bmdlLWEwOGViNDNiMWFmZjUyZjMwMjE2ZmM0ODJiZTUwZGI4LXR5cG9ncmFwaHktc3R5bGUiO047fX1zOjE0OiIAKgBpbml0aWFsaXplZCI7YjowO3M6OToic2VwYXJhdG9yIjtzOjE6Ii4iO30=\";', 0, ''),
(0x6337303761636539333966633434666263386362646637643934646564376665, 0, 1, 1620671678, 'rokgallery|a:1:{s:4:\"data\";O:8:\"stdClass\":0:{}}joomla|s:1640:\"TzoyNDoiSm9vbWxhXFJlZ2lzdHJ5XFJlZ2lzdHJ5IjozOntzOjc6IgAqAGRhdGEiO086ODoic3RkQ2xhc3MiOjE6e3M6OToiX19kZWZhdWx0IjtPOjg6InN0ZENsYXNzIjoxMzp7czo3OiJzZXNzaW9uIjtPOjg6InN0ZENsYXNzIjozOntzOjc6ImNvdW50ZXIiO2k6MTtzOjU6InRpbWVyIjtPOjg6InN0ZENsYXNzIjozOntzOjU6InN0YXJ0IjtpOjE2MjA2NzE2Nzc7czo0OiJsYXN0IjtpOjE2MjA2NzE2Nzc7czozOiJub3ciO2k6MTYyMDY3MTY3Nzt9czo1OiJ0b2tlbiI7czozMjoiODM0Z0EyWG5DbDdrZGpQREdCdUxmbk5rSDRHeUZZekkiO31zOjg6InJlZ2lzdHJ5IjtPOjI0OiJKb29tbGFcUmVnaXN0cnlcUmVnaXN0cnkiOjM6e3M6NzoiACoAZGF0YSI7Tzo4OiJzdGRDbGFzcyI6MDp7fXM6MTQ6IgAqAGluaXRpYWxpemVkIjtiOjA7czo5OiJzZXBhcmF0b3IiO3M6MToiLiI7fXM6NDoidXNlciI7TzoyMDoiSm9vbWxhXENNU1xVc2VyXFVzZXIiOjE6e3M6MjoiaWQiO2k6MDt9czoyMzoiZ2FudHJ5LWN1cnJlbnQtdGVtcGxhdGUiO3M6OToicnRfZ3J1bmdlIjtzOjU1OiJncnVuZ2UtYTA4ZWI0M2IxYWZmNTJmMzAyMTZmYzQ4MmJlNTBkYjgtYmFja2dyb3VuZGxldmVsIjtOO3M6NDk6ImdydW5nZS1hMDhlYjQzYjFhZmY1MmYzMDIxNmZjNDgyYmU1MGRiOC1ib2R5bGV2ZWwiO047czo1MToiZ3J1bmdlLWEwOGViNDNiMWFmZjUyZjMwMjE2ZmM0ODJiZTUwZGI4LWZvbnQtZmFtaWx5IjtOO3M6NTI6ImdydW5nZS1hMDhlYjQzYjFhZmY1MmYzMDIxNmZjNDgyYmU1MGRiOC1mb250LXNpemUtaXMiO047czo2NzoiZ3J1bmdlLWEwOGViNDNiMWFmZjUyZjMwMjE2ZmM0ODJiZTUwZGI4LWlwaG9uZS1oZWFkZXItZ3JhZGllbnQtZnJvbSI7TjtzOjY1OiJncnVuZ2UtYTA4ZWI0M2IxYWZmNTJmMzAyMTZmYzQ4MmJlNTBkYjgtaXBob25lLWhlYWRlci1ncmFkaWVudC10byI7TjtzOjc0OiJncnVuZ2UtYTA4ZWI0M2IxYWZmNTJmMzAyMTZmYzQ4MmJlNTBkYjgtaXBob25lLWhlYWRlci1ncmFkaWVudC1mcm9tb3BhY2l0eSI7TjtzOjcyOiJncnVuZ2UtYTA4ZWI0M2IxYWZmNTJmMzAyMTZmYzQ4MmJlNTBkYjgtaXBob25lLWhlYWRlci1ncmFkaWVudC10b29wYWNpdHkiO047czo1NjoiZ3J1bmdlLWEwOGViNDNiMWFmZjUyZjMwMjE2ZmM0ODJiZTUwZGI4LXR5cG9ncmFwaHktc3R5bGUiO047fX1zOjE0OiIAKgBpbml0aWFsaXplZCI7YjowO3M6OToic2VwYXJhdG9yIjtzOjE6Ii4iO30=\";', 0, ''),
(0x6564336261616430623165383964306165393638376161646464363263393034, 1, 1, 1620670952, 'joomla|s:736:\"TzoyNDoiSm9vbWxhXFJlZ2lzdHJ5XFJlZ2lzdHJ5IjozOntzOjc6IgAqAGRhdGEiO086ODoic3RkQ2xhc3MiOjE6e3M6OToiX19kZWZhdWx0IjtPOjg6InN0ZENsYXNzIjozOntzOjc6InNlc3Npb24iO086ODoic3RkQ2xhc3MiOjM6e3M6NzoiY291bnRlciI7aTozO3M6NToidGltZXIiO086ODoic3RkQ2xhc3MiOjM6e3M6NToic3RhcnQiO2k6MTYyMDY3MDk0OTtzOjQ6Imxhc3QiO2k6MTYyMDY3MDk1MTtzOjM6Im5vdyI7aToxNjIwNjcwOTUyO31zOjU6InRva2VuIjtzOjMyOiJhRW9hZnhzeUhlSUppRjJBMVo5OG9kM3JlaUtMQTJ5RSI7fXM6ODoicmVnaXN0cnkiO086MjQ6Ikpvb21sYVxSZWdpc3RyeVxSZWdpc3RyeSI6Mzp7czo3OiIAKgBkYXRhIjtPOjg6InN0ZENsYXNzIjowOnt9czoxNDoiACoAaW5pdGlhbGl6ZWQiO2I6MDtzOjk6InNlcGFyYXRvciI7czoxOiIuIjt9czo0OiJ1c2VyIjtPOjIwOiJKb29tbGFcQ01TXFVzZXJcVXNlciI6MTp7czoyOiJpZCI7aTowO319fXM6MTQ6IgAqAGluaXRpYWxpemVkIjtiOjA7czo5OiJzZXBhcmF0b3IiO3M6MToiLiI7fQ==\";', 0, ''),
(0x6636333362336337356433343666653035626232636433353334376563303531, 0, 1, 1620678176, 'rokgallery|a:1:{s:4:\"data\";O:8:\"stdClass\":0:{}}joomla|s:1640:\"TzoyNDoiSm9vbWxhXFJlZ2lzdHJ5XFJlZ2lzdHJ5IjozOntzOjc6IgAqAGRhdGEiO086ODoic3RkQ2xhc3MiOjE6e3M6OToiX19kZWZhdWx0IjtPOjg6InN0ZENsYXNzIjoxMzp7czo3OiJzZXNzaW9uIjtPOjg6InN0ZENsYXNzIjozOntzOjc6ImNvdW50ZXIiO2k6MTtzOjU6InRpbWVyIjtPOjg6InN0ZENsYXNzIjozOntzOjU6InN0YXJ0IjtpOjE2MjA2NzgxNzY7czo0OiJsYXN0IjtpOjE2MjA2NzgxNzY7czozOiJub3ciO2k6MTYyMDY3ODE3Njt9czo1OiJ0b2tlbiI7czozMjoicGZQeUt6azdIaXJxVUpTSFpGQ1QzY083ZVBPbXhIMVYiO31zOjg6InJlZ2lzdHJ5IjtPOjI0OiJKb29tbGFcUmVnaXN0cnlcUmVnaXN0cnkiOjM6e3M6NzoiACoAZGF0YSI7Tzo4OiJzdGRDbGFzcyI6MDp7fXM6MTQ6IgAqAGluaXRpYWxpemVkIjtiOjA7czo5OiJzZXBhcmF0b3IiO3M6MToiLiI7fXM6NDoidXNlciI7TzoyMDoiSm9vbWxhXENNU1xVc2VyXFVzZXIiOjE6e3M6MjoiaWQiO2k6MDt9czoyMzoiZ2FudHJ5LWN1cnJlbnQtdGVtcGxhdGUiO3M6OToicnRfZ3J1bmdlIjtzOjU1OiJncnVuZ2UtYTA4ZWI0M2IxYWZmNTJmMzAyMTZmYzQ4MmJlNTBkYjgtYmFja2dyb3VuZGxldmVsIjtOO3M6NDk6ImdydW5nZS1hMDhlYjQzYjFhZmY1MmYzMDIxNmZjNDgyYmU1MGRiOC1ib2R5bGV2ZWwiO047czo1MToiZ3J1bmdlLWEwOGViNDNiMWFmZjUyZjMwMjE2ZmM0ODJiZTUwZGI4LWZvbnQtZmFtaWx5IjtOO3M6NTI6ImdydW5nZS1hMDhlYjQzYjFhZmY1MmYzMDIxNmZjNDgyYmU1MGRiOC1mb250LXNpemUtaXMiO047czo2NzoiZ3J1bmdlLWEwOGViNDNiMWFmZjUyZjMwMjE2ZmM0ODJiZTUwZGI4LWlwaG9uZS1oZWFkZXItZ3JhZGllbnQtZnJvbSI7TjtzOjY1OiJncnVuZ2UtYTA4ZWI0M2IxYWZmNTJmMzAyMTZmYzQ4MmJlNTBkYjgtaXBob25lLWhlYWRlci1ncmFkaWVudC10byI7TjtzOjc0OiJncnVuZ2UtYTA4ZWI0M2IxYWZmNTJmMzAyMTZmYzQ4MmJlNTBkYjgtaXBob25lLWhlYWRlci1ncmFkaWVudC1mcm9tb3BhY2l0eSI7TjtzOjcyOiJncnVuZ2UtYTA4ZWI0M2IxYWZmNTJmMzAyMTZmYzQ4MmJlNTBkYjgtaXBob25lLWhlYWRlci1ncmFkaWVudC10b29wYWNpdHkiO047czo1NjoiZ3J1bmdlLWEwOGViNDNiMWFmZjUyZjMwMjE2ZmM0ODJiZTUwZGI4LXR5cG9ncmFwaHktc3R5bGUiO047fX1zOjE0OiIAKgBpbml0aWFsaXplZCI7YjowO3M6OToic2VwYXJhdG9yIjtzOjE6Ii4iO30=\";', 0, '');

-- --------------------------------------------------------

--
-- Table structure for table `joom_tags`
--

CREATE TABLE `joom_tags` (
  `id` int(10) UNSIGNED NOT NULL,
  `parent_id` int(10) UNSIGNED NOT NULL DEFAULT '0',
  `lft` int(11) NOT NULL DEFAULT '0',
  `rgt` int(11) NOT NULL DEFAULT '0',
  `level` int(10) UNSIGNED NOT NULL DEFAULT '0',
  `path` varchar(400) COLLATE utf8mb4_unicode_ci NOT NULL DEFAULT '',
  `title` varchar(255) COLLATE utf8mb4_unicode_ci NOT NULL,
  `alias` varchar(400) CHARACTER SET utf8mb4 COLLATE utf8mb4_bin NOT NULL DEFAULT '',
  `note` varchar(255) COLLATE utf8mb4_unicode_ci NOT NULL DEFAULT '',
  `description` longtext COLLATE utf8mb4_unicode_ci NOT NULL,
  `published` tinyint(1) NOT NULL DEFAULT '0',
  `checked_out` int(11) UNSIGNED NOT NULL DEFAULT '0',
  `checked_out_time` datetime NOT NULL DEFAULT '0000-00-00 00:00:00',
  `access` int(10) UNSIGNED NOT NULL DEFAULT '0',
  `params` mediumtext COLLATE utf8mb4_unicode_ci NOT NULL,
  `metadesc` varchar(1024) COLLATE utf8mb4_unicode_ci NOT NULL COMMENT 'The meta description for the page.',
  `metakey` varchar(1024) COLLATE utf8mb4_unicode_ci NOT NULL COMMENT 'The meta keywords for the page.',
  `metadata` varchar(2048) COLLATE utf8mb4_unicode_ci NOT NULL COMMENT 'JSON encoded metadata properties.',
  `created_user_id` int(10) UNSIGNED NOT NULL DEFAULT '0',
  `created_time` datetime NOT NULL DEFAULT '0000-00-00 00:00:00',
  `created_by_alias` varchar(255) COLLATE utf8mb4_unicode_ci NOT NULL DEFAULT '',
  `modified_user_id` int(10) UNSIGNED NOT NULL DEFAULT '0',
  `modified_time` datetime NOT NULL DEFAULT '0000-00-00 00:00:00',
  `images` mediumtext COLLATE utf8mb4_unicode_ci NOT NULL,
  `urls` mediumtext COLLATE utf8mb4_unicode_ci NOT NULL,
  `hits` int(10) UNSIGNED NOT NULL DEFAULT '0',
  `language` char(7) COLLATE utf8mb4_unicode_ci NOT NULL,
  `version` int(10) UNSIGNED NOT NULL DEFAULT '1',
  `publish_up` datetime NOT NULL DEFAULT '0000-00-00 00:00:00',
  `publish_down` datetime NOT NULL DEFAULT '0000-00-00 00:00:00'
) ENGINE=InnoDB DEFAULT CHARSET=utf8mb4 COLLATE=utf8mb4_unicode_ci;

--
-- Dumping data for table `joom_tags`
--

INSERT INTO `joom_tags` (`id`, `parent_id`, `lft`, `rgt`, `level`, `path`, `title`, `alias`, `note`, `description`, `published`, `checked_out`, `checked_out_time`, `access`, `params`, `metadesc`, `metakey`, `metadata`, `created_user_id`, `created_time`, `created_by_alias`, `modified_user_id`, `modified_time`, `images`, `urls`, `hits`, `language`, `version`, `publish_up`, `publish_down`) VALUES
(1, 0, 0, 1, 0, '', 'ROOT', 'root', '', '', 1, 0, '0000-00-00 00:00:00', 1, '', '', '', '', 0, '2011-01-01 00:00:01', '', 0, '0000-00-00 00:00:00', '', '', 0, '*', 1, '0000-00-00 00:00:00', '0000-00-00 00:00:00');

-- --------------------------------------------------------

--
-- Table structure for table `joom_template_styles`
--

CREATE TABLE `joom_template_styles` (
  `id` int(10) UNSIGNED NOT NULL,
  `template` varchar(50) COLLATE utf8mb4_unicode_ci NOT NULL DEFAULT '',
  `client_id` tinyint(1) UNSIGNED NOT NULL DEFAULT '0',
  `home` char(7) COLLATE utf8mb4_unicode_ci NOT NULL DEFAULT '0',
  `title` varchar(255) COLLATE utf8mb4_unicode_ci NOT NULL DEFAULT '',
  `params` mediumtext COLLATE utf8mb4_unicode_ci NOT NULL
) ENGINE=InnoDB DEFAULT CHARSET=utf8mb4 COLLATE=utf8mb4_unicode_ci;

--
-- Dumping data for table `joom_template_styles`
--

INSERT INTO `joom_template_styles` (`id`, `template`, `client_id`, `home`, `title`, `params`) VALUES
(4, 'beez3', 0, '0', 'Beez3 - Default', '{\"wrapperSmall\":\"53\",\"wrapperLarge\":\"72\",\"logo\":\"images\\/joomla_black.gif\",\"sitetitle\":\"Joomla!\",\"sitedescription\":\"Open Source Content Management\",\"navposition\":\"left\",\"templatecolor\":\"personal\",\"html5\":\"0\"}'),
(5, 'hathor', 1, '0', 'Hathor - Default', '{\"showSiteName\":\"0\",\"colourChoice\":\"\",\"boldText\":\"0\"}'),
(7, 'protostar', 0, '0', 'protostar - Default', '{\"templateColor\":\"\",\"logoFile\":\"\",\"googleFont\":\"1\",\"googleFontName\":\"Open+Sans\",\"fluidContainer\":\"0\"}'),
(8, 'isis', 1, '1', 'isis - Default', '{\"templateColor\":\"\",\"logoFile\":\"\"}'),
(10, 'rt_grunge', 0, '1', 'Grunge - Default', '{\"master\":\"true\",\"current_id\":\"10\",\"template_full_name\":\"Grunge\",\"grid_system\":\"12\",\"template_prefix\":\"grunge-\",\"cookie_time\":\"31536000\",\"bgcolor\":\"foo\",\"copy_lang_files_if_diff\":\"1\",\"backgroundlevel\":\"high\",\"bodylevel\":\"high\",\"cssstyle\":\"style1\",\"linkcolor\":\"#a46923\",\"font\":{\"family\":\"s:bebas\",\"size\":\"default\",\"size-is\":\"default\"},\"viewswitcher-priority\":\"1\",\"logo-priority\":\"2\",\"copyright-priority\":\"3\",\"styledeclaration-priority\":\"4\",\"iphonegradients-priority\":\"5\",\"date-priority\":\"6\",\"fontsizer-priority\":\"7\",\"totop-priority\":\"8\",\"systemmessages-priority\":\"9\",\"inactive-priority\":\"10\",\"iphoneimages-priority\":\"11\",\"morearticles-priority\":\"12\",\"smartload-priority\":\"13\",\"pagesuffix-priority\":\"14\",\"resetsettings-priority\":\"15\",\"analytics-priority\":\"16\",\"belatedpng-priority\":\"17\",\"fusionmenu-priority\":\"18\",\"ie7splash-priority\":\"19\",\"jstools-priority\":\"21\",\"rtl-priority\":\"23\",\"splitmenu-priority\":\"24\",\"splicemenu-priority\":\"25\",\"touchmenu-priority\":\"26\",\"styledeclaration-enabled\":\"1\",\"logo\":{\"enabled\":\"0\",\"position\":\"top-a\",\"autosize\":\"1\",\"perstyle\":\"1\",\"css\":\"body #rt-logo\"},\"date\":{\"enabled\":\"1\",\"position\":\"top-c\",\"clientside\":\"0\",\"formats\":\"%A, %B %d, %Y\"},\"fontsizer\":{\"enabled\":\"0\",\"position\":\"drawer\"},\"branding\":{\"enabled\":\"0\",\"position\":\"copyright\"},\"copyright\":{\"enabled\":\"1\",\"position\":\"copyright\",\"text\":\"&copy 2014-2018 Willis Entertainment\"},\"smartload\":{\"enabled\":\"1\",\"text\":\"200\",\"ignores\":\"com_community,com_contact,com_k2,com_tienda,com_weblinks\",\"exclusion\":\"ul.menutop span.image\"},\"totop\":{\"enabled\":\"1\",\"position\":\"copyright\",\"text\":\"Scroll To Top\"},\"systemmessages\":{\"enabled\":\"1\",\"position\":\"content-top-a\"},\"resetsettings\":{\"enabled\":\"0\",\"position\":\"copyright\",\"text\":\"Reset Settings\"},\"analytics\":{\"enabled\":\"1\",\"code\":\"UA-43083782-1\",\"position\":\"analytics\"},\"header\":{\"layout\":\"3,3,3,3\",\"showall\":\"0\",\"showmax\":\"6\"},\"top\":{\"layout\":\"3,3,3,3\",\"showall\":\"0\",\"showmax\":\"6\"},\"showcase\":{\"layout\":\"3,3,3,3\",\"showall\":\"0\",\"showmax\":\"6\"},\"feature\":{\"layout\":\"3,3,3,3\",\"showall\":\"0\",\"showmax\":\"6\"},\"maintop\":{\"layout\":\"3,3,3,3\",\"showall\":\"0\",\"showmax\":\"6\"},\"mainbodyPosition\":\"8,4\",\"mainbottom\":{\"layout\":\"3,3,3,3\",\"showall\":\"0\",\"showmax\":\"6\"},\"bottom\":{\"layout\":\"3,3,3,3\",\"showall\":\"0\",\"showmax\":\"6\"},\"footer\":{\"layout\":\"3,3,3,3\",\"showall\":\"0\",\"showmax\":\"6\"},\"iphone-enabled\":\"1\",\"iphone-scalable\":\"0\",\"iphone-switcher\":{\"enabled\":\"1\",\"position\":\"mobile-copyright\"},\"touchmenu\":{\"menutype\":\"mainmenu\",\"enabled\":\"1\",\"position\":\"mobile-navigation\",\"theme\":\"touch\",\"animation\":\"slide\",\"cache\":\"0\",\"module_cache\":\"1\",\"startLevel\":\"0\",\"endLevel\":\"20\",\"showAllChildren\":\"1\"},\"iphoneimages\":{\"enabled\":\"1\",\"minWidth\":\"80\",\"percentage\":\"25\"},\"iphone-header-gradient\":{\"from\":\"#89B6B6\",\"to\":\"#89B6B6\",\"direction_start\":\"left-top\",\"fromopacity\":\"0.9\",\"toopacity\":\"1\",\"direction_end\":\"left-bottom\"},\"mobile\":{\"drawer\":\"mobile-drawer\",\"top\":\"top-a\",\"header\":\"header-a\",\"navigation\":\"mobile-navigation\",\"showcase\":\"mobile-showcase\",\"footer\":\"footer-a\",\"copyright\":\"copyright\"},\"cache\":{\"enabled\":\"1\",\"time\":\"900\"},\"component-enabled\":\"1\",\"rtl-enabled\":\"1\",\"pagesuffix-enabled\":\"0\",\"typography\":{\"enabled\":\"1\",\"style\":\"light\"},\"extensions\":\"1\",\"ie7splash-enabled\":\"1\"}');

-- --------------------------------------------------------

--
-- Table structure for table `joom_ucm_base`
--

CREATE TABLE `joom_ucm_base` (
  `ucm_id` int(10) UNSIGNED NOT NULL,
  `ucm_item_id` int(10) NOT NULL,
  `ucm_type_id` int(11) NOT NULL,
  `ucm_language_id` int(11) NOT NULL
) ENGINE=InnoDB DEFAULT CHARSET=utf8mb4 COLLATE=utf8mb4_unicode_ci;

-- --------------------------------------------------------

--
-- Table structure for table `joom_ucm_content`
--

CREATE TABLE `joom_ucm_content` (
  `core_content_id` int(10) UNSIGNED NOT NULL,
  `core_type_alias` varchar(400) COLLATE utf8mb4_unicode_ci NOT NULL DEFAULT '' COMMENT 'FK to the content types table',
  `core_title` varchar(400) COLLATE utf8mb4_unicode_ci NOT NULL DEFAULT '',
  `core_alias` varchar(400) CHARACTER SET utf8mb4 COLLATE utf8mb4_bin NOT NULL DEFAULT '',
  `core_body` mediumtext COLLATE utf8mb4_unicode_ci,
  `core_state` tinyint(1) NOT NULL DEFAULT '0',
  `core_checked_out_time` varchar(255) COLLATE utf8mb4_unicode_ci NOT NULL DEFAULT '0000-00-00 00:00:00',
  `core_checked_out_user_id` int(10) UNSIGNED NOT NULL DEFAULT '0',
  `core_access` int(10) UNSIGNED NOT NULL DEFAULT '0',
  `core_params` text COLLATE utf8mb4_unicode_ci,
  `core_featured` tinyint(4) UNSIGNED NOT NULL DEFAULT '0',
  `core_metadata` varchar(2048) COLLATE utf8mb4_unicode_ci NOT NULL DEFAULT '' COMMENT 'JSON encoded metadata properties.',
  `core_created_user_id` int(10) UNSIGNED NOT NULL DEFAULT '0',
  `core_created_by_alias` varchar(255) COLLATE utf8mb4_unicode_ci NOT NULL DEFAULT '',
  `core_created_time` datetime NOT NULL DEFAULT '0000-00-00 00:00:00',
  `core_modified_user_id` int(10) UNSIGNED NOT NULL DEFAULT '0' COMMENT 'Most recent user that modified',
  `core_modified_time` datetime NOT NULL DEFAULT '0000-00-00 00:00:00',
  `core_language` char(7) COLLATE utf8mb4_unicode_ci NOT NULL DEFAULT '',
  `core_publish_up` datetime NOT NULL DEFAULT '0000-00-00 00:00:00',
  `core_publish_down` datetime NOT NULL DEFAULT '0000-00-00 00:00:00',
  `core_content_item_id` int(10) UNSIGNED NOT NULL DEFAULT '0' COMMENT 'ID from the individual type table',
  `asset_id` int(10) UNSIGNED NOT NULL DEFAULT '0' COMMENT 'FK to the #__assets table.',
  `core_images` text COLLATE utf8mb4_unicode_ci,
  `core_urls` text COLLATE utf8mb4_unicode_ci,
  `core_hits` int(10) UNSIGNED NOT NULL DEFAULT '0',
  `core_version` int(10) UNSIGNED NOT NULL DEFAULT '1',
  `core_ordering` int(11) NOT NULL DEFAULT '0',
  `core_metakey` text COLLATE utf8mb4_unicode_ci,
  `core_metadesc` text COLLATE utf8mb4_unicode_ci,
  `core_catid` int(10) UNSIGNED NOT NULL DEFAULT '0',
  `core_xreference` varchar(50) COLLATE utf8mb4_unicode_ci NOT NULL DEFAULT '' COMMENT 'A reference to enable linkages to external data sets.',
  `core_type_id` int(10) UNSIGNED NOT NULL DEFAULT '0'
) ENGINE=InnoDB DEFAULT CHARSET=utf8mb4 COLLATE=utf8mb4_unicode_ci COMMENT='Contains core content data in name spaced fields';

-- --------------------------------------------------------

--
-- Table structure for table `joom_ucm_history`
--

CREATE TABLE `joom_ucm_history` (
  `version_id` int(10) UNSIGNED NOT NULL,
  `ucm_item_id` int(10) UNSIGNED NOT NULL,
  `ucm_type_id` int(10) UNSIGNED NOT NULL,
  `version_note` varchar(255) COLLATE utf8mb4_unicode_ci NOT NULL DEFAULT '' COMMENT 'Optional version name',
  `save_date` datetime NOT NULL DEFAULT '0000-00-00 00:00:00',
  `editor_user_id` int(10) UNSIGNED NOT NULL DEFAULT '0',
  `character_count` int(10) UNSIGNED NOT NULL DEFAULT '0' COMMENT 'Number of characters in this version.',
  `sha1_hash` varchar(50) COLLATE utf8mb4_unicode_ci NOT NULL DEFAULT '' COMMENT 'SHA1 hash of the version_data column.',
  `version_data` longtext COLLATE utf8mb4_unicode_ci NOT NULL COMMENT 'json-encoded string of version data',
  `keep_forever` tinyint(4) NOT NULL DEFAULT '0' COMMENT '0=auto delete; 1=keep'
) ENGINE=InnoDB DEFAULT CHARSET=utf8mb4 COLLATE=utf8mb4_unicode_ci;

--
-- Dumping data for table `joom_ucm_history`
--

INSERT INTO `joom_ucm_history` (`version_id`, `ucm_item_id`, `ucm_type_id`, `version_note`, `save_date`, `editor_user_id`, `character_count`, `sha1_hash`, `version_data`, `keep_forever`) VALUES
(2, 8, 6, '', '2014-10-06 22:30:01', 319, 543, '9869c153742903b34b103136051d53b05c7114a3', '{\"id\":8,\"asset_id\":60,\"parent_id\":\"1\",\"lft\":\"13\",\"rgt\":14,\"level\":1,\"path\":null,\"extension\":\"com_content\",\"title\":\"Static Content\",\"alias\":\"static-content\",\"note\":\"\",\"description\":\"<p>static<\\/p>\",\"published\":\"1\",\"checked_out\":null,\"checked_out_time\":null,\"access\":\"1\",\"params\":\"{\\\"category_layout\\\":\\\"\\\",\\\"image\\\":\\\"\\\"}\",\"metadesc\":\"\",\"metakey\":\"\",\"metadata\":\"{\\\"author\\\":\\\"\\\",\\\"robots\\\":\\\"\\\"}\",\"created_user_id\":\"319\",\"created_time\":\"2014-10-06 22:30:01\",\"modified_user_id\":null,\"modified_time\":null,\"hits\":\"0\",\"language\":\"*\",\"version\":null}', 0),
(10, 2, 1, '', '2014-10-08 20:20:21', 319, 11546, '226fdb5ef064c5531867e78213f8caedca91d543', '{\"id\":2,\"asset_id\":64,\"title\":\"Services\",\"alias\":\"services\",\"introtext\":\"<h1 style=\\\"font-size: 16pt; font-family: serif; color: #835a01; line-height: 120%; margin-top: 10pt; margin-bottom: 0pt; text-align: center;\\\">Three Great Brands of Entertainment<br \\/> From Willis Entertainment<\\/h1>\\r\\n<h1 style=\\\"font-size: 15pt; font-family: serif; color: #835a01; line-height: 110%; margin-top: 5pt; margin-bottom: 10pt; text-align: center;\\\"><em>DJ Service, Live Music, MC (emcee) Service<\\/em><\\/h1>\\r\\n<center>\\r\\n<table border=\\\"0\\\" width=\\\"490\\\" cellspacing=\\\"0\\\" cellpadding=\\\"0\\\">\\r\\n<tbody>\\r\\n<tr>\\r\\n<td style=\\\"text-align: center;\\\" valign=\\\"bottom\\\" width=\\\"163\\\">\\r\\n<p style=\\\"font-size: 11pt; font-family: serif; line-height: 100%; margin-top: 0pt; margin-bottom: 0pt;\\\"><strong><a title=\\\"DJ Service is available by Willis Entertainment\\\" href=\\\"http:\\/\\/willisentertainment.com\\/home\\/entertainment.html#dj\\\"> <img src=\\\"http:\\/\\/willisentertainment.com\\/home\\/dj.gif\\\" alt=\\\"DJ Service is available by Willis Entertainment\\\" width=\\\"106\\\" height=\\\"102\\\" border=\\\"0\\\" \\/> <\\/a><br \\/>DJ Service<\\/strong><\\/p>\\r\\n<\\/td>\\r\\n<td style=\\\"text-align: center;\\\" valign=\\\"bottom\\\" width=\\\"163\\\">\\r\\n<p style=\\\"font-size: 11pt; font-family: serif; line-height: 100%; margin-top: 0pt; margin-bottom: 0pt; text-align: center;\\\"><strong><a title=\\\"Live performances by Jeremy Willis at Willis Entertainment\\\" href=\\\"http:\\/\\/willisentertainment.com\\/home\\/entertainment.html#lp\\\"> <img src=\\\"http:\\/\\/willisentertainment.com\\/home\\/live-music.gif\\\" alt=\\\"Live performances by Jeremy Willis at Willis Entertainment\\\" width=\\\"113\\\" height=\\\"114\\\" border=\\\"0\\\" \\/> <\\/a><br \\/>Live Performance<\\/strong><\\/p>\\r\\n<\\/td>\\r\\n<td valign=\\\"bottom\\\" width=\\\"164\\\">\\r\\n<p style=\\\"font-size: 11pt; font-family: serif; line-height: 100%; margin-top: 0pt; margin-bottom: 0pt; text-align: center;\\\"><strong><a title=\\\"MC Service by Emcee Jeremy Willis at Willis Entertainment\\\" href=\\\"http:\\/\\/willisentertainment.com\\/home\\/entertainment.html#mc\\\"> <img src=\\\"http:\\/\\/willisentertainment.com\\/home\\/mc.gif\\\" alt=\\\"MC Service by Emcee Jeremy Willis at Willis Entertainment\\\" width=\\\"134\\\" height=\\\"104\\\" border=\\\"0\\\" \\/> <\\/a><br \\/>MC Service<\\/strong><\\/p>\\r\\n<\\/td>\\r\\n<\\/tr>\\r\\n<\\/tbody>\\r\\n<\\/table>\\r\\n<\\/center>\\r\\n<p>\\u00a0<\\/p>\\r\\n<p style=\\\"font-size: 13pt; font-family: serif; line-height: 120%; margin-top: 10pt; margin-bottom: 0pt; text-align: left;\\\">Jeremy Willis, as <strong><em>Willis Entertainment<\\/em><\\/strong>, will make your event a smooth running, enjoyable, and memorable occasion! Jeremy will personally meet with you to go over all your wishes, concerns, and details well in advance to ensure that your function goes exactly the way you want it to.<br \\/><br \\/> Willis Entertainment has up-to-date digital music and modern efficient equipment to produce top quality sound for either indoor or outdoor events. This equipment can be set up to handle any size event from a small and quiet family campfire type sing-along to a dance or reception of up to 400 people. <br \\/><br \\/> If it\'s music you\'re after you can chose to have a <a title=\\\"Live performances by Jeremy Willis at Willis Entertainment\\\" href=\\\"http:\\/\\/willisentertainment.com\\/home\\/entertainment.html#lp\\\"> <strong>live performance<\\/strong><\\/a> or to use the <a title=\\\"DJ Service is available by Willis Entertainment\\\" href=\\\"http:\\/\\/willisentertainment.com\\/home\\/entertainment.html#dj\\\"> <strong>DJ service<\\/strong><\\/a> and have Jeremy play canned music. If it\'s an <a title=\\\"MC Service by Emcee Jeremy Willis at Willis Entertainment\\\" href=\\\"http:\\/\\/willisentertainment.com\\/home\\/entertainment.html#mc\\\"> <strong>Emcee (MC) or an event announcer<\\/strong><\\/a> you need then Jeremy is your man!<\\/p>\\r\\n<p>\\u00a0<\\/p>\\r\\n<p>\\u00a0<\\/p>\\r\\n<h1 style=\\\"font-size: 16pt; font-family: serif; color: #835a01; line-height: 120%; margin-top: 10pt; margin-bottom: 0pt; text-align: center;\\\">Three Great Brands of Entertainment from Willis Entertainment<\\/h1>\\r\\n<p style=\\\"font-size: 11pt; font-family: serif; line-height: 100%; margin-top: 15pt; margin-bottom: 0pt; text-align: center;\\\"><strong> <img style=\\\"border: 0; float: left;\\\" src=\\\"http:\\/\\/willisentertainment.com\\/home\\/dj.gif\\\" alt=\\\"DJ Service is available by Willis Entertainment\\\" width=\\\"106\\\" height=\\\"102\\\" border=\\\"0\\\" \\/> DJ Service<\\/strong><\\/p>\\r\\n<p style=\\\"font-size: 13pt; font-family: serif; line-height: 120%; margin-top: 10pt; margin-bottom: 0pt; text-align: left;\\\">Willis Entertainment offers reliable and prompt DJ services to a variety of indoor and outdoor venues. Our library of over 4,500 song titles is sure to cover your event\'s musical needs for both young and old. Dinner music, processionals, even grad marches are available with our comprehensive DJ service, and our personalized consultations will ensure we\'ll play what you want to hear. From the campfire to the cabaret, we\'ve got you covered!<\\/p>\\r\\n<p><br \\/><br \\/> <img style=\\\"border: 0; float: right;\\\" src=\\\"http:\\/\\/willisentertainment.com\\/home\\/djth.jpg\\\" alt=\\\"DJ Service is available by Willis Entertainment\\\" width=\\\"115\\\" height=\\\"119\\\" border=\\\"0\\\" \\/><\\/p>\\r\\n<p style=\\\"font-size: 13pt; font-family: serif; line-height: 120%; margin-top: 10pt; margin-bottom: 0pt; text-align: left;\\\">Our commitment to quality includes our equipment. Willis Entertainment takes pride in maintaining up-to-date digital music backed up by CD, played over modern and rugged portable sound systems. For your next event, try Willis Entertainment\'s brand of DJ service - you\'ll be glad you did.<\\/p>\\r\\n<p style=\\\"font-size: 14pt; font-family: serif; color: #835a01; line-height: 110%; margin-top: 20pt; margin-bottom: 0pt; text-align: center;\\\"><a name=\\\"lp\\\"><\\/a> <strong>\\\"We Bring the Western to You\\\"<\\/strong><\\/p>\\r\\n<p>\\u00a0<\\/p>\\r\\n<center>\\r\\n<p style=\\\"font-size: 11pt; font-family: serif; line-height: 100%; margin-top: 15pt; margin-bottom: 0pt; text-align: center;\\\"><strong> <img style=\\\"border: 0; float: left;\\\" src=\\\"http:\\/\\/willisentertainment.com\\/home\\/live-music.gif\\\" alt=\\\"Live performances by Jeremy Willis at Willis Entertainment\\\" width=\\\"113\\\" height=\\\"114\\\" border=\\\"0\\\" \\/> <\\/strong><br \\/><strong>Live Performance<br \\/><\\/strong><\\/p>\\r\\n<p style=\\\"font-size: 13pt; font-family: serif; line-height: 120%; margin-top: 10pt; margin-bottom: 0pt; text-align: left;\\\"><strong><a title=\\\"Live performances by Jeremy Willis at Willis Entertainment\\\" href=\\\"http:\\/\\/willisentertainment.com\\/home\\/entertainment.html#lm\\\"> <img class=\\\"spinner\\\" style=\\\"border: 0; float: right;\\\" src=\\\"http:\\/\\/willisentertainment.com\\/templates\\/rt_grunge\\/images\\/blank.gif\\\" alt=\\\"Live performances by Jeremy Willis at Willis Entertainment\\\" width=\\\"115\\\" height=\\\"101\\\" border=\\\"0\\\" \\/> <\\/a><\\/strong>If you want to give your event that extra kick, why not go with live music? Willis Entertainment offers live country music, from midnight campfire sing-alongs all the way to boot stomping dance hall tunes. We have the gear to handle up to 400 person halls, or the quiet family wedding in a rustic church. From contemporary country tunes to national anthems, our one-on-one consultation ensures that you will get the music you want for any occasion.<\\/p>\\r\\n<p style=\\\"font-size: 9pt; font-family: serif; line-height: 100%; margin-top: 15pt; margin-bottom: 0pt; text-align: right;\\\"><strong><br \\/>\\u00a0  <\\/strong><\\/p>\\r\\n<p style=\\\"font-size: 14pt; font-family: serif; color: #835a01; line-height: 110%; margin-top: 20pt; margin-bottom: 0pt; text-align: center;\\\"><a name=\\\"mc\\\"><\\/a> <strong>\\\"We Bring the Western to You\\\"<\\/strong><\\/p>\\r\\n<\\/center>\\r\\n<p>\\u00a0<strong><a title=\\\"MC Service by Emcee Jeremy Willis at Willis Entertainment\\\" href=\\\"http:\\/\\/willisentertainment.com\\/home\\/entertainment.html#mc\\\"> <img class=\\\"spinner\\\" style=\\\"border: 0; float: right;\\\" src=\\\"http:\\/\\/willisentertainment.com\\/templates\\/rt_grunge\\/images\\/blank.gif\\\" alt=\\\"MC Service by Emcee Jeremy Willis at Willis Entertainment\\\" width=\\\"115\\\" height=\\\"131\\\" border=\\\"0\\\" \\/> <\\/a><\\/strong><\\/p>\\r\\n<center>\\r\\n<p style=\\\"font-size: 11pt; font-family: serif; line-height: 100%; margin-top: 15pt; margin-bottom: 0pt; text-align: center;\\\"><strong> <img class=\\\"spinner\\\" style=\\\"border: 0; float: left;\\\" src=\\\"http:\\/\\/willisentertainment.com\\/templates\\/rt_grunge\\/images\\/blank.gif\\\" alt=\\\"MC Service by Emcee Jeremy Willis at Willis Entertainment\\\" width=\\\"134\\\" height=\\\"104\\\" border=\\\"0\\\" \\/><\\/strong><\\/p>\\r\\n<strong>MC Service<br \\/><\\/strong>\\r\\n<p style=\\\"font-size: 13pt; font-family: serif; line-height: 120%; margin-top: 10pt; margin-bottom: 0pt; text-align: left;\\\">Have you ever been faced with the challenge of finding a competent announcer? Take advantage of our<strong><a title=\\\"MC Service by Emcee Jeremy Willis at Willis Entertainment\\\" href=\\\"http:\\/\\/willisentertainment.com\\/home\\/entertainment.html#mc\\\">\\u00a0 <\\/a><\\/strong>\\u00a0expertise. For many years Willis Entertainment has announced banquets, gymkhanas, cattle shows and numerous other public events. Contact us to discuss your event needs - we can help!<\\/p>\\r\\n<p style=\\\"font-size: 9pt; font-family: serif; line-height: 100%; margin-top: 15pt; margin-bottom: 0pt; text-align: right;\\\"><strong><br \\/>\\u00a0  <\\/strong><\\/p>\\r\\n<p style=\\\"font-size: 13pt; font-family: serif; line-height: 120%; margin-top: 10pt; margin-bottom: 0pt; text-align: left;\\\">Our personalized consultations, modern equipment and years of practical experience will ensure that your event moves smoothly. Don\'t leave your events success to chance - try Willis Entertainment\'s brand of MC services. From the barnyard to the ballroom, we\'ve got you covered!<\\/p>\\r\\n<p style=\\\"font-size: 14pt; font-family: serif; color: #835a01; line-height: 110%; margin-top: 20pt; margin-bottom: 0pt; text-align: center;\\\"><strong>\\\"We Bring the Western to You\\\"<\\/strong><\\/p>\\r\\n<\\/center>\",\"fulltext\":\"\",\"state\":1,\"catid\":\"8\",\"created\":\"2014-10-08 20:20:21\",\"created_by\":\"319\",\"created_by_alias\":\"\",\"modified\":\"\",\"modified_by\":null,\"checked_out\":null,\"checked_out_time\":null,\"publish_up\":\"2014-10-08 20:20:21\",\"publish_down\":\"0000-00-00 00:00:00\",\"images\":\"{\\\"image_intro\\\":\\\"\\\",\\\"float_intro\\\":\\\"\\\",\\\"image_intro_alt\\\":\\\"\\\",\\\"image_intro_caption\\\":\\\"\\\",\\\"image_fulltext\\\":\\\"\\\",\\\"float_fulltext\\\":\\\"\\\",\\\"image_fulltext_alt\\\":\\\"\\\",\\\"image_fulltext_caption\\\":\\\"\\\"}\",\"urls\":\"{\\\"urla\\\":false,\\\"urlatext\\\":\\\"\\\",\\\"targeta\\\":\\\"\\\",\\\"urlb\\\":false,\\\"urlbtext\\\":\\\"\\\",\\\"targetb\\\":\\\"\\\",\\\"urlc\\\":false,\\\"urlctext\\\":\\\"\\\",\\\"targetc\\\":\\\"\\\"}\",\"attribs\":\"{\\\"show_title\\\":\\\"\\\",\\\"link_titles\\\":\\\"\\\",\\\"show_tags\\\":\\\"\\\",\\\"show_intro\\\":\\\"\\\",\\\"info_block_position\\\":\\\"\\\",\\\"show_category\\\":\\\"\\\",\\\"link_category\\\":\\\"\\\",\\\"show_parent_category\\\":\\\"\\\",\\\"link_parent_category\\\":\\\"\\\",\\\"show_author\\\":\\\"\\\",\\\"link_author\\\":\\\"\\\",\\\"show_create_date\\\":\\\"\\\",\\\"show_modify_date\\\":\\\"\\\",\\\"show_publish_date\\\":\\\"\\\",\\\"show_item_navigation\\\":\\\"\\\",\\\"show_icons\\\":\\\"\\\",\\\"show_print_icon\\\":\\\"\\\",\\\"show_email_icon\\\":\\\"\\\",\\\"show_vote\\\":\\\"\\\",\\\"show_hits\\\":\\\"\\\",\\\"show_noauth\\\":\\\"\\\",\\\"urls_position\\\":\\\"\\\",\\\"alternative_readmore\\\":\\\"\\\",\\\"article_layout\\\":\\\"\\\",\\\"show_publishing_options\\\":\\\"\\\",\\\"show_article_options\\\":\\\"\\\",\\\"show_urls_images_backend\\\":\\\"\\\",\\\"show_urls_images_frontend\\\":\\\"\\\"}\",\"version\":1,\"ordering\":null,\"metakey\":\"\",\"metadesc\":\"\",\"access\":\"1\",\"hits\":null,\"metadata\":\"{\\\"robots\\\":\\\"\\\",\\\"author\\\":\\\"\\\",\\\"rights\\\":\\\"\\\",\\\"xreference\\\":\\\"\\\"}\",\"featured\":\"0\",\"language\":\"*\",\"xreference\":\"\"}', 0),
(11, 3, 1, '', '2014-10-08 20:21:50', 319, 6058, '38a72ecf04f7c8161fe4f07ed8f5be77532b0f69', '{\"id\":3,\"asset_id\":65,\"title\":\"Schedule\",\"alias\":\"schedule\",\"introtext\":\"<p>Here\'s Jeremy\'s schedule to date for 2014. If you would like to book him, and the date appears to be open on the calendar, give him a shout - he\'d be glad to hear from you.\\u00a0\\u00a0<a title=\\\"Contact Us\\\" href=\\\"http:\\/\\/www.willisentertainment.com\\/index.php\\/contact-us\\\" target=\\\"_self\\\"><strong>Contact us for details!<\\/strong><\\/a><br \\/> <br \\/> Some of these events may be private functions - they are not all public events. If you are interested in ticket information for any of them, please refer to the event web site or send an <a href=\\\"mailto:%3Cdiv%20id=\\\">This email address is being protected from spambots. You need JavaScript enabled to view it.<\\/a><\\/p>\\r\\n<p><a href=\\\"mailto:%3Cdiv%20id=\\\">?subject=From%20Jeremy%27s%20web%20site\\\" title=\\\"Email Jeremy\\\"&gt;<strong>email<\\/strong><\\/a> to Jeremy and ask him for contact information.<\\/p>\\r\\n<p>\\u00a0<\\/p>\\r\\n<p style=\\\"font-size: 11pt; line-height: 120%; text-align: left;\\\"><span style=\\\"font-family: wp_bogus_font;\\\"><strong><strong style=\\\"font-family: Tahoma, Helvetica, Arial, sans-serif;\\\"><span style=\\\"font-family: wp_bogus_font;\\\">January 18th 2014-\\u00a0<\\/span><\\/strong><\\/strong>14th Annual 100 Mile House Cowboy Concert [LP], Martin Exeter Hall, 100 Mile House BC. \\u00a0Ticket information available here\\u00a0<strong><a style=\\\"font-family: Tahoma, Helvetica, Arial, sans-serif;\\\" href=\\\"http:\\/\\/www.bcchs.com\\/100mile.html\\\">http:\\/\\/www.bcchs.com\\/100mile.html<\\/a><\\/strong><\\/span><\\/p>\\r\\n<p style=\\\"font-size: 11pt; line-height: 120%; text-align: left;\\\"><strong style=\\\"font-family: wp_bogus_font; font-size: 11pt; line-height: 120%;\\\">March 8th-<\\/strong><span style=\\\"font-family: wp_bogus_font; font-size: 11pt; line-height: 120%;\\\"> Yale\\/Pritchard 4H Dance, Knutsford, BC<\\/span><\\/p>\\r\\n<p style=\\\"font-size: 11pt; line-height: 120%; text-align: left;\\\"><strong style=\\\"font-family: wp_bogus_font; font-size: 11pt; line-height: 120%;\\\">April 24th-\\u00a0<\\/strong><span style=\\\"font-family: wp_bogus_font; font-size: 11pt; line-height: 120%;\\\">The Rooftop Sessions [Guest Performer], The Ramada Inn, Kamloops BC<\\/span><\\/p>\\r\\n<p style=\\\"font-size: 11pt; line-height: 120%; text-align: left;\\\"><strong style=\\\"font-family: wp_bogus_font; font-size: 11pt; line-height: 120%;\\\">May 1st-<\\/strong><span style=\\\"font-family: wp_bogus_font; font-size: 11pt; line-height: 120%;\\\"> \\u00a0The Rooftop Sessions [Feature Performer], The Ramada Inn, Kamloops, BC<\\/span><\\/p>\\r\\n<p style=\\\"font-size: 11pt; line-height: 120%; text-align: left;\\\"><strong style=\\\"font-family: wp_bogus_font; font-size: 11pt; line-height: 120%;\\\">May 25th-\\u00a0<\\/strong><span style=\\\"font-family: wp_bogus_font; font-size: 11pt; line-height: 120%;\\\">Westbank Country Opry [Guest Performer], Emmanuel Church Auditorium, Westbank BC- for more info,\\u00a0<\\/span><a style=\\\"font-family: wp_bogus_font; font-size: 11pt; line-height: 120%;\\\" href=\\\"http:\\/\\/www.westbankcountryopry.com\\/index.html\\\">http:\\/\\/www.westbankcountryopry.com\\/index.html<\\/a><\\/p>\\r\\n<p style=\\\"font-size: 11pt; line-height: 120%; text-align: left;\\\"><strong style=\\\"font-family: wp_bogus_font; font-size: 11pt; line-height: 120%;\\\">June 7th-\\u00a0<\\/strong><span style=\\\"font-family: wp_bogus_font; font-size: 11pt; line-height: 120%;\\\">Schneider\\/Eccott Wedding, Princeton, BC<\\/span><\\/p>\\r\\n<p style=\\\"font-size: 11pt; line-height: 120%; text-align: left;\\\"><span style=\\\"font-family: wp_bogus_font; font-size: 11pt; line-height: 120%;\\\"><strong>August 14th<\\/strong>- The Rooftop Sessions [Feature Performer], duo with Mike Hilliard, The Ramada Inn, Kamloops, BC<br \\/><\\/span><\\/p>\\r\\n<p style=\\\"font-size: 11pt; line-height: 120%; text-align: left;\\\"><span style=\\\"font-family: wp_bogus_font; font-size: 11pt; line-height: 120%;\\\"><strong>September 5th-6th-7th<\\/strong>- Drovers Jubilee [LP], Barkerville, BC<\\/span><\\/p>\\r\\n<p style=\\\"font-size: 11pt; line-height: 120%; text-align: left;\\\"><strong style=\\\"font-family: Tahoma, Helvetica, Arial, sans-serif;\\\"><span style=\\\"font-family: wp_bogus_font;\\\">December 31st - <\\/span><\\/strong><span style=\\\"font-family: wp_bogus_font;\\\">NYE Bullarama Fundraiser for Farm Kids Scholarship Fund [MC], NTFF Grounds, Barriere, BC. Tickets available at the Horse Barn and the North Thompson Star Journal. More information can be found at: <a href=\\\"http:\\/\\/www.farmkidsfund.ca\\\">www.farmkidsfund.ca<\\/a><\\/span><\\/p>\",\"fulltext\":\"\",\"state\":1,\"catid\":\"8\",\"created\":\"2014-10-08 20:21:50\",\"created_by\":\"319\",\"created_by_alias\":\"\",\"modified\":\"\",\"modified_by\":null,\"checked_out\":null,\"checked_out_time\":null,\"publish_up\":\"2014-10-08 20:21:50\",\"publish_down\":\"0000-00-00 00:00:00\",\"images\":\"{\\\"image_intro\\\":\\\"\\\",\\\"float_intro\\\":\\\"\\\",\\\"image_intro_alt\\\":\\\"\\\",\\\"image_intro_caption\\\":\\\"\\\",\\\"image_fulltext\\\":\\\"\\\",\\\"float_fulltext\\\":\\\"\\\",\\\"image_fulltext_alt\\\":\\\"\\\",\\\"image_fulltext_caption\\\":\\\"\\\"}\",\"urls\":\"{\\\"urla\\\":false,\\\"urlatext\\\":\\\"\\\",\\\"targeta\\\":\\\"\\\",\\\"urlb\\\":false,\\\"urlbtext\\\":\\\"\\\",\\\"targetb\\\":\\\"\\\",\\\"urlc\\\":false,\\\"urlctext\\\":\\\"\\\",\\\"targetc\\\":\\\"\\\"}\",\"attribs\":\"{\\\"show_title\\\":\\\"\\\",\\\"link_titles\\\":\\\"\\\",\\\"show_tags\\\":\\\"\\\",\\\"show_intro\\\":\\\"\\\",\\\"info_block_position\\\":\\\"\\\",\\\"show_category\\\":\\\"\\\",\\\"link_category\\\":\\\"\\\",\\\"show_parent_category\\\":\\\"\\\",\\\"link_parent_category\\\":\\\"\\\",\\\"show_author\\\":\\\"\\\",\\\"link_author\\\":\\\"\\\",\\\"show_create_date\\\":\\\"\\\",\\\"show_modify_date\\\":\\\"\\\",\\\"show_publish_date\\\":\\\"\\\",\\\"show_item_navigation\\\":\\\"\\\",\\\"show_icons\\\":\\\"\\\",\\\"show_print_icon\\\":\\\"\\\",\\\"show_email_icon\\\":\\\"\\\",\\\"show_vote\\\":\\\"\\\",\\\"show_hits\\\":\\\"\\\",\\\"show_noauth\\\":\\\"\\\",\\\"urls_position\\\":\\\"\\\",\\\"alternative_readmore\\\":\\\"\\\",\\\"article_layout\\\":\\\"\\\",\\\"show_publishing_options\\\":\\\"\\\",\\\"show_article_options\\\":\\\"\\\",\\\"show_urls_images_backend\\\":\\\"\\\",\\\"show_urls_images_frontend\\\":\\\"\\\"}\",\"version\":1,\"ordering\":null,\"metakey\":\"\",\"metadesc\":\"\",\"access\":\"1\",\"hits\":null,\"metadata\":\"{\\\"robots\\\":\\\"\\\",\\\"author\\\":\\\"\\\",\\\"rights\\\":\\\"\\\",\\\"xreference\\\":\\\"\\\"}\",\"featured\":\"0\",\"language\":\"*\",\"xreference\":\"\"}', 0),
(12, 4, 1, '', '2014-10-08 20:23:47', 319, 5958, '5cade545e32716851b1ce25bb3563f83942373a9', '{\"id\":4,\"asset_id\":66,\"title\":\"About\",\"alias\":\"about\",\"introtext\":\"<p style=\\\"margin: 0px 0px 10px; font-size: 14px; line-height: normal; font-family: \'Lucida Grande\'; text-align: center;\\\"><span style=\\\"letter-spacing: 0.0px;\\\"><img class=\\\"pull-center\\\" title=\\\"Performance\\\" src=\\\"images\\/perform1.jpg\\\" alt=\\\"Perform\\\" \\/><\\/span><\\/p>\\r\\n<p style=\\\"margin: 0px 0px 10px; font-size: 14px; line-height: normal; font-family: \'Lucida Grande\';\\\"><span style=\\\"letter-spacing: 0.0px;\\\">Jeremy Willis brilliantly crafts history, storytelling, and humour into musical compositions that reflect the modern cowboy and his ties to the past. As a passionate artist, Jeremy Willis\\u2019s music is upbeat and modern; fused with the messages and traditions of the old time cowboy. As a long time performer, Willis\\u2019 music not only entertains, but often carries a message that provokes debate. \\u00a0<\\/span><\\/p>\\r\\n<p style=\\\"margin: 0px 0px 10px; font-size: 14px; line-height: normal; font-family: \'Lucida Grande\';\\\"><span style=\\\"letter-spacing: 0.0px;\\\">Jeremy Willis, who grew up in the Interior of BC, retains strong roots in the ranching community. At an early age he <\\/span><span style=\\\"font-size: 14px; letter-spacing: 0px;\\\">was<\\/span><span style=\\\"letter-spacing: 0.0px;\\\"> musically influenced by his uncle, Jim McMurphy, and at the age of 18 began playing guitar. He began his career in the 1990\\u2019s performing in talent searches, and making local appearances in the BC Interior. He spent many years as a DJ with the Country Thunder Music Company, and performing at country events, rodeos, and western weddings. As a current resident of Clinton, British Columbia, Willis divides his time between writing, offering DJ and MC services, and performing.<\\/span><\\/p>\\r\\n<p style=\\\"margin: 0px 0px 10px; font-size: 14px; line-height: normal; font-family: \'Lucida Grande\';\\\"><span style=\\\"letter-spacing: 0.0px;\\\">In 2010 Willis embarked on creating something lasting with his family in mind.\\u00a0 His debut album, Remembering Christmas, quickly became the \\u2018little album that could\\u2019 as its warm production and authentic writing resonated with audiences. As Mark McMillan, Chairman, Kamloops Cowboy Festivals states, \\u201cthe message behind [these songs] goes much deeper.\\u201d Media interest also grew with feature stories in Kamloops Daily News, 100 Mile Free Press, and CFJC TV. \\u00a0<\\/span><\\/p>\\r\\n<p style=\\\"margin: 0px 0px 10px; font-size: 14px; line-height: normal; font-family: \'Lucida Grande\';\\\"><span style=\\\"letter-spacing: 0.0px;\\\">The four originals on the album have resulted in many firsts for Willis; syndicated radio airplay on The Spirit of the West radio programme covering western Canada and US markets; first commercial radio airplay for \\u201cChristmas Afghanistan,\\u201d which played throughout the interior\\u2019s Country 103 and the Wolf chain of broadcast centres; national radio airplay on CBC Radio.\\u00a0 Willis also enjoyed radio airplay and streaming internet radio plays in the US, England, Ireland and his first overseas sales both physically and digitally through CD Baby and iTunes.<\\/span><\\/p>\\r\\n<p style=\\\"margin: 0px 0px 10px; font-size: 14px; line-height: normal; font-family: \'Lucida Grande\';\\\"><span style=\\\"letter-spacing: 0.0px;\\\">Increased recognition also came from the agricultural community in publications such as British Columbia\\u2019s Cattemen\\u2019s Assocation and the Charolais Connection. Willis performed Remembering Christmas and other writings across BC and Alberta in venues such as the Kamloops Cowboy Christmas Concert, Barkerville Drovers Jubilee and the Cariboo Cowboy Concert. \\u00a0<\\/span><\\/p>\\r\\n<p style=\\\"margin: 0px 0px 10px; font-size: 14px; line-height: normal; font-family: \'Lucida Grande\';\\\"><span style=\\\"letter-spacing: 0.0px;\\\">Presently, Willis is preparing for an upcoming album, \\u201cCrossbred\\u201d, and looks forward to the creative process with local Canadian musicians. Employing modern digital techniques Willis creates a retro feel that blends fiddles, steel guitars, electric and acoustic instrumentation. With his unique and humorous style, Willis provokes debate about the misconceptions surrounding the life of the modern cowboy.\\u00a0 It\\u2019s with intent and skill that Willis combines the art of storytelling with the traditional cowboy and country music genres.<\\/span><\\/p>\",\"fulltext\":\"\",\"state\":1,\"catid\":\"8\",\"created\":\"2014-10-08 20:23:47\",\"created_by\":\"319\",\"created_by_alias\":\"\",\"modified\":\"\",\"modified_by\":null,\"checked_out\":null,\"checked_out_time\":null,\"publish_up\":\"2014-10-08 20:23:47\",\"publish_down\":\"0000-00-00 00:00:00\",\"images\":\"{\\\"image_intro\\\":\\\"\\\",\\\"float_intro\\\":\\\"\\\",\\\"image_intro_alt\\\":\\\"\\\",\\\"image_intro_caption\\\":\\\"\\\",\\\"image_fulltext\\\":\\\"\\\",\\\"float_fulltext\\\":\\\"\\\",\\\"image_fulltext_alt\\\":\\\"\\\",\\\"image_fulltext_caption\\\":\\\"\\\"}\",\"urls\":\"{\\\"urla\\\":false,\\\"urlatext\\\":\\\"\\\",\\\"targeta\\\":\\\"\\\",\\\"urlb\\\":false,\\\"urlbtext\\\":\\\"\\\",\\\"targetb\\\":\\\"\\\",\\\"urlc\\\":false,\\\"urlctext\\\":\\\"\\\",\\\"targetc\\\":\\\"\\\"}\",\"attribs\":\"{\\\"show_title\\\":\\\"\\\",\\\"link_titles\\\":\\\"\\\",\\\"show_tags\\\":\\\"\\\",\\\"show_intro\\\":\\\"\\\",\\\"info_block_position\\\":\\\"\\\",\\\"show_category\\\":\\\"\\\",\\\"link_category\\\":\\\"\\\",\\\"show_parent_category\\\":\\\"\\\",\\\"link_parent_category\\\":\\\"\\\",\\\"show_author\\\":\\\"\\\",\\\"link_author\\\":\\\"\\\",\\\"show_create_date\\\":\\\"\\\",\\\"show_modify_date\\\":\\\"\\\",\\\"show_publish_date\\\":\\\"\\\",\\\"show_item_navigation\\\":\\\"\\\",\\\"show_icons\\\":\\\"\\\",\\\"show_print_icon\\\":\\\"\\\",\\\"show_email_icon\\\":\\\"\\\",\\\"show_vote\\\":\\\"\\\",\\\"show_hits\\\":\\\"\\\",\\\"show_noauth\\\":\\\"\\\",\\\"urls_position\\\":\\\"\\\",\\\"alternative_readmore\\\":\\\"\\\",\\\"article_layout\\\":\\\"\\\",\\\"show_publishing_options\\\":\\\"\\\",\\\"show_article_options\\\":\\\"\\\",\\\"show_urls_images_backend\\\":\\\"\\\",\\\"show_urls_images_frontend\\\":\\\"\\\"}\",\"version\":1,\"ordering\":null,\"metakey\":\"\",\"metadesc\":\"\",\"access\":\"1\",\"hits\":null,\"metadata\":\"{\\\"robots\\\":\\\"\\\",\\\"author\\\":\\\"\\\",\\\"rights\\\":\\\"\\\",\\\"xreference\\\":\\\"\\\"}\",\"featured\":\"0\",\"language\":\"*\",\"xreference\":\"\"}', 0),
(13, 5, 1, '', '2014-10-08 20:29:20', 319, 7514, '08878387b942ad622369a46d56c6af55c67be214', '{\"id\":5,\"asset_id\":67,\"title\":\"Testimonials\",\"alias\":\"testimonials\",\"introtext\":\"<p>Here\'s some of Jeremy\'s many testimonials and references. If you\'d like to talk to any of them to get a personal reference please send Jeremy an <strong>email <\\/strong>and he\'d be happy to provide you with contact information wherever possible.<\\/p>\\r\\n<p>\\u00a0<\\/p>\\r\\n<p>\\u00a0<\\/p>\\r\\n<hr width=\\\"90%\\\" size=\\\"3\\\" noshade=\\\"noshade\\\" \\/>\\r\\n<p>\\u00a0<\\/p>\\r\\n<p>\\u00a0<\\/p>\\r\\n<p>\\u00a0<\\/p>\\r\\n<p style=\\\"font-size: 11pt; font-family: serif; line-height: 120%; margin-top: 10pt; margin-bottom: 0pt; text-align: justify;\\\"><span style=\\\"font-family: Tahoma, Helvetica, Arial, sans-serif; font-size: 12px; line-height: 1.3em;\\\">\\u00a0<\\/span><\\/p>\\r\\n<p>\\u00a0<\\/p>\\r\\n<p style=\\\"color: #333333; font-size: 11pt; font-family: serif; line-height: 18px; margin-top: 10pt; margin-bottom: 0pt; text-align: justify;\\\">\\\"Jeremy sang me down the aisle, accompanied only by his acoustic guitar. It was beautiful and unforgettable, and Doug and I thank him for making our special day that much more memorable.\\\"\\u00a0<em><strong>Laurie Black-Haughton<\\/strong><\\/em>\\u00a0<br \\/><br \\/>\\\"Jeremy is a very talented musician, DJ, and entertainer. He made our wedding very fun and memorable for all.\\\"\\u00a0<em><strong>Derrick Pitura and Dr. Jean Schneider DVM<\\/strong><\\/em><\\/p>\\r\\n<p>\\u00a0<\\/p>\\r\\n<p><em><strong>\\u00a0<\\/strong><\\/em><\\/p>\\r\\n<p>\\u00a0<\\/p>\\r\\n<p style=\\\"font-size: 11pt; font-family: serif; line-height: 120%; margin-top: 10pt; margin-bottom: 0pt; text-align: left;\\\">To whom it may concern,<br \\/> I have for the past two years have organized an evening of entertainment for the graduating class of Clinton\'s David Stoddart Sec school. I have brought in some terrific entertainers for this evening gala, many from BC and Alberta but one of my favorites is a very talented and charming young singer from Kamloops BC, Jeremy Willis of Willis Entertainment. A ranch raised down to earth guy, Jeremy writes and sings songs that you can relate to and that inspire you. He has a natural way of capturing your attention drawing you into his song. Telling you a story from the days of old. Reliving our history through his songs. He sings songs written by many of the old time artists as well as his own originals. He brings a new twist of his own to the music industry.<br \\/> <em><strong>Patti Allison, Concert Producer, Clinton BC<\\/strong><\\/em><br \\/><br \\/> He personally talked to the brides and grooms to gather information on the type of dance they wanted and what songs would be most enjoyed or had special meaning for them. Having Jeremy as the DJ for our daughters\' weddings was like having another friend at the wedding. <em><strong>John and Deb Van Diemen<\\/strong><\\/em><br \\/><br \\/> Jeremy, Thank you for all your help with the wedding from the rehearsal to early Sunday morning. We\'ve had so many wonderful comments about how good a job you did and we really appreciate it. <em><strong>Thanks, Brad and Carla<\\/strong><\\/em><br \\/><br \\/> Jeremy Willis, Please forgive the plain paper - if I had to go shopping it would hold up sending the money and I\'ve already been too slow. We want to thank you for your special talent to know just how to make us all (family, bride, groom and guests) have a smooth and enjoyable wedding. We had a great time and your part in that is very much appreciated. <em><strong>Thank you, Jeff and Trudy Hanaghan<\\/strong><\\/em> <br \\/><br \\/> I first heard Jeremy sing on the open mic stage at the Kamloops Cowboy Festival and thought immediately, I need to keep him in mind as a future performer. Well it just so happened that the next day I had an empty spot on a main show and figured I\'d give Jeremy a try. I gave him a whole hours notice and he pulled off a show that had the audience totally captivated. It\'s the audiences response that tells me if a performer is worth bring back again and Jeremy was back the following year as a main stage performer! <em><strong>Mark McMillan, Entertainment Committee Chair, Kamloops Cowboy Festival, Kamloops, BC.<\\/strong><\\/em><br \\/><br \\/> We don\'t know what we enjoyed more, Jeremy calling the races or when he brought the guitar out at our camp that night. <em><strong>Deanna Patterson<\\/strong><\\/em><br \\/><br \\/> It is with great pleasure that I recommend Jeremy Willis of Willis Entertainment. I have known and been friends with Jeremy for 30 years and he is considered part of our \\\"extended\\\" family. Jeremy has always displayed a high degree of integrity, wit, musical talent and ambition. There was no reason in my mind why then, I wouldn\'t ask him to help my husband and me with our wedding music! Thankfully Jeremy is focused unlike Ron and me. He quickly went to work on arranging songs that would be good for our wedding. Jeremy helped us focus on the details for our ceremony and reception. When the big day arrived, Jeremy and family came well equipped, got to meet our guests and get re-acquainted with old friends. He sang beautifully at our ceremony and mixed it up in the evening and had the crowd dancing in no time!! Our Emcee loved working with Jeremy - I think they enjoyed the fact they had good stories on the two of us! But that is part of who Jeremy is. He makes people feel so at ease that when they leave they feel as though they have known him for years!! <br \\/><br \\/> Everyone has raved about Jeremy and all that he did to make our wedding memorable. Some friends that we grew up with were so impressed when he sang, they never knew how truly talented he is. I am thankful that I know such a wonderful and talented person. I am also very thankful he could be a factor in my wedding day.<br \\/><br \\/> Jeremy would be an asset to any function you need entertainment for. Whether it is singing, emceeing or DJ\'ing I am happy to give him my wholehearted endorsement.<br \\/> <em><strong>Sincerely, Gail Churchill<\\/strong><\\/em><\\/p>\",\"fulltext\":\"\",\"state\":1,\"catid\":\"8\",\"created\":\"2014-10-08 20:29:20\",\"created_by\":\"319\",\"created_by_alias\":\"\",\"modified\":\"\",\"modified_by\":null,\"checked_out\":null,\"checked_out_time\":null,\"publish_up\":\"2014-10-08 20:29:20\",\"publish_down\":\"0000-00-00 00:00:00\",\"images\":\"{\\\"image_intro\\\":\\\"\\\",\\\"float_intro\\\":\\\"\\\",\\\"image_intro_alt\\\":\\\"\\\",\\\"image_intro_caption\\\":\\\"\\\",\\\"image_fulltext\\\":\\\"\\\",\\\"float_fulltext\\\":\\\"\\\",\\\"image_fulltext_alt\\\":\\\"\\\",\\\"image_fulltext_caption\\\":\\\"\\\"}\",\"urls\":\"{\\\"urla\\\":false,\\\"urlatext\\\":\\\"\\\",\\\"targeta\\\":\\\"\\\",\\\"urlb\\\":false,\\\"urlbtext\\\":\\\"\\\",\\\"targetb\\\":\\\"\\\",\\\"urlc\\\":false,\\\"urlctext\\\":\\\"\\\",\\\"targetc\\\":\\\"\\\"}\",\"attribs\":\"{\\\"show_title\\\":\\\"\\\",\\\"link_titles\\\":\\\"\\\",\\\"show_tags\\\":\\\"\\\",\\\"show_intro\\\":\\\"\\\",\\\"info_block_position\\\":\\\"\\\",\\\"show_category\\\":\\\"\\\",\\\"link_category\\\":\\\"\\\",\\\"show_parent_category\\\":\\\"\\\",\\\"link_parent_category\\\":\\\"\\\",\\\"show_author\\\":\\\"\\\",\\\"link_author\\\":\\\"\\\",\\\"show_create_date\\\":\\\"\\\",\\\"show_modify_date\\\":\\\"\\\",\\\"show_publish_date\\\":\\\"\\\",\\\"show_item_navigation\\\":\\\"\\\",\\\"show_icons\\\":\\\"\\\",\\\"show_print_icon\\\":\\\"\\\",\\\"show_email_icon\\\":\\\"\\\",\\\"show_vote\\\":\\\"\\\",\\\"show_hits\\\":\\\"\\\",\\\"show_noauth\\\":\\\"\\\",\\\"urls_position\\\":\\\"\\\",\\\"alternative_readmore\\\":\\\"\\\",\\\"article_layout\\\":\\\"\\\",\\\"show_publishing_options\\\":\\\"\\\",\\\"show_article_options\\\":\\\"\\\",\\\"show_urls_images_backend\\\":\\\"\\\",\\\"show_urls_images_frontend\\\":\\\"\\\"}\",\"version\":1,\"ordering\":null,\"metakey\":\"\",\"metadesc\":\"\",\"access\":\"1\",\"hits\":null,\"metadata\":\"{\\\"robots\\\":\\\"\\\",\\\"author\\\":\\\"\\\",\\\"rights\\\":\\\"\\\",\\\"xreference\\\":\\\"\\\"}\",\"featured\":\"0\",\"language\":\"*\",\"xreference\":\"\"}', 0),
(14, 1, 3, '', '2014-10-08 20:32:23', 319, 1702, 'ae9bbb1c9c8bec72220aad5eacfa924c40710bac', '{\"id\":1,\"name\":\"Jeremy Willis\",\"alias\":\"jeremy-willis\",\"con_position\":\"\",\"address\":\"Willis Entertainment\\r\\nBox 127\\r\\nClinton, BC\\r\\nV0K 1K0\",\"suburb\":\"\",\"state\":\"\",\"country\":\"Canada\",\"postcode\":\"\",\"telephone\":\"\",\"fax\":\"\",\"misc\":\"\",\"image\":\"images\\/jeremy.jpg\",\"email_to\":\"jn_willis@mac.com\",\"default_con\":0,\"published\":\"1\",\"checked_out\":null,\"checked_out_time\":null,\"ordering\":1,\"params\":\"{\\\"show_contact_category\\\":\\\"\\\",\\\"show_contact_list\\\":\\\"\\\",\\\"presentation_style\\\":\\\"\\\",\\\"show_tags\\\":\\\"\\\",\\\"show_name\\\":\\\"\\\",\\\"show_position\\\":\\\"\\\",\\\"show_email\\\":\\\"\\\",\\\"show_street_address\\\":\\\"\\\",\\\"show_suburb\\\":\\\"\\\",\\\"show_state\\\":\\\"\\\",\\\"show_postcode\\\":\\\"\\\",\\\"show_country\\\":\\\"\\\",\\\"show_telephone\\\":\\\"\\\",\\\"show_mobile\\\":\\\"\\\",\\\"show_fax\\\":\\\"\\\",\\\"show_webpage\\\":\\\"\\\",\\\"show_misc\\\":\\\"\\\",\\\"show_image\\\":\\\"\\\",\\\"allow_vcard\\\":\\\"\\\",\\\"show_articles\\\":\\\"\\\",\\\"show_profile\\\":\\\"\\\",\\\"show_links\\\":\\\"\\\",\\\"linka_name\\\":\\\"\\\",\\\"linka\\\":false,\\\"linkb_name\\\":\\\"\\\",\\\"linkb\\\":false,\\\"linkc_name\\\":\\\"\\\",\\\"linkc\\\":false,\\\"linkd_name\\\":\\\"\\\",\\\"linkd\\\":false,\\\"linke_name\\\":\\\"\\\",\\\"linke\\\":\\\"\\\",\\\"contact_layout\\\":\\\"\\\",\\\"show_email_form\\\":\\\"\\\",\\\"show_email_copy\\\":\\\"\\\",\\\"banned_email\\\":\\\"\\\",\\\"banned_subject\\\":\\\"\\\",\\\"banned_text\\\":\\\"\\\",\\\"validate_session\\\":\\\"\\\",\\\"custom_reply\\\":\\\"\\\",\\\"redirect\\\":\\\"\\\"}\",\"user_id\":\"\",\"catid\":\"4\",\"access\":\"1\",\"mobile\":\"\",\"webpage\":\"\",\"sortname1\":\"\",\"sortname2\":\"\",\"sortname3\":\"\",\"language\":\"*\",\"created\":\"2014-10-08 20:32:23\",\"created_by\":\"319\",\"created_by_alias\":\"\",\"modified\":\"\",\"modified_by\":null,\"metakey\":\"\",\"metadesc\":\"\",\"metadata\":\"{\\\"robots\\\":\\\"\\\",\\\"rights\\\":\\\"\\\"}\",\"featured\":\"0\",\"xreference\":\"\",\"publish_up\":\"0000-00-00 00:00:00\",\"publish_down\":\"0000-00-00 00:00:00\",\"version\":1,\"hits\":null}', 0),
(15, 9, 7, '', '2014-10-08 20:32:46', 319, 530, '3454e14ab51d7fca5108208512735744c1a9fca7', '{\"id\":9,\"asset_id\":68,\"parent_id\":\"1\",\"lft\":\"15\",\"rgt\":16,\"level\":1,\"path\":null,\"extension\":\"com_contact\",\"title\":\"Support\",\"alias\":\"support\",\"note\":\"\",\"description\":\"<p>Support<\\/p>\",\"published\":\"1\",\"checked_out\":null,\"checked_out_time\":null,\"access\":\"1\",\"params\":\"{\\\"category_layout\\\":\\\"\\\",\\\"image\\\":\\\"\\\"}\",\"metadesc\":\"\",\"metakey\":\"\",\"metadata\":\"{\\\"author\\\":\\\"\\\",\\\"robots\\\":\\\"\\\"}\",\"created_user_id\":\"319\",\"created_time\":\"2014-10-08 20:32:46\",\"modified_user_id\":null,\"modified_time\":null,\"hits\":\"0\",\"language\":\"*\",\"version\":null}', 0),
(16, 1, 3, '', '2014-10-08 20:33:10', 319, 1742, '4e6dd6fe51f15407c734a023b026d21986c90f10', '{\"id\":1,\"name\":\"Jeremy Willis\",\"alias\":\"jeremy-willis\",\"con_position\":\"\",\"address\":\"Willis Entertainment\\r\\nBox 127\\r\\nClinton, BC\\r\\nV0K 1K0\",\"suburb\":\"\",\"state\":\"\",\"country\":\"Canada\",\"postcode\":\"\",\"telephone\":\"\",\"fax\":\"\",\"misc\":\"\",\"image\":\"images\\/jeremy.jpg\",\"email_to\":\"jn_willis@mac.com\",\"default_con\":0,\"published\":\"1\",\"checked_out\":\"319\",\"checked_out_time\":\"2014-10-08 20:33:02\",\"ordering\":\"1\",\"params\":\"{\\\"show_contact_category\\\":\\\"\\\",\\\"show_contact_list\\\":\\\"\\\",\\\"presentation_style\\\":\\\"\\\",\\\"show_tags\\\":\\\"\\\",\\\"show_name\\\":\\\"\\\",\\\"show_position\\\":\\\"\\\",\\\"show_email\\\":\\\"\\\",\\\"show_street_address\\\":\\\"\\\",\\\"show_suburb\\\":\\\"\\\",\\\"show_state\\\":\\\"\\\",\\\"show_postcode\\\":\\\"\\\",\\\"show_country\\\":\\\"\\\",\\\"show_telephone\\\":\\\"\\\",\\\"show_mobile\\\":\\\"\\\",\\\"show_fax\\\":\\\"\\\",\\\"show_webpage\\\":\\\"\\\",\\\"show_misc\\\":\\\"\\\",\\\"show_image\\\":\\\"\\\",\\\"allow_vcard\\\":\\\"\\\",\\\"show_articles\\\":\\\"\\\",\\\"show_profile\\\":\\\"\\\",\\\"show_links\\\":\\\"\\\",\\\"linka_name\\\":\\\"\\\",\\\"linka\\\":false,\\\"linkb_name\\\":\\\"\\\",\\\"linkb\\\":false,\\\"linkc_name\\\":\\\"\\\",\\\"linkc\\\":false,\\\"linkd_name\\\":\\\"\\\",\\\"linkd\\\":false,\\\"linke_name\\\":\\\"\\\",\\\"linke\\\":\\\"\\\",\\\"contact_layout\\\":\\\"\\\",\\\"show_email_form\\\":\\\"\\\",\\\"show_email_copy\\\":\\\"\\\",\\\"banned_email\\\":\\\"\\\",\\\"banned_subject\\\":\\\"\\\",\\\"banned_text\\\":\\\"\\\",\\\"validate_session\\\":\\\"\\\",\\\"custom_reply\\\":\\\"\\\",\\\"redirect\\\":\\\"\\\"}\",\"user_id\":\"0\",\"catid\":\"9\",\"access\":\"1\",\"mobile\":\"\",\"webpage\":\"\",\"sortname1\":\"\",\"sortname2\":\"\",\"sortname3\":\"\",\"language\":\"*\",\"created\":\"2014-10-08 20:32:23\",\"created_by\":\"319\",\"created_by_alias\":\"\",\"modified\":\"2014-10-08 20:33:10\",\"modified_by\":\"319\",\"metakey\":\"\",\"metadesc\":\"\",\"metadata\":\"{\\\"robots\\\":\\\"\\\",\\\"rights\\\":\\\"\\\"}\",\"featured\":\"0\",\"xreference\":\"\",\"publish_up\":\"0000-00-00 00:00:00\",\"publish_down\":\"0000-00-00 00:00:00\",\"version\":2,\"hits\":\"0\"}', 0),
(17, 5, 1, '', '2014-10-08 20:34:49', 319, 7617, '0916967c981b27e84dc9765d2c07c7e4fd9479bb', '{\"id\":5,\"asset_id\":\"67\",\"title\":\"Testimonials\",\"alias\":\"testimonials\",\"introtext\":\"<p>Here\'s some of Jeremy\'s many testimonials and references. If you\'d like to talk to any of them to get a personal reference please send Jeremy an\\u00a0<strong><a title=\\\"contact us\\\" href=\\\"index.php\\/contact-us\\\">email<\\/a> <\\/strong>and he\'d be happy to provide you with contact information wherever possible.<\\/p>\\r\\n<p>\\u00a0<\\/p>\\r\\n<p>\\u00a0<\\/p>\\r\\n<hr width=\\\"90%\\\" size=\\\"3\\\" noshade=\\\"noshade\\\" \\/>\\r\\n<p>\\u00a0<\\/p>\\r\\n<p>\\u00a0<\\/p>\\r\\n<p>\\u00a0<\\/p>\\r\\n<p style=\\\"font-size: 11pt; font-family: serif; line-height: 120%; margin-top: 10pt; margin-bottom: 0pt; text-align: justify;\\\"><span style=\\\"font-family: Tahoma, Helvetica, Arial, sans-serif; font-size: 12px; line-height: 1.3em;\\\">\\u00a0<\\/span><\\/p>\\r\\n<p>\\u00a0<\\/p>\\r\\n<p style=\\\"color: #333333; font-size: 11pt; font-family: serif; line-height: 18px; margin-top: 10pt; margin-bottom: 0pt; text-align: justify;\\\">\\\"Jeremy sang me down the aisle, accompanied only by his acoustic guitar. It was beautiful and unforgettable, and Doug and I thank him for making our special day that much more memorable.\\\"\\u00a0<em><strong>Laurie Black-Haughton<\\/strong><\\/em>\\u00a0<br \\/><br \\/>\\\"Jeremy is a very talented musician, DJ, and entertainer. He made our wedding very fun and memorable for all.\\\"\\u00a0<em><strong>Derrick Pitura and Dr. Jean Schneider DVM<\\/strong><\\/em><\\/p>\\r\\n<p>\\u00a0<\\/p>\\r\\n<p><em><strong>\\u00a0<\\/strong><\\/em><\\/p>\\r\\n<p>\\u00a0<\\/p>\\r\\n<p style=\\\"font-size: 11pt; font-family: serif; line-height: 120%; margin-top: 10pt; margin-bottom: 0pt; text-align: left;\\\">To whom it may concern,<br \\/> I have for the past two years have organized an evening of entertainment for the graduating class of Clinton\'s David Stoddart Sec school. I have brought in some terrific entertainers for this evening gala, many from BC and Alberta but one of my favorites is a very talented and charming young singer from Kamloops BC, Jeremy Willis of Willis Entertainment. A ranch raised down to earth guy, Jeremy writes and sings songs that you can relate to and that inspire you. He has a natural way of capturing your attention drawing you into his song. Telling you a story from the days of old. Reliving our history through his songs. He sings songs written by many of the old time artists as well as his own originals. He brings a new twist of his own to the music industry.<br \\/> <em><strong>Patti Allison, Concert Producer, Clinton BC<\\/strong><\\/em><br \\/><br \\/> He personally talked to the brides and grooms to gather information on the type of dance they wanted and what songs would be most enjoyed or had special meaning for them. Having Jeremy as the DJ for our daughters\' weddings was like having another friend at the wedding. <em><strong>John and Deb Van Diemen<\\/strong><\\/em><br \\/><br \\/> Jeremy, Thank you for all your help with the wedding from the rehearsal to early Sunday morning. We\'ve had so many wonderful comments about how good a job you did and we really appreciate it. <em><strong>Thanks, Brad and Carla<\\/strong><\\/em><br \\/><br \\/> Jeremy Willis, Please forgive the plain paper - if I had to go shopping it would hold up sending the money and I\'ve already been too slow. We want to thank you for your special talent to know just how to make us all (family, bride, groom and guests) have a smooth and enjoyable wedding. We had a great time and your part in that is very much appreciated. <em><strong>Thank you, Jeff and Trudy Hanaghan<\\/strong><\\/em> <br \\/><br \\/> I first heard Jeremy sing on the open mic stage at the Kamloops Cowboy Festival and thought immediately, I need to keep him in mind as a future performer. Well it just so happened that the next day I had an empty spot on a main show and figured I\'d give Jeremy a try. I gave him a whole hours notice and he pulled off a show that had the audience totally captivated. It\'s the audiences response that tells me if a performer is worth bring back again and Jeremy was back the following year as a main stage performer! <em><strong>Mark McMillan, Entertainment Committee Chair, Kamloops Cowboy Festival, Kamloops, BC.<\\/strong><\\/em><br \\/><br \\/> We don\'t know what we enjoyed more, Jeremy calling the races or when he brought the guitar out at our camp that night. <em><strong>Deanna Patterson<\\/strong><\\/em><br \\/><br \\/> It is with great pleasure that I recommend Jeremy Willis of Willis Entertainment. I have known and been friends with Jeremy for 30 years and he is considered part of our \\\"extended\\\" family. Jeremy has always displayed a high degree of integrity, wit, musical talent and ambition. There was no reason in my mind why then, I wouldn\'t ask him to help my husband and me with our wedding music! Thankfully Jeremy is focused unlike Ron and me. He quickly went to work on arranging songs that would be good for our wedding. Jeremy helped us focus on the details for our ceremony and reception. When the big day arrived, Jeremy and family came well equipped, got to meet our guests and get re-acquainted with old friends. He sang beautifully at our ceremony and mixed it up in the evening and had the crowd dancing in no time!! Our Emcee loved working with Jeremy - I think they enjoyed the fact they had good stories on the two of us! But that is part of who Jeremy is. He makes people feel so at ease that when they leave they feel as though they have known him for years!! <br \\/><br \\/> Everyone has raved about Jeremy and all that he did to make our wedding memorable. Some friends that we grew up with were so impressed when he sang, they never knew how truly talented he is. I am thankful that I know such a wonderful and talented person. I am also very thankful he could be a factor in my wedding day.<br \\/><br \\/> Jeremy would be an asset to any function you need entertainment for. Whether it is singing, emceeing or DJ\'ing I am happy to give him my wholehearted endorsement.<br \\/> <em><strong>Sincerely, Gail Churchill<\\/strong><\\/em><\\/p>\",\"fulltext\":\"\",\"state\":1,\"catid\":\"8\",\"created\":\"2014-10-08 20:29:20\",\"created_by\":\"319\",\"created_by_alias\":\"\",\"modified\":\"2014-10-08 20:34:49\",\"modified_by\":\"319\",\"checked_out\":\"319\",\"checked_out_time\":\"2014-10-08 20:34:27\",\"publish_up\":\"2014-10-08 20:29:20\",\"publish_down\":\"0000-00-00 00:00:00\",\"images\":\"{\\\"image_intro\\\":\\\"\\\",\\\"float_intro\\\":\\\"\\\",\\\"image_intro_alt\\\":\\\"\\\",\\\"image_intro_caption\\\":\\\"\\\",\\\"image_fulltext\\\":\\\"\\\",\\\"float_fulltext\\\":\\\"\\\",\\\"image_fulltext_alt\\\":\\\"\\\",\\\"image_fulltext_caption\\\":\\\"\\\"}\",\"urls\":\"{\\\"urla\\\":false,\\\"urlatext\\\":\\\"\\\",\\\"targeta\\\":\\\"\\\",\\\"urlb\\\":false,\\\"urlbtext\\\":\\\"\\\",\\\"targetb\\\":\\\"\\\",\\\"urlc\\\":false,\\\"urlctext\\\":\\\"\\\",\\\"targetc\\\":\\\"\\\"}\",\"attribs\":\"{\\\"show_title\\\":\\\"\\\",\\\"link_titles\\\":\\\"\\\",\\\"show_tags\\\":\\\"\\\",\\\"show_intro\\\":\\\"\\\",\\\"info_block_position\\\":\\\"\\\",\\\"show_category\\\":\\\"\\\",\\\"link_category\\\":\\\"\\\",\\\"show_parent_category\\\":\\\"\\\",\\\"link_parent_category\\\":\\\"\\\",\\\"show_author\\\":\\\"\\\",\\\"link_author\\\":\\\"\\\",\\\"show_create_date\\\":\\\"\\\",\\\"show_modify_date\\\":\\\"\\\",\\\"show_publish_date\\\":\\\"\\\",\\\"show_item_navigation\\\":\\\"\\\",\\\"show_icons\\\":\\\"\\\",\\\"show_print_icon\\\":\\\"\\\",\\\"show_email_icon\\\":\\\"\\\",\\\"show_vote\\\":\\\"\\\",\\\"show_hits\\\":\\\"\\\",\\\"show_noauth\\\":\\\"\\\",\\\"urls_position\\\":\\\"\\\",\\\"alternative_readmore\\\":\\\"\\\",\\\"article_layout\\\":\\\"\\\",\\\"show_publishing_options\\\":\\\"\\\",\\\"show_article_options\\\":\\\"\\\",\\\"show_urls_images_backend\\\":\\\"\\\",\\\"show_urls_images_frontend\\\":\\\"\\\"}\",\"version\":2,\"ordering\":\"0\",\"metakey\":\"\",\"metadesc\":\"\",\"access\":\"1\",\"hits\":\"0\",\"metadata\":\"{\\\"robots\\\":\\\"\\\",\\\"author\\\":\\\"\\\",\\\"rights\\\":\\\"\\\",\\\"xreference\\\":\\\"\\\"}\",\"featured\":\"0\",\"language\":\"*\",\"xreference\":\"\"}', 0);
INSERT INTO `joom_ucm_history` (`version_id`, `ucm_item_id`, `ucm_type_id`, `version_note`, `save_date`, `editor_user_id`, `character_count`, `sha1_hash`, `version_data`, `keep_forever`) VALUES
(18, 6, 1, '', '2014-10-08 20:35:22', 319, 10688, '824d3557c73a3ea556c305ba8db09de305bf8a76', '{\"id\":6,\"asset_id\":69,\"title\":\"Links\",\"alias\":\"links\",\"introtext\":\"<p style=\\\"font-size: 13pt; font-family: serif; line-height: 120%; margin-top: 20pt; margin-bottom: 0pt; text-align: left;\\\"><strong>The links below are for the sites of individuals, groups, businesses and societies that we have enjoyed excellent working relationships with over the past several years. \\u00a0We hope you will take the time to explore each one and see what they have to offer.<\\/strong><\\/p>\\r\\n<p style=\\\"font-size: 13pt; font-family: serif; line-height: 120%; margin-top: 20pt; margin-bottom: 0pt; text-align: left;\\\"><strong>\\u00a0<span style=\\\"text-decoration: underline;\\\">MUSICIANS AND POETS<\\/span><\\/strong><\\/p>\\r\\n<p>\\u00a0<\\/p>\\r\\n<p>Alan Moberg is a true entertainer - He is country. He is cowboy. He is folk. He is gospel. He is Western roots. This musician writes wonderful originals and also sings cover songs by heroes like Johnny Cash and Guy Clark. He has released 15 recordings over three decades of music and song.\\u00a0<a title=\\\"Alan Moberg singer songwriter - www.alanmoberg.com\\\" href=\\\"http:\\/\\/www.alanmoberg.com\\\" target=\\\"blank\\\">www.alanmoberg.com<\\/a><\\/p>\\r\\n<p>The Gordie West Band plays memorable country &amp; western music - good old cowboy songs from the past. Gordie West and Mike Dygert are a delightful duo that make the music come alive! They are performers and entertainers, not just singers, and when they are on stage their audience will be entertained!<a title=\\\"www.gordiewestband.com\\\" href=\\\"http:\\/\\/www.gordiewestband.com\\\" target=\\\"blank\\\">\\u00a0www.gordiewestband.com<\\/a><\\/p>\\r\\n<p>Mike Puhallo is a widely published cowboy poet and is one of the very few Cowboy Poets in the world to actually make a big part of his living from his cowboy poetry. You can visit Mike\'s web site at:<a title=\\\"Cowboy Poet Mike Puhallo - www.mikepuhallo.com\\\" href=\\\"http:\\/\\/www.mikepuhallo.com\\\" target=\\\"blank\\\">www.mikepuhallo.com<\\/a>. Mike also has CDs, tapes, and books of cowboy poetry for sale!<\\/p>\\r\\n<p>Hugh McLennan - the voice of \\\"The Spirit of the West\\\" radio show! Hugh delivers keynote addresses, speeches, and inspirational messages to audiences all over North America! You can hear the radio show on-line, read about Hugh, and\\/or find out how you can join him and his wife Billie on a Cruise! You can also listen to the \\\"Spirit of the West\\\" radio show in Windows Media right here at:\\u00a0<a title=\\\"Hugh McLennan is the voice of the Spirit of the West - www.hugh-mclennan.com\\\" href=\\\"http:\\/\\/www.hugh-mclennan.com\\\" target=\\\"blank\\\">www.hugh-mclennan.com.<\\/a><\\/p>\\r\\n<p>The Alberta Cowboy Poetry Association was established in 1987 to promote and preserve our rich western heritage through cowboy poetry, western music, and story telling. If you\'re looking for good clean Western \\/ Cowboy Entertainment for a private function, gathering or festival, or any kind of event, then you\'ll find it here. You\'ll also find a good selection of CDs, books and DVDs in the General Store and a list of events on the Gatherings Page ... all at:\\u00a0<a title=\\\"www.albertacowboypoetry.com\\\" href=\\\"http:\\/\\/www.albertacowboypoetry.com\\\" target=\\\"blank\\\">www.albertacowboypoetry.com<\\/a><\\/p>\\r\\n<p>\\u00a0\\u00a0<\\/p>\\r\\n<p><strong style=\\\"font-family: serif; font-size: 17px; line-height: 20px; text-align: left;\\\"><span style=\\\"text-decoration: underline;\\\">PHOTOGRAPHY AND VIDEO PRODUCTION<\\/span><\\/strong><\\/p>\\r\\n<p>For the best in pet, livestock, and animal performance photography, look for our friends at Creature Focus Photography. \\u00a0Check out their portfolio at <a href=\\\"http:\\/\\/creaturefocusphotography.org\\\" target=\\\"_blank\\\">www.creaturefocusphotography.org<\\/a><\\/p>\\r\\n<p>Want to launch your business, or improve it\'s market share? \\u00a0If you\'d like to showcase you and your interests with video, call MTMB Productions! \\u00a0Their site is full of info and ideas, as well as links to their work so you can see what you are getting- world class videography! \\u00a0<a href=\\\"http:\\/\\/www.mtmbproductions.com\\\" target=\\\"_blank\\\">www.mtmbproductions.com<\\/a><\\/p>\\r\\n<p>\\u00a0<\\/p>\\r\\n<p><strong style=\\\"font-family: serif; font-size: 17px; line-height: 20px; text-align: left;\\\"><span style=\\\"text-decoration: underline;\\\">SOCIETIES AND NON-PROFIT GROUPS<\\/span><\\/strong><\\/p>\\r\\n<p><strong><span style=\\\"text-decoration: underline;\\\"><br \\/><\\/span><\\/strong>The Farm Kids Scholarship Fund is a not for profit organization whose purpose is the creation of a scholarship fund for rural youth in British Columbia. \\u00a0We are very proud to support this group- see what they are all about at\\u00a0<a href=\\\"http:\\/\\/www.farmkidsfund.ca\\/about_us\\\" target=\\\"_blank\\\">http:\\/\\/www.farmkidsfund.ca<\\/a><\\/p>\\r\\n<p><span style=\\\"font-family: \'trebuchet MS\', verdana; font-size: 15px; line-height: 24px; text-align: left;\\\">\\u00a0<\\/span><span style=\\\"font-family: serif; font-size: 11pt; line-height: 120%; text-align: left;\\\">The BC Cowboy Heritage Society -\\u00a0<\\/span><a style=\\\"font-family: serif; font-size: 11pt; line-height: 120%; text-align: left;\\\" title=\\\"The BC Cowboy Heritage Society - www.bcchs.com\\\" href=\\\"http:\\/\\/www.bcchs.com\\\" target=\\\"blank\\\">www.bcchs.com<\\/a><span style=\\\"font-family: serif; font-size: 11pt; line-height: 120%; text-align: left;\\\">\\u00a0- has a mandate to preserve and promote cowboy heritage in BC. The Society also puts on the\\u00a0<\\/span><a style=\\\"font-family: serif; font-size: 11pt; line-height: 120%; text-align: left;\\\" title=\\\"The BC Cowboy Heritage Society - www.bcchs.com\\\" href=\\\"http:\\/\\/www.bcchs.com\\/festival.html\\\" target=\\\"blank\\\">Kamloops Cowboy Festival<\\/a><span style=\\\"font-family: serif; font-size: 11pt; line-height: 120%; text-align: left;\\\">\\u00a0and they started and run the\\u00a0<\\/span><a style=\\\"font-family: serif; font-size: 11pt; line-height: 120%; text-align: left;\\\" title=\\\"The BC Cowboy Heritage Society - www.bcchs.com\\\" href=\\\"http:\\/\\/www.bcchs.com\\/cowboys.html\\\" target=\\\"blank\\\">BC Cowboy Hall of Fame!<\\/a><\\/p>\\r\\n<p style=\\\"font-size: 11pt; font-family: serif; line-height: 120%; margin-top: 10pt; margin-bottom: 0pt; text-align: left;\\\">A BC Cowboy, Ranching, and Rodeo Museum! One of the few museums that is dedicated to featuring cowboys, ranching, and rodeo. It also has sections on Williams Lake, BC. <a title=\\\"The Museum of the Cariboo Chilcotin in Williams Lake, BC is a real Cowboy Museum - www.cowboy-museum.com\\\" href=\\\"http:\\/\\/www.cowboy-museum.com\\\" target=\\\"blank\\\"> www.cowboy-museum.com.<\\/a><\\/p>\\r\\n<p style=\\\"font-size: 11pt; font-family: serif; line-height: 120%; margin-top: 10pt; margin-bottom: 0pt; text-align: left;\\\">\\u00a0<\\/p>\\r\\n<p style=\\\"font-size: 11pt; font-family: serif; line-height: 120%; margin-top: 10pt; margin-bottom: 0pt; text-align: left;\\\"><strong style=\\\"font-size: 17px; line-height: 20px;\\\"><span style=\\\"text-decoration: underline;\\\">RANCHES<\\/span><\\/strong><\\/p>\\r\\n<p style=\\\"font-size: 11pt; font-family: serif; line-height: 120%; margin-top: 10pt; margin-bottom: 0pt; text-align: left;\\\"><span style=\\\"font-size: 11pt; line-height: 120%;\\\">Meadow Springs Ranch is a small working ranch that takes in guests in the South Cariboo, BC. They do trail rides and other horseback riding and have cabins to rent. See their wesite at:<\\/span><a style=\\\"font-size: 11pt; line-height: 120%;\\\" title=\\\"Meadow Springs Guest Ranch - www.meadowsprings.com\\\" href=\\\"http:\\/\\/www.meadowsprings.com\\\" target=\\\"blank\\\"> www.meadowsprings.com<\\/a><\\/p>\\r\\n<p><br \\/> Watch Lake Lodge and Guest Ranch - more than just a Dude Ranch. They rent original log cabins, have great rainbow trout fishing available, and do Trail Rides and Horseback Riding. Located at Watch Lake in the beautiful South Cariboo, British Columbia, Canada! <a title=\\\"Watch Lake Lodge and Guest Ranch - www.watchlake.com\\\" href=\\\"http:\\/\\/www.watchlake.com\\\" target=\\\"blank\\\"> www.watchlake.com<\\/a><br \\/> <br \\/> DeLeeuw Ranch is offering for sale 15 parcels of land varying in size from 20 to 160 acres each with several good building sites. Some of these would lend themselves well to being packaged for those wanting a larger acreage. Some offer the privacy of woodland, others spectacular views. This land has been used for cattle ranching for over 100 years and has been well cared for. It is recognized as being some of the best grasslands in British Columbia.<a title=\\\"BC Ranchland for sale - www.bcranchlandforsale.com\\\" href=\\\"http:\\/\\/www.bcranchlandforsale.com\\\" target=\\\"blank\\\"> www.bcranchlandforsale.com<\\/a><br \\/> <br \\/> <br \\/><br \\/>\\u00a0\\u00a0<strong style=\\\"font-family: serif; font-size: 17px; line-height: 20px; text-align: left;\\\"><span style=\\\"text-decoration: underline;\\\">VENUES<\\/span><\\/strong><br \\/><br \\/> <br \\/> Refreshments for the heat of summer and\\/or the cold of winter! They\'re right at the turn off to Green Lake and cater to lake goers in the summer and snowmobiles in the winter as well as locals all year round. <a title=\\\"www.dustyrosepub.com\\\" href=\\\"http:\\/\\/www.dustyrosepub.com\\\" target=\\\"blank\\\"> www.dustyrosepub.com<\\/a><\\/p>\",\"fulltext\":\"\",\"state\":1,\"catid\":\"8\",\"created\":\"2014-10-08 20:35:22\",\"created_by\":\"319\",\"created_by_alias\":\"\",\"modified\":\"\",\"modified_by\":null,\"checked_out\":null,\"checked_out_time\":null,\"publish_up\":\"2014-10-08 20:35:22\",\"publish_down\":\"0000-00-00 00:00:00\",\"images\":\"{\\\"image_intro\\\":\\\"\\\",\\\"float_intro\\\":\\\"\\\",\\\"image_intro_alt\\\":\\\"\\\",\\\"image_intro_caption\\\":\\\"\\\",\\\"image_fulltext\\\":\\\"\\\",\\\"float_fulltext\\\":\\\"\\\",\\\"image_fulltext_alt\\\":\\\"\\\",\\\"image_fulltext_caption\\\":\\\"\\\"}\",\"urls\":\"{\\\"urla\\\":false,\\\"urlatext\\\":\\\"\\\",\\\"targeta\\\":\\\"\\\",\\\"urlb\\\":false,\\\"urlbtext\\\":\\\"\\\",\\\"targetb\\\":\\\"\\\",\\\"urlc\\\":false,\\\"urlctext\\\":\\\"\\\",\\\"targetc\\\":\\\"\\\"}\",\"attribs\":\"{\\\"show_title\\\":\\\"\\\",\\\"link_titles\\\":\\\"\\\",\\\"show_tags\\\":\\\"\\\",\\\"show_intro\\\":\\\"\\\",\\\"info_block_position\\\":\\\"\\\",\\\"show_category\\\":\\\"\\\",\\\"link_category\\\":\\\"\\\",\\\"show_parent_category\\\":\\\"\\\",\\\"link_parent_category\\\":\\\"\\\",\\\"show_author\\\":\\\"\\\",\\\"link_author\\\":\\\"\\\",\\\"show_create_date\\\":\\\"\\\",\\\"show_modify_date\\\":\\\"\\\",\\\"show_publish_date\\\":\\\"\\\",\\\"show_item_navigation\\\":\\\"\\\",\\\"show_icons\\\":\\\"\\\",\\\"show_print_icon\\\":\\\"\\\",\\\"show_email_icon\\\":\\\"\\\",\\\"show_vote\\\":\\\"\\\",\\\"show_hits\\\":\\\"\\\",\\\"show_noauth\\\":\\\"\\\",\\\"urls_position\\\":\\\"\\\",\\\"alternative_readmore\\\":\\\"\\\",\\\"article_layout\\\":\\\"\\\",\\\"show_publishing_options\\\":\\\"\\\",\\\"show_article_options\\\":\\\"\\\",\\\"show_urls_images_backend\\\":\\\"\\\",\\\"show_urls_images_frontend\\\":\\\"\\\"}\",\"version\":1,\"ordering\":null,\"metakey\":\"\",\"metadesc\":\"\",\"access\":\"1\",\"hits\":null,\"metadata\":\"{\\\"robots\\\":\\\"\\\",\\\"author\\\":\\\"\\\",\\\"rights\\\":\\\"\\\",\\\"xreference\\\":\\\"\\\"}\",\"featured\":\"0\",\"language\":\"*\",\"xreference\":\"\"}', 0),
(19, 6, 1, '', '2014-10-09 20:18:55', 320, 10336, '099b05f197706a27a7b92c8a8180a593beb09647', '{\"id\":6,\"asset_id\":\"69\",\"title\":\"Links\",\"alias\":\"links\",\"introtext\":\"<p style=\\\"font-size: 13pt; font-family: serif; line-height: 120%; margin-top: 20pt; margin-bottom: 0pt; text-align: left;\\\"><strong>The links below are for the sites of individuals, groups, businesses and societies that we have enjoyed excellent working relationships with over the past several years. \\u00a0We hope you will take the time to explore each one and see what they have to offer.<\\/strong><\\/p>\\r\\n<p style=\\\"font-size: 13pt; font-family: serif; line-height: 120%; margin-top: 20pt; margin-bottom: 0pt; text-align: left;\\\"><strong>\\u00a0<span style=\\\"text-decoration: underline;\\\">MUSICIANS AND POETS<\\/span><\\/strong><\\/p>\\r\\n<p>\\u00a0<\\/p>\\r\\n<p><strong>Alan Moberg<\\/strong> is a true entertainer - He is country. He is cowboy. He is folk. He is gospel. He is Western roots. This musician writes wonderful originals and also sings cover songs by heroes like Johnny Cash and Guy Clark. He has released 15 recordings over three decades of music and song.\\u00a0<a title=\\\"Alan Moberg singer songwriter - www.alanmoberg.com\\\" href=\\\"http:\\/\\/www.alanmoberg.com\\\" target=\\\"blank\\\">www.alanmoberg.com<\\/a><\\/p>\\r\\n<p>The <strong>Gordie West Band<\\/strong> plays memorable country &amp; western music - good old cowboy songs from the past. Gordie West and Mike Dygert are a delightful duo that make the music come alive! They are performers and entertainers, not just singers, and when they are on stage their audience will be entertained!<a title=\\\"www.gordiewestband.com\\\" href=\\\"http:\\/\\/www.gordiewestband.com\\\" target=\\\"blank\\\">\\u00a0www.gordiewestband.com<\\/a><\\/p>\\r\\n<p><strong>Mike Puhallo<\\/strong> is a widely published cowboy poet and is one of the very few Cowboy Poets in the world to actually make a big part of his living from his cowboy poetry. You can visit Mike\'s web site at:<a title=\\\"Cowboy Poet Mike Puhallo - www.mikepuhallo.com\\\" href=\\\"http:\\/\\/www.mikepuhallo.com\\\" target=\\\"blank\\\">www.mikepuhallo.com<\\/a>. Mike also has CDs, tapes, and books of cowboy poetry for sale!<\\/p>\\r\\n<p><strong>Hugh McLennan<\\/strong> - the voice of \\\"The Spirit of the West\\\" radio show! Hugh delivers keynote addresses, speeches, and inspirational messages to audiences all over North America! You can hear the radio show on-line, read about Hugh, and\\/or find out how you can join him and his wife Billie on a Cruise! You can also listen to the \\\"Spirit of the West\\\" radio show in Windows Media right here at:\\u00a0<a title=\\\"Hugh McLennan is the voice of the Spirit of the West - www.hugh-mclennan.com\\\" href=\\\"http:\\/\\/www.hugh-mclennan.com\\\" target=\\\"blank\\\">www.hugh-mclennan.com.<\\/a><\\/p>\\r\\n<p>The<strong> Alberta Cowboy Poetry Association<\\/strong> was established in 1987 to promote and preserve our rich western heritage through cowboy poetry, western music, and story telling. If you\'re looking for good clean Western \\/ Cowboy Entertainment for a private function, gathering or festival, or any kind of event, then you\'ll find it here. You\'ll also find a good selection of CDs, books and DVDs in the General Store and a list of events on the Gatherings Page ... all at:\\u00a0<a title=\\\"www.albertacowboypoetry.com\\\" href=\\\"http:\\/\\/www.albertacowboypoetry.com\\\" target=\\\"blank\\\">www.albertacowboypoetry.com<\\/a><\\/p>\\r\\n<p>\\u00a0\\u00a0<\\/p>\\r\\n<p><strong style=\\\"font-family: serif; font-size: 17px; line-height: 20px; text-align: left;\\\"><span style=\\\"text-decoration: underline;\\\">PHOTOGRAPHY AND VIDEO PRODUCTION<\\/span><\\/strong><\\/p>\\r\\n<p>For the best in pet, livestock, and animal performance photography, look for our friends at <strong>Creature Focus Photography<\\/strong>. \\u00a0Check out their portfolio at <a href=\\\"http:\\/\\/creaturefocusphotography.org\\\" target=\\\"_blank\\\">www.creaturefocusphotography.org<\\/a><\\/p>\\r\\n<p>Want to launch your business, or improve it\'s market share? \\u00a0If you\'d like to showcase you and your interests with video, call <strong>MTMB Productions<\\/strong>! \\u00a0Their site is full of info and ideas, as well as links to their work so you can see what you are getting- world class videography! \\u00a0<a href=\\\"http:\\/\\/www.mtmbproductions.com\\\" target=\\\"_blank\\\">www.mtmbproductions.com<\\/a><\\/p>\\r\\n<p>\\u00a0<\\/p>\\r\\n<p><strong style=\\\"font-family: serif; font-size: 17px; line-height: 20px; text-align: left;\\\"><span style=\\\"text-decoration: underline;\\\">SOCIETIES AND NON-PROFIT GROUPS<\\/span><\\/strong><\\/p>\\r\\n<p><strong><span style=\\\"text-decoration: underline;\\\"><br \\/><\\/span><\\/strong>The <strong>Farm Kids Scholarship Fund<\\/strong> is a not for profit organization whose purpose is the creation of a scholarship fund for rural youth in British Columbia. \\u00a0We are very proud to support this group- see what they are all about at\\u00a0<a href=\\\"http:\\/\\/www.farmkidsfund.ca\\/about_us\\\" target=\\\"_blank\\\">http:\\/\\/www.farmkidsfund.ca<\\/a><\\/p>\\r\\n<p><span style=\\\"font-family: \'trebuchet MS\', verdana; font-size: 15px; line-height: 24px; text-align: left;\\\">\\u00a0<\\/span><span style=\\\"font-family: serif; font-size: 11pt; line-height: 120%; text-align: left;\\\">The <strong>BC Cowboy Heritage Society<\\/strong> -\\u00a0<\\/span><a style=\\\"font-family: serif; font-size: 11pt; line-height: 120%; text-align: left;\\\" title=\\\"The BC Cowboy Heritage Society - www.bcchs.com\\\" href=\\\"http:\\/\\/www.bcchs.com\\\" target=\\\"blank\\\">www.bcchs.com<\\/a><span style=\\\"font-family: serif; font-size: 11pt; line-height: 120%; text-align: left;\\\">\\u00a0- has a mandate to preserve and promote cowboy heritage in BC. The Society also puts on the\\u00a0<\\/span><a style=\\\"font-family: serif; font-size: 11pt; line-height: 120%; text-align: left;\\\" title=\\\"The BC Cowboy Heritage Society - www.bcchs.com\\\" href=\\\"http:\\/\\/www.bcchs.com\\/festival.html\\\" target=\\\"blank\\\">Kamloops Cowboy Festival<\\/a><span style=\\\"font-family: serif; font-size: 11pt; line-height: 120%; text-align: left;\\\">\\u00a0and they started and run the\\u00a0<\\/span><a style=\\\"font-family: serif; font-size: 11pt; line-height: 120%; text-align: left;\\\" title=\\\"The BC Cowboy Heritage Society - www.bcchs.com\\\" href=\\\"http:\\/\\/www.bcchs.com\\/cowboys.html\\\" target=\\\"blank\\\">BC Cowboy Hall of Fame!<\\/a><\\/p>\\r\\n<p style=\\\"font-size: 11pt; font-family: serif; line-height: 120%; margin-top: 10pt; margin-bottom: 0pt; text-align: left;\\\">A BC Cowboy, Ranching, and Rodeo Museum! One of the few museums that is dedicated to featuring cowboys, ranching, and rodeo. It also has sections on Williams Lake, BC. <a title=\\\"The Museum of the Cariboo Chilcotin in Williams Lake, BC is a real Cowboy Museum - www.cowboy-museum.com\\\" href=\\\"http:\\/\\/www.cowboy-museum.com\\\" target=\\\"blank\\\"> www.cowboy-museum.com.<\\/a><\\/p>\\r\\n<p style=\\\"font-size: 11pt; font-family: serif; line-height: 120%; margin-top: 10pt; margin-bottom: 0pt; text-align: left;\\\">\\u00a0<\\/p>\\r\\n<p style=\\\"font-size: 11pt; font-family: serif; line-height: 120%; margin-top: 10pt; margin-bottom: 0pt; text-align: left;\\\"><strong style=\\\"font-size: 17px; line-height: 20px;\\\"><span style=\\\"text-decoration: underline;\\\">RANCHES<\\/span><\\/strong><\\/p>\\r\\n<p style=\\\"font-size: 11pt; font-family: serif; line-height: 120%; margin-top: 10pt; margin-bottom: 0pt; text-align: left;\\\"><span style=\\\"font-size: 11pt; line-height: 120%;\\\"><strong>Meadow Springs Ranch<\\/strong> is a small working ranch that takes in guests in the South Cariboo, BC. They do trail rides and other horseback riding and have cabins to rent. See their wesite at:<\\/span><a style=\\\"font-size: 11pt; line-height: 120%;\\\" title=\\\"Meadow Springs Guest Ranch - www.meadowsprings.com\\\" href=\\\"http:\\/\\/www.meadowsprings.com\\\" target=\\\"blank\\\"> www.meadowsprings.com<\\/a><\\/p>\\r\\n<p><br \\/> <strong>Watch Lake Lodge and Guest Ranch<\\/strong> - more than just a Dude Ranch. They rent original log cabins, have great rainbow trout fishing available, and do Trail Rides and Horseback Riding. Located at Watch Lake in the beautiful South Cariboo, British Columbia, Canada! <a title=\\\"Watch Lake Lodge and Guest Ranch - www.watchlake.com\\\" href=\\\"http:\\/\\/www.watchlake.com\\\" target=\\\"blank\\\"> www.watchlake.com<\\/a><br \\/> <br \\/><br \\/><br \\/>\\u00a0\\u00a0<strong style=\\\"font-family: serif; font-size: 17px; line-height: 20px; text-align: left;\\\"><span style=\\\"text-decoration: underline;\\\">VENUES<\\/span><\\/strong><br \\/><br \\/> <br \\/> Refreshments for the heat of summer and\\/or the cold of winter at the <strong>Dusty Rose Pub<\\/strong>! They\'re right at the turn off to Green Lake and cater to lake goers in the summer and snowmobiles in the winter as well as locals all year round. <a title=\\\"www.dustyrosepub.com\\\" href=\\\"http:\\/\\/www.dustyrosepub.com\\\" target=\\\"blank\\\"> www.dustyrosepub.com<\\/a><\\/p>\",\"fulltext\":\"\",\"state\":1,\"catid\":\"8\",\"created\":\"2014-10-08 20:35:22\",\"created_by\":\"319\",\"created_by_alias\":\"\",\"modified\":\"2014-10-09 20:18:55\",\"modified_by\":\"320\",\"checked_out\":\"320\",\"checked_out_time\":\"2014-10-09 20:15:47\",\"publish_up\":\"2014-10-08 20:35:22\",\"publish_down\":\"0000-00-00 00:00:00\",\"images\":\"{\\\"image_intro\\\":\\\"\\\",\\\"float_intro\\\":\\\"\\\",\\\"image_intro_alt\\\":\\\"\\\",\\\"image_intro_caption\\\":\\\"\\\",\\\"image_fulltext\\\":\\\"\\\",\\\"float_fulltext\\\":\\\"\\\",\\\"image_fulltext_alt\\\":\\\"\\\",\\\"image_fulltext_caption\\\":\\\"\\\"}\",\"urls\":\"{\\\"urla\\\":false,\\\"urlatext\\\":\\\"\\\",\\\"targeta\\\":\\\"\\\",\\\"urlb\\\":false,\\\"urlbtext\\\":\\\"\\\",\\\"targetb\\\":\\\"\\\",\\\"urlc\\\":false,\\\"urlctext\\\":\\\"\\\",\\\"targetc\\\":\\\"\\\"}\",\"attribs\":\"{\\\"show_title\\\":\\\"\\\",\\\"link_titles\\\":\\\"\\\",\\\"show_tags\\\":\\\"\\\",\\\"show_intro\\\":\\\"\\\",\\\"info_block_position\\\":\\\"\\\",\\\"show_category\\\":\\\"\\\",\\\"link_category\\\":\\\"\\\",\\\"show_parent_category\\\":\\\"\\\",\\\"link_parent_category\\\":\\\"\\\",\\\"show_author\\\":\\\"\\\",\\\"link_author\\\":\\\"\\\",\\\"show_create_date\\\":\\\"\\\",\\\"show_modify_date\\\":\\\"\\\",\\\"show_publish_date\\\":\\\"\\\",\\\"show_item_navigation\\\":\\\"\\\",\\\"show_icons\\\":\\\"\\\",\\\"show_print_icon\\\":\\\"\\\",\\\"show_email_icon\\\":\\\"\\\",\\\"show_vote\\\":\\\"\\\",\\\"show_hits\\\":\\\"\\\",\\\"show_noauth\\\":\\\"\\\",\\\"urls_position\\\":\\\"\\\",\\\"alternative_readmore\\\":\\\"\\\",\\\"article_layout\\\":\\\"\\\",\\\"show_publishing_options\\\":\\\"\\\",\\\"show_article_options\\\":\\\"\\\",\\\"show_urls_images_backend\\\":\\\"\\\",\\\"show_urls_images_frontend\\\":\\\"\\\"}\",\"version\":2,\"ordering\":\"0\",\"metakey\":\"\",\"metadesc\":\"\",\"access\":\"1\",\"hits\":\"3\",\"metadata\":\"{\\\"robots\\\":\\\"\\\",\\\"author\\\":\\\"\\\",\\\"rights\\\":\\\"\\\",\\\"xreference\\\":\\\"\\\"}\",\"featured\":\"0\",\"language\":\"*\",\"xreference\":\"\"}', 0),
(20, 5, 1, '', '2014-10-09 20:28:12', 320, 8546, '6d9562975a7f7e6b11a6d637f4c45f1062359ead', '{\"id\":5,\"asset_id\":\"67\",\"title\":\"Testimonials\",\"alias\":\"testimonials\",\"introtext\":\"<p><strong>Here\'s some of Jeremy\'s many testimonials and references. If you\'d like to talk to any of them to get a personal reference please send Jeremy an\\u00a0<a title=\\\"contact us\\\" href=\\\"index.php\\/contact-us\\\">email<\\/a> and he\'d be happy to provide you with contact information wherever possible.<\\/strong><\\/p>\\r\\n<p>\\u00a0<\\/p>\\r\\n<p>\\u00a0<\\/p>\\r\\n<hr width=\\\"90%\\\" size=\\\"3\\\" noshade=\\\"noshade\\\" \\/>\\r\\n<p>\\u00a0\\u00a0<\\/p>\\r\\n<p>\\u00a0<\\/p>\\r\\n<p style=\\\"color: #333333; font-size: 11pt; font-family: serif; line-height: 18px; margin-top: 10pt; margin-bottom: 0pt; text-align: justify;\\\">\\\"Jeremy sang me down the aisle, accompanied only by his acoustic guitar. It was beautiful and unforgettable, and Doug and I thank him for making our special day that much more memorable.\\\"\\u00a0<\\/p>\\r\\n<p style=\\\"color: #333333; font-size: 11pt; font-family: serif; line-height: 18px; margin-top: 10pt; margin-bottom: 0pt; text-align: justify;\\\"><em><strong>Laurie Black-Haughton<\\/strong><\\/em>\\u00a0<br \\/><br \\/>\\\"Jeremy is a very talented musician, DJ, and entertainer. He made our wedding very fun and memorable for all.\\\"\\u00a0<\\/p>\\r\\n<p style=\\\"color: #333333; font-size: 11pt; font-family: serif; line-height: 18px; margin-top: 10pt; margin-bottom: 0pt; text-align: justify;\\\"><em><strong>Derrick Pitura and Dr. Jean Schneider DVM<\\/strong><\\/em>\\u00a0<\\/p>\\r\\n<p style=\\\"font-size: 11pt; font-family: serif; line-height: 120%; margin-top: 10pt; margin-bottom: 0pt; text-align: left;\\\">\\\"To whom it may concern,<br \\/> I have for the past two years have organized an evening of entertainment for the graduating class of Clinton\'s David Stoddart Sec school. I have brought in some terrific entertainers for this evening gala, many from BC and Alberta but one of my favorites is a very talented and charming young singer from Kamloops BC, Jeremy Willis of Willis Entertainment. A ranch raised down to earth guy, Jeremy writes and sings songs that you can relate to and that inspire you. He has a natural way of capturing your attention drawing you into his song. Telling you a story from the days of old. Reliving our history through his songs. He sings songs written by many of the old time artists as well as his own originals. He brings a new twist of his own to the music industry.\\\"<\\/p>\\r\\n<p style=\\\"font-size: 11pt; font-family: serif; line-height: 120%; margin-top: 10pt; margin-bottom: 0pt; text-align: left;\\\"><br \\/> <em><strong>Patti Allison, Concert Producer, Clinton BC<\\/strong><\\/em><br \\/><br \\/>\\\"He personally talked to the brides and grooms to gather information on the type of dance they wanted and what songs would be most enjoyed or had special meaning for them. Having Jeremy as the DJ for our daughters\' weddings was like having another friend at the wedding.\\\"<\\/p>\\r\\n<p style=\\\"font-size: 11pt; font-family: serif; line-height: 120%; margin-top: 10pt; margin-bottom: 0pt; text-align: left;\\\">\\u00a0<em><strong>John and Deb Van Diemen<\\/strong><\\/em><br \\/><br \\/>\\\"Jeremy, Thank you for all your help with the wedding from the rehearsal to early Sunday morning. We\'ve had so many wonderful comments about how good a job you did and we really appreciate it.\\\"<\\/p>\\r\\n<p style=\\\"font-size: 11pt; font-family: serif; line-height: 120%; margin-top: 10pt; margin-bottom: 0pt; text-align: left;\\\">\\u00a0<em><strong>Thanks, Brad and Carla<\\/strong><\\/em><br \\/><br \\/>\\\"Jeremy Willis, Please forgive the plain paper - if I had to go shopping it would hold up sending the money and I\'ve already been too slow. We want to thank you for your special talent to know just how to make us all (family, bride, groom and guests) have a smooth and enjoyable wedding. We had a great time and your part in that is very much appreciated.\\\"<\\/p>\\r\\n<p style=\\\"font-size: 11pt; font-family: serif; line-height: 120%; margin-top: 10pt; margin-bottom: 0pt; text-align: left;\\\">\\u00a0<em><strong>Thank you, Jeff and Trudy Hanaghan<\\/strong><\\/em> <br \\/><br \\/>\\\"I first heard Jeremy sing on the open mic stage at the Kamloops Cowboy Festival and thought immediately, I need to keep him in mind as a future performer. Well it just so happened that the next day I had an empty spot on a main show and figured I\'d give Jeremy a try. I gave him a whole hours notice and he pulled off a show that had the audience totally captivated. It\'s the audiences response that tells me if a performer is worth bring back again and Jeremy was back the following year as a main stage performer!\\\"<\\/p>\\r\\n<p style=\\\"font-size: 11pt; font-family: serif; line-height: 120%; margin-top: 10pt; margin-bottom: 0pt; text-align: left;\\\">\\u00a0<em><strong>Mark McMillan, Entertainment Committee Chair, Kamloops Cowboy Festival, Kamloops, BC.<\\/strong><\\/em><br \\/><br \\/>\\\"We don\'t know what we enjoyed more, Jeremy calling the races or when he brought the guitar out at our camp that night.\\\"<\\/p>\\r\\n<p style=\\\"font-size: 11pt; font-family: serif; line-height: 120%; margin-top: 10pt; margin-bottom: 0pt; text-align: left;\\\">\\u00a0<em><strong>Deanna Patterson<\\/strong><\\/em><br \\/><br \\/>\'It is with great pleasure that I recommend Jeremy Willis of Willis Entertainment. I have known and been friends with Jeremy for 30 years and he is considered part of our \\\"extended\\\" family. Jeremy has always displayed a high degree of integrity, wit, musical talent and ambition. There was no reason in my mind why then, I wouldn\'t ask him to help my husband and me with our wedding music! Thankfully Jeremy is focused unlike Ron and me. He quickly went to work on arranging songs that would be good for our wedding. Jeremy helped us focus on the details for our ceremony and reception. When the big day arrived, Jeremy and family came well equipped, got to meet our guests and get re-acquainted with old friends. He sang beautifully at our ceremony and mixed it up in the evening and had the crowd dancing in no time!! Our Emcee loved working with Jeremy - I think they enjoyed the fact they had good stories on the two of us! But that is part of who Jeremy is. He makes people feel so at ease that when they leave they feel as though they have known him for years!! <br \\/><br \\/> Everyone has raved about Jeremy and all that he did to make our wedding memorable. Some friends that we grew up with were so impressed when he sang, they never knew how truly talented he is. I am thankful that I know such a wonderful and talented person. I am also very thankful he could be a factor in my wedding day.<br \\/><br \\/> Jeremy would be an asset to any function you need entertainment for. Whether it is singing, emceeing or DJ\'ing I am happy to give him my wholehearted endorsement.\\\"<\\/p>\\r\\n<p style=\\\"font-size: 11pt; font-family: serif; line-height: 120%; margin-top: 10pt; margin-bottom: 0pt; text-align: left;\\\"><br \\/> <em><strong>Sincerely, Gail Churchill<\\/strong><\\/em><\\/p>\",\"fulltext\":\"\",\"state\":1,\"catid\":\"8\",\"created\":\"2014-10-08 20:29:20\",\"created_by\":\"319\",\"created_by_alias\":\"\",\"modified\":\"2014-10-09 20:28:12\",\"modified_by\":\"320\",\"checked_out\":\"320\",\"checked_out_time\":\"2014-10-09 20:25:44\",\"publish_up\":\"2014-10-08 20:29:20\",\"publish_down\":\"0000-00-00 00:00:00\",\"images\":\"{\\\"image_intro\\\":\\\"\\\",\\\"float_intro\\\":\\\"\\\",\\\"image_intro_alt\\\":\\\"\\\",\\\"image_intro_caption\\\":\\\"\\\",\\\"image_fulltext\\\":\\\"\\\",\\\"float_fulltext\\\":\\\"\\\",\\\"image_fulltext_alt\\\":\\\"\\\",\\\"image_fulltext_caption\\\":\\\"\\\"}\",\"urls\":\"{\\\"urla\\\":false,\\\"urlatext\\\":\\\"\\\",\\\"targeta\\\":\\\"\\\",\\\"urlb\\\":false,\\\"urlbtext\\\":\\\"\\\",\\\"targetb\\\":\\\"\\\",\\\"urlc\\\":false,\\\"urlctext\\\":\\\"\\\",\\\"targetc\\\":\\\"\\\"}\",\"attribs\":\"{\\\"show_title\\\":\\\"\\\",\\\"link_titles\\\":\\\"\\\",\\\"show_tags\\\":\\\"\\\",\\\"show_intro\\\":\\\"\\\",\\\"info_block_position\\\":\\\"\\\",\\\"show_category\\\":\\\"\\\",\\\"link_category\\\":\\\"\\\",\\\"show_parent_category\\\":\\\"\\\",\\\"link_parent_category\\\":\\\"\\\",\\\"show_author\\\":\\\"\\\",\\\"link_author\\\":\\\"\\\",\\\"show_create_date\\\":\\\"\\\",\\\"show_modify_date\\\":\\\"\\\",\\\"show_publish_date\\\":\\\"\\\",\\\"show_item_navigation\\\":\\\"\\\",\\\"show_icons\\\":\\\"\\\",\\\"show_print_icon\\\":\\\"\\\",\\\"show_email_icon\\\":\\\"\\\",\\\"show_vote\\\":\\\"\\\",\\\"show_hits\\\":\\\"\\\",\\\"show_noauth\\\":\\\"\\\",\\\"urls_position\\\":\\\"\\\",\\\"alternative_readmore\\\":\\\"\\\",\\\"article_layout\\\":\\\"\\\",\\\"show_publishing_options\\\":\\\"\\\",\\\"show_article_options\\\":\\\"\\\",\\\"show_urls_images_backend\\\":\\\"\\\",\\\"show_urls_images_frontend\\\":\\\"\\\"}\",\"version\":3,\"ordering\":\"1\",\"metakey\":\"\",\"metadesc\":\"\",\"access\":\"1\",\"hits\":\"1\",\"metadata\":\"{\\\"robots\\\":\\\"\\\",\\\"author\\\":\\\"\\\",\\\"rights\\\":\\\"\\\",\\\"xreference\\\":\\\"\\\"}\",\"featured\":\"0\",\"language\":\"*\",\"xreference\":\"\"}', 0),
(21, 3, 1, '', '2014-10-09 20:34:44', 320, 6416, '040867825e8bf92150e84709319b20eb428cce4d', '{\"id\":3,\"asset_id\":\"65\",\"title\":\"Schedule\",\"alias\":\"schedule\",\"introtext\":\"<p>Here\'s Jeremy\'s schedule to date for 2014. If you would like to book him, and the date appears to be open on the calendar, give him a shout - he\'d be glad to hear from you.\\u00a0\\u00a0<a title=\\\"Contact Us\\\" href=\\\"http:\\/\\/www.willisentertainment.com\\/index.php\\/contact-us\\\" target=\\\"_self\\\"><strong>Contact us for details!<\\/strong><\\/a><br \\/> <br \\/> Some of these events may be private functions - they are not all public events. If you are interested in ticket information for any of them, please refer to the event web site or send an email\\u00a0to Jeremy and ask him for contact information.<\\/p>\\r\\n<p>\\u00a0<\\/p>\\r\\n<p style=\\\"font-size: 11pt; line-height: 120%; text-align: left;\\\"><span style=\\\"font-family: wp_bogus_font;\\\"><strong><strong style=\\\"font-family: Tahoma, Helvetica, Arial, sans-serif;\\\"><span style=\\\"font-family: wp_bogus_font;\\\">January 18th 2014-\\u00a0<\\/span><\\/strong><\\/strong>14th Annual 100 Mile House Cowboy Concert [LP], Martin Exeter Hall, 100 Mile House BC. \\u00a0Ticket information available here\\u00a0<strong><a style=\\\"font-family: Tahoma, Helvetica, Arial, sans-serif;\\\" href=\\\"http:\\/\\/www.bcchs.com\\/100mile.html\\\">http:\\/\\/www.bcchs.com\\/100mile.html<\\/a><\\/strong><\\/span><\\/p>\\r\\n<p style=\\\"font-size: 11pt; line-height: 120%; text-align: left;\\\"><strong style=\\\"font-family: wp_bogus_font; font-size: 11pt; line-height: 120%;\\\">March 8th-<\\/strong><span style=\\\"font-family: wp_bogus_font; font-size: 11pt; line-height: 120%;\\\"> Yale\\/Pritchard 4H Dance, Knutsford, BC<\\/span><\\/p>\\r\\n<p style=\\\"font-size: 11pt; line-height: 120%; text-align: left;\\\"><strong style=\\\"font-family: wp_bogus_font; font-size: 11pt; line-height: 120%;\\\">April 24th-\\u00a0<\\/strong><span style=\\\"font-family: wp_bogus_font; font-size: 11pt; line-height: 120%;\\\">The Rooftop Sessions [Guest Performer], The Ramada Inn, Kamloops BC<\\/span><\\/p>\\r\\n<p style=\\\"font-size: 11pt; line-height: 120%; text-align: left;\\\"><strong style=\\\"font-family: wp_bogus_font; font-size: 11pt; line-height: 120%;\\\">May 1st-<\\/strong><span style=\\\"font-family: wp_bogus_font; font-size: 11pt; line-height: 120%;\\\"> \\u00a0The Rooftop Sessions [Feature Performer], The Ramada Inn, Kamloops, BC<\\/span><\\/p>\\r\\n<p style=\\\"font-size: 11pt; line-height: 120%; text-align: left;\\\"><strong style=\\\"font-family: wp_bogus_font; font-size: 11pt; line-height: 120%;\\\">May 25th-\\u00a0<\\/strong><span style=\\\"font-family: wp_bogus_font; font-size: 11pt; line-height: 120%;\\\">Westbank Country Opry [Guest Performer], Emmanuel Church Auditorium, Westbank BC- for more info,\\u00a0<\\/span><a style=\\\"font-family: wp_bogus_font; font-size: 11pt; line-height: 120%;\\\" href=\\\"http:\\/\\/www.westbankcountryopry.com\\/index.html\\\">http:\\/\\/www.westbankcountryopry.com\\/index.html<\\/a><\\/p>\\r\\n<p style=\\\"font-size: 11pt; line-height: 120%; text-align: left;\\\"><strong style=\\\"font-family: wp_bogus_font; font-size: 11pt; line-height: 120%;\\\">June 7th-\\u00a0<\\/strong><span style=\\\"font-family: wp_bogus_font; font-size: 11pt; line-height: 120%;\\\">Schneider\\/Eccott Wedding, Princeton, BC<\\/span><\\/p>\\r\\n<p style=\\\"font-size: 11pt; line-height: 120%; text-align: left;\\\"><span style=\\\"font-family: wp_bogus_font; font-size: 11pt; line-height: 120%;\\\"><strong>August 14th<\\/strong>- The Rooftop Sessions [Feature Performer], duo with Mike Hilliard, The Ramada Inn, Kamloops, BC<br \\/><\\/span><\\/p>\\r\\n<p style=\\\"font-size: 11pt; line-height: 120%; text-align: left;\\\"><span style=\\\"font-family: wp_bogus_font; font-size: 11pt; line-height: 120%;\\\"><strong>September 5th-6th-7th<\\/strong>- Drovers Jubilee [LP], Barkerville, BC<\\/span><\\/p>\\r\\n<p style=\\\"font-size: 11pt; line-height: 120%; text-align: left;\\\"><span style=\\\"font-family: wp_bogus_font; font-size: 11pt; line-height: 120%;\\\"><strong>December 7th<\\/strong>-\\u00a0<\\/span><span style=\\\"font-family: wp_bogus_font; font-size: 11pt; line-height: 120%;\\\">Westbank Country Opry [Guest Performer], Emmanuel Church Auditorium, Westbank BC- for more info,\\u00a0<\\/span><a style=\\\"font-family: wp_bogus_font; font-size: 11pt; line-height: 120%;\\\" href=\\\"http:\\/\\/www.westbankcountryopry.com\\/index.html\\\">http:\\/\\/www.westbankcountryopry.com\\/index.html<\\/a><\\/p>\\r\\n<p style=\\\"font-size: 11pt; line-height: 120%; text-align: left;\\\"><strong style=\\\"font-family: Tahoma, Helvetica, Arial, sans-serif;\\\"><span style=\\\"font-family: wp_bogus_font;\\\">December 31st - <\\/span><\\/strong><span style=\\\"font-family: wp_bogus_font;\\\">NYE Bullarama Fundraiser for Farm Kids Scholarship Fund [MC], NTFF Grounds, Barriere, BC. Tickets available at the Horse Barn and the North Thompson Star Journal. More information can be found at: <a href=\\\"http:\\/\\/www.farmkidsfund.ca\\\">www.farmkidsfund.ca<\\/a><\\/span><\\/p>\",\"fulltext\":\"\",\"state\":1,\"catid\":\"8\",\"created\":\"2014-10-08 20:21:50\",\"created_by\":\"319\",\"created_by_alias\":\"\",\"modified\":\"2014-10-09 20:34:44\",\"modified_by\":\"320\",\"checked_out\":\"320\",\"checked_out_time\":\"2014-10-09 20:32:16\",\"publish_up\":\"2014-10-08 20:21:50\",\"publish_down\":\"0000-00-00 00:00:00\",\"images\":\"{\\\"image_intro\\\":\\\"\\\",\\\"float_intro\\\":\\\"\\\",\\\"image_intro_alt\\\":\\\"\\\",\\\"image_intro_caption\\\":\\\"\\\",\\\"image_fulltext\\\":\\\"\\\",\\\"float_fulltext\\\":\\\"\\\",\\\"image_fulltext_alt\\\":\\\"\\\",\\\"image_fulltext_caption\\\":\\\"\\\"}\",\"urls\":\"{\\\"urla\\\":false,\\\"urlatext\\\":\\\"\\\",\\\"targeta\\\":\\\"\\\",\\\"urlb\\\":false,\\\"urlbtext\\\":\\\"\\\",\\\"targetb\\\":\\\"\\\",\\\"urlc\\\":false,\\\"urlctext\\\":\\\"\\\",\\\"targetc\\\":\\\"\\\"}\",\"attribs\":\"{\\\"show_title\\\":\\\"\\\",\\\"link_titles\\\":\\\"\\\",\\\"show_tags\\\":\\\"\\\",\\\"show_intro\\\":\\\"\\\",\\\"info_block_position\\\":\\\"\\\",\\\"show_category\\\":\\\"\\\",\\\"link_category\\\":\\\"\\\",\\\"show_parent_category\\\":\\\"\\\",\\\"link_parent_category\\\":\\\"\\\",\\\"show_author\\\":\\\"\\\",\\\"link_author\\\":\\\"\\\",\\\"show_create_date\\\":\\\"\\\",\\\"show_modify_date\\\":\\\"\\\",\\\"show_publish_date\\\":\\\"\\\",\\\"show_item_navigation\\\":\\\"\\\",\\\"show_icons\\\":\\\"\\\",\\\"show_print_icon\\\":\\\"\\\",\\\"show_email_icon\\\":\\\"\\\",\\\"show_vote\\\":\\\"\\\",\\\"show_hits\\\":\\\"\\\",\\\"show_noauth\\\":\\\"\\\",\\\"urls_position\\\":\\\"\\\",\\\"alternative_readmore\\\":\\\"\\\",\\\"article_layout\\\":\\\"\\\",\\\"show_publishing_options\\\":\\\"\\\",\\\"show_article_options\\\":\\\"\\\",\\\"show_urls_images_backend\\\":\\\"\\\",\\\"show_urls_images_frontend\\\":\\\"\\\"}\",\"version\":2,\"ordering\":\"3\",\"metakey\":\"\",\"metadesc\":\"\",\"access\":\"1\",\"hits\":\"1\",\"metadata\":\"{\\\"robots\\\":\\\"\\\",\\\"author\\\":\\\"\\\",\\\"rights\\\":\\\"\\\",\\\"xreference\\\":\\\"\\\"}\",\"featured\":\"0\",\"language\":\"*\",\"xreference\":\"\"}', 0),
(23, 3, 1, '', '2014-10-09 20:58:29', 320, 3054, 'a5655afffb7b3b4b371898419108c9f846e56982', '{\"id\":3,\"asset_id\":\"65\",\"title\":\"Schedule\",\"alias\":\"schedule\",\"introtext\":\"<p>January 18th 2014- 14th Annual 100 Mile House Cowboy Concert [LP], Martin Exeter Hall, 100 Mile House BC. \\u00a0<\\/p>\\r\\n<p>\\u00a0<\\/p>\\r\\n<p>March 8th- Yale\\/Pritchard 4H Dance, Knutsford, BC<\\/p>\\r\\n<p>\\u00a0<\\/p>\\r\\n<p>April 24th- The Rooftop Sessions [Guest Performer], The Ramada Inn, Kamloops BC<\\/p>\\r\\n<p>\\u00a0<\\/p>\\r\\n<p>May 1st- \\u00a0The Rooftop Sessions [Feature Performer], The Ramada Inn, Kamloops, BC<\\/p>\\r\\n<p>\\u00a0<\\/p>\\r\\n<p>May 25th- Westbank Country Opry [Guest Performer], Emmanuel Church Auditorium, Westbank BC- for more info, http:\\/\\/www.westbankcountryopry.com\\/index.html<\\/p>\\r\\n<p>\\u00a0<\\/p>\\r\\n<p>June 7th- Schneider\\/Eccott Wedding, Princeton, BC<\\/p>\\r\\n<p>\\u00a0<\\/p>\\r\\n<p>August 14th- The Rooftop Sessions [Feature Performer], The Ramada Inn, Kamloops, BC<\\/p>\\r\\n<p>\\u00a0<\\/p>\\r\\n<p>September 5th-6th-7th- Drovers Jubilee [LP], Barkerville, BC<\\/p>\\r\\n<p>\\u00a0<\\/p>\\r\\n<p>December 7th- Westbank Country Opry [Guest Performer], Emmanuel Church Auditorium, Westbank BC- for more info, http:\\/\\/www.westbankcountryopry.com\\/index.html<\\/p>\\r\\n<p>\\u00a0<\\/p>\\r\\n<p>December 31st - NYE Bullarama Fundraiser for Farm Kids Scholarship Fund [MC], NTFF Grounds, Barriere, BC. Tickets available at the Horse Barn and the North Thompson Star Journal. More information can be found at: www.farmkidsfund.ca<\\/p>\\r\\n<p>\\u00a0<\\/p>\\r\\n<p>\\u00a0<\\/p>\",\"fulltext\":\"\",\"state\":1,\"catid\":\"8\",\"created\":\"2014-10-08 20:21:50\",\"created_by\":\"319\",\"created_by_alias\":\"\",\"modified\":\"2014-10-09 20:58:29\",\"modified_by\":\"320\",\"checked_out\":\"320\",\"checked_out_time\":\"2014-10-09 20:55:08\",\"publish_up\":\"2014-10-08 20:21:50\",\"publish_down\":\"0000-00-00 00:00:00\",\"images\":\"{\\\"image_intro\\\":\\\"\\\",\\\"float_intro\\\":\\\"\\\",\\\"image_intro_alt\\\":\\\"\\\",\\\"image_intro_caption\\\":\\\"\\\",\\\"image_fulltext\\\":\\\"\\\",\\\"float_fulltext\\\":\\\"\\\",\\\"image_fulltext_alt\\\":\\\"\\\",\\\"image_fulltext_caption\\\":\\\"\\\"}\",\"urls\":\"{\\\"urla\\\":false,\\\"urlatext\\\":\\\"\\\",\\\"targeta\\\":\\\"\\\",\\\"urlb\\\":false,\\\"urlbtext\\\":\\\"\\\",\\\"targetb\\\":\\\"\\\",\\\"urlc\\\":false,\\\"urlctext\\\":\\\"\\\",\\\"targetc\\\":\\\"\\\"}\",\"attribs\":\"{\\\"show_title\\\":\\\"\\\",\\\"link_titles\\\":\\\"\\\",\\\"show_tags\\\":\\\"\\\",\\\"show_intro\\\":\\\"\\\",\\\"info_block_position\\\":\\\"\\\",\\\"show_category\\\":\\\"\\\",\\\"link_category\\\":\\\"\\\",\\\"show_parent_category\\\":\\\"\\\",\\\"link_parent_category\\\":\\\"\\\",\\\"show_author\\\":\\\"\\\",\\\"link_author\\\":\\\"\\\",\\\"show_create_date\\\":\\\"\\\",\\\"show_modify_date\\\":\\\"\\\",\\\"show_publish_date\\\":\\\"\\\",\\\"show_item_navigation\\\":\\\"\\\",\\\"show_icons\\\":\\\"\\\",\\\"show_print_icon\\\":\\\"\\\",\\\"show_email_icon\\\":\\\"\\\",\\\"show_vote\\\":\\\"\\\",\\\"show_hits\\\":\\\"\\\",\\\"show_noauth\\\":\\\"\\\",\\\"urls_position\\\":\\\"\\\",\\\"alternative_readmore\\\":\\\"\\\",\\\"article_layout\\\":\\\"\\\",\\\"show_publishing_options\\\":\\\"\\\",\\\"show_article_options\\\":\\\"\\\",\\\"show_urls_images_backend\\\":\\\"\\\",\\\"show_urls_images_frontend\\\":\\\"\\\"}\",\"version\":4,\"ordering\":\"3\",\"metakey\":\"\",\"metadesc\":\"\",\"access\":\"1\",\"hits\":\"3\",\"metadata\":\"{\\\"robots\\\":\\\"\\\",\\\"author\\\":\\\"\\\",\\\"rights\\\":\\\"\\\",\\\"xreference\\\":\\\"\\\"}\",\"featured\":\"0\",\"language\":\"*\",\"xreference\":\"\"}', 0),
(24, 3, 1, '', '2014-10-09 20:59:27', 320, 3234, '5dd9cec993065ef17b4b6f1d240b28c1f8c1c2a0', '{\"id\":3,\"asset_id\":\"65\",\"title\":\"Schedule\",\"alias\":\"schedule\",\"introtext\":\"<p><strong>January 18th 2014<\\/strong>- 14th Annual 100 Mile House Cowboy Concert [LP], Martin Exeter Hall, 100 Mile House BC. \\u00a0<\\/p>\\r\\n<p>\\u00a0<\\/p>\\r\\n<p><strong>March 8th<\\/strong>- Yale\\/Pritchard 4H Dance, Knutsford, BC<\\/p>\\r\\n<p>\\u00a0<\\/p>\\r\\n<p><strong>April 24th<\\/strong>- The Rooftop Sessions [Guest Performer], The Ramada Inn, Kamloops BC<\\/p>\\r\\n<p>\\u00a0<\\/p>\\r\\n<p><strong>May 1st<\\/strong>- \\u00a0The Rooftop Sessions [Feature Performer], The Ramada Inn, Kamloops, BC<\\/p>\\r\\n<p>\\u00a0<\\/p>\\r\\n<p><strong>May 25th<\\/strong>- Westbank Country Opry [Guest Performer], Emmanuel Church Auditorium, Westbank BC- for more info, http:\\/\\/www.westbankcountryopry.com\\/index.html<\\/p>\\r\\n<p>\\u00a0<\\/p>\\r\\n<p><strong>June 7th<\\/strong>- Schneider\\/Eccott Wedding, Princeton, BC<\\/p>\\r\\n<p>\\u00a0<\\/p>\\r\\n<p><strong>August 14th<\\/strong>- The Rooftop Sessions [Feature Performer], The Ramada Inn, Kamloops, BC<\\/p>\\r\\n<p>\\u00a0<\\/p>\\r\\n<p><strong>September 5th-6th-7th<\\/strong>- Drovers Jubilee [LP], Barkerville, BC<\\/p>\\r\\n<p>\\u00a0<\\/p>\\r\\n<p><strong>December 7th<\\/strong>- Westbank Country Opry [Guest Performer], Emmanuel Church Auditorium, Westbank BC- for more info, http:\\/\\/www.westbankcountryopry.com\\/index.html<\\/p>\\r\\n<p>\\u00a0<\\/p>\\r\\n<p><strong>December 31st<\\/strong> - NYE Bullarama Fundraiser for Farm Kids Scholarship Fund [MC], NTFF Grounds, Barriere, BC. Tickets available at the Horse Barn and the North Thompson Star Journal. More information can be found at: www.farmkidsfund.ca<\\/p>\\r\\n<p>\\u00a0<\\/p>\\r\\n<p>\\u00a0<\\/p>\",\"fulltext\":\"\",\"state\":1,\"catid\":\"8\",\"created\":\"2014-10-08 20:21:50\",\"created_by\":\"319\",\"created_by_alias\":\"\",\"modified\":\"2014-10-09 20:59:27\",\"modified_by\":\"320\",\"checked_out\":\"320\",\"checked_out_time\":\"2014-10-09 20:58:29\",\"publish_up\":\"2014-10-08 20:21:50\",\"publish_down\":\"0000-00-00 00:00:00\",\"images\":\"{\\\"image_intro\\\":\\\"\\\",\\\"float_intro\\\":\\\"\\\",\\\"image_intro_alt\\\":\\\"\\\",\\\"image_intro_caption\\\":\\\"\\\",\\\"image_fulltext\\\":\\\"\\\",\\\"float_fulltext\\\":\\\"\\\",\\\"image_fulltext_alt\\\":\\\"\\\",\\\"image_fulltext_caption\\\":\\\"\\\"}\",\"urls\":\"{\\\"urla\\\":false,\\\"urlatext\\\":\\\"\\\",\\\"targeta\\\":\\\"\\\",\\\"urlb\\\":false,\\\"urlbtext\\\":\\\"\\\",\\\"targetb\\\":\\\"\\\",\\\"urlc\\\":false,\\\"urlctext\\\":\\\"\\\",\\\"targetc\\\":\\\"\\\"}\",\"attribs\":\"{\\\"show_title\\\":\\\"\\\",\\\"link_titles\\\":\\\"\\\",\\\"show_tags\\\":\\\"\\\",\\\"show_intro\\\":\\\"\\\",\\\"info_block_position\\\":\\\"\\\",\\\"show_category\\\":\\\"\\\",\\\"link_category\\\":\\\"\\\",\\\"show_parent_category\\\":\\\"\\\",\\\"link_parent_category\\\":\\\"\\\",\\\"show_author\\\":\\\"\\\",\\\"link_author\\\":\\\"\\\",\\\"show_create_date\\\":\\\"\\\",\\\"show_modify_date\\\":\\\"\\\",\\\"show_publish_date\\\":\\\"\\\",\\\"show_item_navigation\\\":\\\"\\\",\\\"show_icons\\\":\\\"\\\",\\\"show_print_icon\\\":\\\"\\\",\\\"show_email_icon\\\":\\\"\\\",\\\"show_vote\\\":\\\"\\\",\\\"show_hits\\\":\\\"\\\",\\\"show_noauth\\\":\\\"\\\",\\\"urls_position\\\":\\\"\\\",\\\"alternative_readmore\\\":\\\"\\\",\\\"article_layout\\\":\\\"\\\",\\\"show_publishing_options\\\":\\\"\\\",\\\"show_article_options\\\":\\\"\\\",\\\"show_urls_images_backend\\\":\\\"\\\",\\\"show_urls_images_frontend\\\":\\\"\\\"}\",\"version\":5,\"ordering\":\"3\",\"metakey\":\"\",\"metadesc\":\"\",\"access\":\"1\",\"hits\":\"3\",\"metadata\":\"{\\\"robots\\\":\\\"\\\",\\\"author\\\":\\\"\\\",\\\"rights\\\":\\\"\\\",\\\"xreference\\\":\\\"\\\"}\",\"featured\":\"0\",\"language\":\"*\",\"xreference\":\"\"}', 0);
INSERT INTO `joom_ucm_history` (`version_id`, `ucm_item_id`, `ucm_type_id`, `version_note`, `save_date`, `editor_user_id`, `character_count`, `sha1_hash`, `version_data`, `keep_forever`) VALUES
(25, 3, 1, '', '2014-10-09 21:01:43', 320, 3753, '8a82e1684790366f8ea8bee35b2f9cf7e0834ec4', '{\"id\":3,\"asset_id\":\"65\",\"title\":\"Schedule\",\"alias\":\"schedule\",\"introtext\":\"<p><strong>Here\'s Jeremy\'s schedule to date for 2014. If you would like to book him, and the date appears to be open on the calendar, give him a shout - he\'d be glad to hear from you. \\u00a0Contact us for details!<\\/strong><\\/p>\\r\\n<p><strong>Some of these events may be private functions - they are not all public events. If you are interested in ticket information for any of them, please refer to the event web site or send an email to Jeremy and ask him for contact information.<\\/strong><\\/p>\\r\\n<p>\\u00a0<\\/p>\\r\\n<p><strong>January 18th 2014<\\/strong>- 14th Annual 100 Mile House Cowboy Concert [LP], Martin Exeter Hall, 100 Mile House BC. \\u00a0<\\/p>\\r\\n<p>\\u00a0<\\/p>\\r\\n<p><strong>March 8th<\\/strong>- Yale\\/Pritchard 4H Dance, Knutsford, BC<\\/p>\\r\\n<p>\\u00a0<\\/p>\\r\\n<p><strong>April 24th<\\/strong>- The Rooftop Sessions [Guest Performer], The Ramada Inn, Kamloops BC<\\/p>\\r\\n<p>\\u00a0<\\/p>\\r\\n<p><strong>May 1st<\\/strong>- \\u00a0The Rooftop Sessions [Feature Performer], The Ramada Inn, Kamloops, BC<\\/p>\\r\\n<p>\\u00a0<\\/p>\\r\\n<p><strong>May 25th<\\/strong>- Westbank Country Opry [Guest Performer], Emmanuel Church Auditorium, Westbank BC- for more info, http:\\/\\/www.westbankcountryopry.com\\/index.html<\\/p>\\r\\n<p>\\u00a0<\\/p>\\r\\n<p><strong>June 7th<\\/strong>- Schneider\\/Eccott Wedding, Princeton, BC<\\/p>\\r\\n<p>\\u00a0<\\/p>\\r\\n<p><strong>August 14th<\\/strong>- The Rooftop Sessions [Feature Performer], The Ramada Inn, Kamloops, BC<\\/p>\\r\\n<p>\\u00a0<\\/p>\\r\\n<p><strong>September 5th-6th-7th<\\/strong>- Drovers Jubilee [LP], Barkerville, BC<\\/p>\\r\\n<p>\\u00a0<\\/p>\\r\\n<p><strong>December 7th<\\/strong>- Westbank Country Opry [Guest Performer], Emmanuel Church Auditorium, Westbank BC- for more info, http:\\/\\/www.westbankcountryopry.com\\/index.html<\\/p>\\r\\n<p>\\u00a0<\\/p>\\r\\n<p><strong>December 31st<\\/strong> - NYE Bullarama Fundraiser for Farm Kids Scholarship Fund [MC], NTFF Grounds, Barriere, BC. Tickets available at the Horse Barn and the North Thompson Star Journal. More information can be found at: www.farmkidsfund.ca<\\/p>\\r\\n<p>\\u00a0<\\/p>\\r\\n<p>\\u00a0<\\/p>\",\"fulltext\":\"\",\"state\":1,\"catid\":\"8\",\"created\":\"2014-10-08 20:21:50\",\"created_by\":\"319\",\"created_by_alias\":\"\",\"modified\":\"2014-10-09 21:01:43\",\"modified_by\":\"320\",\"checked_out\":\"320\",\"checked_out_time\":\"2014-10-09 20:59:27\",\"publish_up\":\"2014-10-08 20:21:50\",\"publish_down\":\"0000-00-00 00:00:00\",\"images\":\"{\\\"image_intro\\\":\\\"\\\",\\\"float_intro\\\":\\\"\\\",\\\"image_intro_alt\\\":\\\"\\\",\\\"image_intro_caption\\\":\\\"\\\",\\\"image_fulltext\\\":\\\"\\\",\\\"float_fulltext\\\":\\\"\\\",\\\"image_fulltext_alt\\\":\\\"\\\",\\\"image_fulltext_caption\\\":\\\"\\\"}\",\"urls\":\"{\\\"urla\\\":false,\\\"urlatext\\\":\\\"\\\",\\\"targeta\\\":\\\"\\\",\\\"urlb\\\":false,\\\"urlbtext\\\":\\\"\\\",\\\"targetb\\\":\\\"\\\",\\\"urlc\\\":false,\\\"urlctext\\\":\\\"\\\",\\\"targetc\\\":\\\"\\\"}\",\"attribs\":\"{\\\"show_title\\\":\\\"\\\",\\\"link_titles\\\":\\\"\\\",\\\"show_tags\\\":\\\"\\\",\\\"show_intro\\\":\\\"\\\",\\\"info_block_position\\\":\\\"\\\",\\\"show_category\\\":\\\"\\\",\\\"link_category\\\":\\\"\\\",\\\"show_parent_category\\\":\\\"\\\",\\\"link_parent_category\\\":\\\"\\\",\\\"show_author\\\":\\\"\\\",\\\"link_author\\\":\\\"\\\",\\\"show_create_date\\\":\\\"\\\",\\\"show_modify_date\\\":\\\"\\\",\\\"show_publish_date\\\":\\\"\\\",\\\"show_item_navigation\\\":\\\"\\\",\\\"show_icons\\\":\\\"\\\",\\\"show_print_icon\\\":\\\"\\\",\\\"show_email_icon\\\":\\\"\\\",\\\"show_vote\\\":\\\"\\\",\\\"show_hits\\\":\\\"\\\",\\\"show_noauth\\\":\\\"\\\",\\\"urls_position\\\":\\\"\\\",\\\"alternative_readmore\\\":\\\"\\\",\\\"article_layout\\\":\\\"\\\",\\\"show_publishing_options\\\":\\\"\\\",\\\"show_article_options\\\":\\\"\\\",\\\"show_urls_images_backend\\\":\\\"\\\",\\\"show_urls_images_frontend\\\":\\\"\\\"}\",\"version\":6,\"ordering\":\"3\",\"metakey\":\"\",\"metadesc\":\"\",\"access\":\"1\",\"hits\":\"4\",\"metadata\":\"{\\\"robots\\\":\\\"\\\",\\\"author\\\":\\\"\\\",\\\"rights\\\":\\\"\\\",\\\"xreference\\\":\\\"\\\"}\",\"featured\":\"0\",\"language\":\"*\",\"xreference\":\"\"}', 0),
(26, 3, 1, '', '2014-10-09 21:05:12', 320, 3946, '418688eaca8bf9ad62e1575b351844438196eab1', '{\"id\":3,\"asset_id\":\"65\",\"title\":\"Schedule\",\"alias\":\"schedule\",\"introtext\":\"<p><strong>Here\'s Jeremy\'s schedule to date for 2014. If you would like to book him, and the date appears to be open on the calendar, give him a shout - he\'d be glad to hear from you. \\u00a0Contact us for details!<\\/strong><\\/p>\\r\\n<p><strong>Some of these events may be private functions - they are not all public events. If you are interested in ticket information for any of them, please refer to the event web site or send an email to Jeremy and ask him for contact information.<\\/strong><\\/p>\\r\\n<p>\\u00a0<\\/p>\\r\\n<p><strong>January 18th 2014<\\/strong>- 14th Annual 100 Mile House Cowboy Concert [LP], Martin Exeter Hall, 100 Mile House BC. \\u00a0<\\/p>\\r\\n<p>\\u00a0<\\/p>\\r\\n<p><strong>March 8th<\\/strong>- Yale\\/Pritchard 4H Dance, Knutsford, BC<\\/p>\\r\\n<p>\\u00a0<\\/p>\\r\\n<p><strong>April 24th<\\/strong>- The Rooftop Sessions [Guest Performer], The Ramada Inn, Kamloops BC<\\/p>\\r\\n<p>\\u00a0<\\/p>\\r\\n<p><strong>May 1st<\\/strong>- \\u00a0The Rooftop Sessions [Feature Performer], The Ramada Inn, Kamloops, BC<\\/p>\\r\\n<p>\\u00a0<\\/p>\\r\\n<p><strong>May 25th<\\/strong>- Westbank Country Opry [Guest Performer], Emmanuel Church Auditorium, Westbank BC- for more info,\\u00a0<a href=\\\"http:\\/\\/www.westbankcountryopry.com\\/index.html\\\">http:\\/\\/www.westbankcountryopry.com\\/index.html<\\/a><\\/p>\\r\\n<p>\\u00a0<\\/p>\\r\\n<p><strong>June 7th<\\/strong>- Schneider\\/Eccott Wedding, Princeton, BC<\\/p>\\r\\n<p>\\u00a0<\\/p>\\r\\n<p><strong>August 14th<\\/strong>- The Rooftop Sessions [Feature Performer], The Ramada Inn, Kamloops, BC<\\/p>\\r\\n<p>\\u00a0<\\/p>\\r\\n<p><strong>September 5th-6th-7th<\\/strong>- Drovers Jubilee [LP], Barkerville, BC<\\/p>\\r\\n<p>\\u00a0<\\/p>\\r\\n<p><strong>December 7th<\\/strong>- Westbank Country Opry [Guest Performer], Emmanuel Church Auditorium, Westbank BC- for more info,\\u00a0<a href=\\\"http:\\/\\/www.westbankcountryopry.com\\/index.html\\\">http:\\/\\/www.westbankcountryopry.com\\/index.html<\\/a><\\/p>\\r\\n<p>\\u00a0<\\/p>\\r\\n<p><strong>December 31st<\\/strong> - NYE Bullarama Fundraiser for Farm Kids Scholarship Fund [MC], NTFF Grounds, Barriere, BC. Tickets available at the Horse Barn and the North Thompson Star Journal. More information can be found at:\\u00a0<a href=\\\"http:\\/\\/www.farmkidsfund.ca\\\">www.farmkidsfund.ca<\\/a><\\/p>\\r\\n<p>\\u00a0<\\/p>\\r\\n<p>\\u00a0<\\/p>\",\"fulltext\":\"\",\"state\":1,\"catid\":\"8\",\"created\":\"2014-10-08 20:21:50\",\"created_by\":\"319\",\"created_by_alias\":\"\",\"modified\":\"2014-10-09 21:05:12\",\"modified_by\":\"320\",\"checked_out\":\"320\",\"checked_out_time\":\"2014-10-09 21:01:43\",\"publish_up\":\"2014-10-08 20:21:50\",\"publish_down\":\"0000-00-00 00:00:00\",\"images\":\"{\\\"image_intro\\\":\\\"\\\",\\\"float_intro\\\":\\\"\\\",\\\"image_intro_alt\\\":\\\"\\\",\\\"image_intro_caption\\\":\\\"\\\",\\\"image_fulltext\\\":\\\"\\\",\\\"float_fulltext\\\":\\\"\\\",\\\"image_fulltext_alt\\\":\\\"\\\",\\\"image_fulltext_caption\\\":\\\"\\\"}\",\"urls\":\"{\\\"urla\\\":false,\\\"urlatext\\\":\\\"\\\",\\\"targeta\\\":\\\"\\\",\\\"urlb\\\":false,\\\"urlbtext\\\":\\\"\\\",\\\"targetb\\\":\\\"\\\",\\\"urlc\\\":false,\\\"urlctext\\\":\\\"\\\",\\\"targetc\\\":\\\"\\\"}\",\"attribs\":\"{\\\"show_title\\\":\\\"\\\",\\\"link_titles\\\":\\\"\\\",\\\"show_tags\\\":\\\"\\\",\\\"show_intro\\\":\\\"\\\",\\\"info_block_position\\\":\\\"\\\",\\\"show_category\\\":\\\"\\\",\\\"link_category\\\":\\\"\\\",\\\"show_parent_category\\\":\\\"\\\",\\\"link_parent_category\\\":\\\"\\\",\\\"show_author\\\":\\\"\\\",\\\"link_author\\\":\\\"\\\",\\\"show_create_date\\\":\\\"\\\",\\\"show_modify_date\\\":\\\"\\\",\\\"show_publish_date\\\":\\\"\\\",\\\"show_item_navigation\\\":\\\"\\\",\\\"show_icons\\\":\\\"\\\",\\\"show_print_icon\\\":\\\"\\\",\\\"show_email_icon\\\":\\\"\\\",\\\"show_vote\\\":\\\"\\\",\\\"show_hits\\\":\\\"\\\",\\\"show_noauth\\\":\\\"\\\",\\\"urls_position\\\":\\\"\\\",\\\"alternative_readmore\\\":\\\"\\\",\\\"article_layout\\\":\\\"\\\",\\\"show_publishing_options\\\":\\\"\\\",\\\"show_article_options\\\":\\\"\\\",\\\"show_urls_images_backend\\\":\\\"\\\",\\\"show_urls_images_frontend\\\":\\\"\\\"}\",\"version\":7,\"ordering\":\"3\",\"metakey\":\"\",\"metadesc\":\"\",\"access\":\"1\",\"hits\":\"4\",\"metadata\":\"{\\\"robots\\\":\\\"\\\",\\\"author\\\":\\\"\\\",\\\"rights\\\":\\\"\\\",\\\"xreference\\\":\\\"\\\"}\",\"featured\":\"0\",\"language\":\"*\",\"xreference\":\"\"}', 0),
(27, 6, 1, '', '2014-10-10 20:32:00', 320, 6738, '1055cdcc6e98d6213cc29b3c98ce455009e0bf3e', '{\"id\":6,\"asset_id\":\"69\",\"title\":\"Links\",\"alias\":\"links\",\"introtext\":\"<p>\\u00a0<\\/p>\\r\\n<p><strong>\\u00a0MUSICIANS AND POETS<\\/strong><\\/p>\\r\\n<p><strong>Alan Moberg<\\/strong> is a true entertainer - He is country. He is cowboy. He is folk. He is gospel. He is Western roots. This musician writes wonderful originals and also sings cover songs by heroes like Johnny Cash and Guy Clark. He has released 15 recordings over three decades of music and song. www.alanmoberg.com<\\/p>\\r\\n<p>\\u00a0<\\/p>\\r\\n<p><strong>The Gordie West Band<\\/strong> plays memorable country &amp; western music - good old cowboy songs from the past. Gordie West and Mike Dygert are a delightful duo that make the music come alive! They are performers and entertainers, not just singers, and when they are on stage their audience will be entertained! www.gordiewestband.com<\\/p>\\r\\n<p>\\u00a0<\\/p>\\r\\n<p><strong>Mike Puhallo<\\/strong>\\u00a0was a widely published cowboy poet and was one of the very few Cowboy Poets in the world to actually make a big part of his living from his cowboy poetry. You can visit Mike\'s web site at:www.mikepuhallo.com. Mike also has CDs, tapes, and books of cowboy poetry for sale!<\\/p>\\r\\n<p>\\u00a0<\\/p>\\r\\n<p><strong>Hugh McLennan<\\/strong> - the voice of \\\"The Spirit of the West\\\" radio show! Hugh delivers keynote addresses, speeches, and inspirational messages to audiences all over North America! You can hear the radio show on-line, read about Hugh, and\\/or find out how you can join him and his wife Billie on a Cruise! You can also listen to the \\\"Spirit of the West\\\" radio show in Windows Media right here at: www.hugh-mclennan.com.<\\/p>\\r\\n<p>\\u00a0<\\/p>\\r\\n<p>The <strong>Alberta Cowboy Poetry Association<\\/strong> was established in 1987 to promote and preserve our rich western heritage through cowboy poetry, western music, and story telling. If you\'re looking for good clean Western \\/ Cowboy Entertainment for a private function, gathering or festival, or any kind of event, then you\'ll find it here. You\'ll also find a good selection of CDs, books and DVDs in the General Store and a list of events on the Gatherings Page ... all at: www.albertacowboypoetry.com<\\/p>\\r\\n<p>\\u00a0<\\/p>\\r\\n<p><strong>\\u00a0 PHOTOGRAPHY AND VIDEO PRODUCTION<\\/strong><\\/p>\\r\\n<p>\\u00a0<\\/p>\\r\\n<p>For the best in pet, livestock, and animal performance photography, look for our friends at <strong>Creature Focus Photography<\\/strong>. \\u00a0Check out their portfolio at\\u00a0<a href=\\\"http:\\/\\/creaturefocusphotography.org\\\">http:\\/\\/creaturefocusphotography.org<\\/a><\\/p>\\r\\n<p>\\u00a0<\\/p>\\r\\n<p>Want to launch your business, or improve it\'s market share? \\u00a0If you\'d like to showcase you and your interests with video, call <strong>MTMB Productions<\\/strong>! \\u00a0Their site is full of info and ideas, as well as links to their work so you can see what you are getting- world class videography! \\u00a0<a href=\\\"http:\\/\\/www.mtmbproductions.com\\\">www.mtmbproductions.com<\\/a><\\/p>\\r\\n<p>\\u00a0<\\/p>\\r\\n<p>\\u00a0\\u00a0<strong>SOCIETIES AND NON-PROFIT GROUPS<\\/strong><\\/p>\\r\\n<p>\\u00a0<\\/p>\\r\\n<p><strong>The Farm Kids Scholarship Fund<\\/strong> is a not for profit organization whose purpose is the creation of a scholarship fund for rural youth in British Columbia. \\u00a0We are very proud to support this group- see what they are all about at\\u00a0<a href=\\\"http:\\/\\/www.farmkidsfund.ca\\\">http:\\/\\/www.farmkidsfund.ca<\\/a><\\/p>\\r\\n<p>\\u00a0<\\/p>\\r\\n<p>\\u00a0<strong>The BC Cowboy Heritage Society<\\/strong> - <a href=\\\"http:\\/\\/www.bcchs.com\\\">www.bcchs.com<\\/a>\\u00a0- has a mandate to preserve and promote cowboy heritage in BC. The Society also puts on the Kamloops Cowboy Festival and they started and run the BC Cowboy Hall of Fame!<\\/p>\\r\\n<p>\\u00a0<\\/p>\\r\\n<p><strong>Museum of ther Cariboo Chilcotin\\u00a0<\\/strong>-\\u00a0A BC Cowboy, Ranching, and Rodeo Museum! One of the few museums that is dedicated to featuring cowboys, ranching, and rodeo. It also has sections on Williams Lake, BC. <a href=\\\"http:\\/\\/www.cowboy-museum.com\\\">www.cowboy-museum.com<\\/a>.<\\/p>\\r\\n<p>\\u00a0<\\/p>\\r\\n<p><strong>\\u00a0RANCHES<\\/strong><\\/p>\\r\\n<p>\\u00a0<\\/p>\\r\\n<p><strong>Meadow Springs Ranch<\\/strong> is a small working ranch that takes in guests in the South Cariboo, BC. They do trail rides and other horseback riding and have cabins to rent. See their wesite at:\\u00a0<a href=\\\"http:\\/\\/www.meadowsprings.com\\\">www.meadowsprings.com<\\/a><\\/p>\\r\\n<p>\\u00a0<\\/p>\\r\\n<p><strong>Watch Lake Lodge and Guest Ranch<\\/strong> - more than just a Dude Ranch. They rent original log cabins, have great rainbow trout fishing available, and do Trail Rides and Horseback Riding. Located at Watch Lake in the beautiful South Cariboo, British Columbia, Canada! www.watchlake.com<\\/p>\\r\\n<p>\\u00a0<\\/p>\\r\\n<p><strong>\\u00a0VENUES<\\/strong><\\/p>\\r\\n<p>\\u00a0<\\/p>\\r\\n<p>Refreshments for the heat of summer and\\/or the cold of winter at the <strong>Dusty Rose Pub<\\/strong>! They\'re right at the turn off to Green Lake and cater to lake goers in the summer and snowmobiles in the winter as well as locals all year round. www.dustyrosepub.com<\\/p>\",\"fulltext\":\"\",\"state\":1,\"catid\":\"8\",\"created\":\"2014-10-08 20:35:22\",\"created_by\":\"319\",\"created_by_alias\":\"\",\"modified\":\"2014-10-10 20:32:00\",\"modified_by\":\"320\",\"checked_out\":\"320\",\"checked_out_time\":\"2014-10-10 20:17:09\",\"publish_up\":\"2014-10-08 20:35:22\",\"publish_down\":\"0000-00-00 00:00:00\",\"images\":\"{\\\"image_intro\\\":\\\"\\\",\\\"float_intro\\\":\\\"\\\",\\\"image_intro_alt\\\":\\\"\\\",\\\"image_intro_caption\\\":\\\"\\\",\\\"image_fulltext\\\":\\\"\\\",\\\"float_fulltext\\\":\\\"\\\",\\\"image_fulltext_alt\\\":\\\"\\\",\\\"image_fulltext_caption\\\":\\\"\\\"}\",\"urls\":\"{\\\"urla\\\":false,\\\"urlatext\\\":\\\"\\\",\\\"targeta\\\":\\\"\\\",\\\"urlb\\\":false,\\\"urlbtext\\\":\\\"\\\",\\\"targetb\\\":\\\"\\\",\\\"urlc\\\":false,\\\"urlctext\\\":\\\"\\\",\\\"targetc\\\":\\\"\\\"}\",\"attribs\":\"{\\\"show_title\\\":\\\"\\\",\\\"link_titles\\\":\\\"\\\",\\\"show_tags\\\":\\\"\\\",\\\"show_intro\\\":\\\"\\\",\\\"info_block_position\\\":\\\"\\\",\\\"show_category\\\":\\\"\\\",\\\"link_category\\\":\\\"\\\",\\\"show_parent_category\\\":\\\"\\\",\\\"link_parent_category\\\":\\\"\\\",\\\"show_author\\\":\\\"\\\",\\\"link_author\\\":\\\"\\\",\\\"show_create_date\\\":\\\"\\\",\\\"show_modify_date\\\":\\\"\\\",\\\"show_publish_date\\\":\\\"\\\",\\\"show_item_navigation\\\":\\\"\\\",\\\"show_icons\\\":\\\"\\\",\\\"show_print_icon\\\":\\\"\\\",\\\"show_email_icon\\\":\\\"\\\",\\\"show_vote\\\":\\\"\\\",\\\"show_hits\\\":\\\"\\\",\\\"show_noauth\\\":\\\"\\\",\\\"urls_position\\\":\\\"\\\",\\\"alternative_readmore\\\":\\\"\\\",\\\"article_layout\\\":\\\"\\\",\\\"show_publishing_options\\\":\\\"\\\",\\\"show_article_options\\\":\\\"\\\",\\\"show_urls_images_backend\\\":\\\"\\\",\\\"show_urls_images_frontend\\\":\\\"\\\"}\",\"version\":3,\"ordering\":\"0\",\"metakey\":\"\",\"metadesc\":\"\",\"access\":\"1\",\"hits\":\"4\",\"metadata\":\"{\\\"robots\\\":\\\"\\\",\\\"author\\\":\\\"\\\",\\\"rights\\\":\\\"\\\",\\\"xreference\\\":\\\"\\\"}\",\"featured\":\"0\",\"language\":\"*\",\"xreference\":\"\"}', 0),
(28, 6, 1, '', '2014-10-10 20:40:21', 320, 7051, '31b56935ee748b44f67031cd01cf7fd09e9efe1d', '{\"id\":6,\"asset_id\":\"69\",\"title\":\"Links\",\"alias\":\"links\",\"introtext\":\"<p>\\u00a0<\\/p>\\r\\n<p><strong>\\u00a0MUSICIANS AND POETS<\\/strong><\\/p>\\r\\n<p><strong>Alan Moberg<\\/strong> is a true entertainer - He is country. He is cowboy. He is folk. He is gospel. He is Western roots. This musician writes wonderful originals and also sings cover songs by heroes like Johnny Cash and Guy Clark. He has released 15 recordings over three decades of music and song. www.alanmoberg.com<\\/p>\\r\\n<p>\\u00a0<\\/p>\\r\\n<p><strong>The Gordie West Band<\\/strong> plays memorable country &amp; western music - good old cowboy songs from the past. Gordie West and Mike Dygert are a delightful duo that make the music come alive! They are performers and entertainers, not just singers, and when they are on stage their audience will be entertained! www.gordiewestband.com<\\/p>\\r\\n<p>\\u00a0<\\/p>\\r\\n<p><strong>Mike Puhallo<\\/strong>\\u00a0was a widely published cowboy poet and was one of the very few Cowboy Poets in the world to actually make a big part of his living from his cowboy poetry. You can visit Mike\'s web site at:www.mikepuhallo.com. Mike also has CDs, tapes, and books of cowboy poetry for sale!<\\/p>\\r\\n<p>\\u00a0<\\/p>\\r\\n<p><strong>Hugh McLennan<\\/strong> - the voice of \\\"The Spirit of the West\\\" radio show! Hugh delivers keynote addresses, speeches, and inspirational messages to audiences all over North America! You can hear the radio show on-line, read about Hugh, and\\/or find out how you can join him and his wife Billie on a Cruise! You can also listen to the \\\"Spirit of the West\\\" radio show in Windows Media right here at: www.hugh-mclennan.com.<\\/p>\\r\\n<p>\\u00a0<\\/p>\\r\\n<p>The <strong>Alberta Cowboy Poetry Association<\\/strong> was established in 1987 to promote and preserve our rich western heritage through cowboy poetry, western music, and story telling. If you\'re looking for good clean Western \\/ Cowboy Entertainment for a private function, gathering or festival, or any kind of event, then you\'ll find it here. You\'ll also find a good selection of CDs, books and DVDs in the General Store and a list of events on the Gatherings Page ... all at: www.albertacowboypoetry.com<\\/p>\\r\\n<p>\\u00a0<\\/p>\\r\\n<p><strong>\\u00a0 PHOTOGRAPHY AND VIDEO PRODUCTION<\\/strong><\\/p>\\r\\n<p>\\u00a0<\\/p>\\r\\n<p>For the best in pet, livestock, and animal performance photography, look for our friends at <strong>Creature Focus Photography<\\/strong>. \\u00a0Check out their portfolio at\\u00a0<a href=\\\"http:\\/\\/creaturefocusphotography.org\\\">http:\\/\\/creaturefocusphotography.org<\\/a><\\/p>\\r\\n<p>\\u00a0<\\/p>\\r\\n<p>Want to launch your business, or improve it\'s market share? \\u00a0If you\'d like to showcase you and your interests with video, call <strong>MTMB Productions<\\/strong>! \\u00a0Their site is full of info and ideas, as well as links to their work so you can see what you are getting- world class videography! \\u00a0<a href=\\\"http:\\/\\/www.mtmbproductions.com\\\">www.mtmbproductions.com<\\/a><\\/p>\\r\\n<p>\\u00a0<\\/p>\\r\\n<p>\\u00a0\\u00a0<strong>SOCIETIES AND NON-PROFIT GROUPS<\\/strong><\\/p>\\r\\n<p>\\u00a0<\\/p>\\r\\n<p><strong>The Farm Kids Scholarship Fund<\\/strong> is a not for profit organization whose purpose is the creation of a scholarship fund for rural youth in British Columbia. \\u00a0We are very proud to support this group- see what they are all about at\\u00a0<a href=\\\"http:\\/\\/www.farmkidsfund.ca\\\">http:\\/\\/www.farmkidsfund.ca<\\/a><\\/p>\\r\\n<p>\\u00a0<\\/p>\\r\\n<p>\\u00a0<strong>The BC Cowboy Heritage Society<\\/strong> - <a href=\\\"http:\\/\\/www.bcchs.com\\\">www.bcchs.com<\\/a>\\u00a0- has a mandate to preserve and promote cowboy heritage in BC. The Society also puts on the Kamloops Cowboy Festival and they started and run the BC Cowboy Hall of Fame!<\\/p>\\r\\n<p>\\u00a0<\\/p>\\r\\n<p><strong>Museum of ther Cariboo Chilcotin\\u00a0<\\/strong>-\\u00a0A BC Cowboy, Ranching, and Rodeo Museum! One of the few museums that is dedicated to featuring cowboys, ranching, and rodeo. It also has sections on Williams Lake, BC. <a href=\\\"http:\\/\\/www.cowboy-museum.com\\\">www.cowboy-museum.com<\\/a>.<\\/p>\\r\\n<p>\\u00a0<\\/p>\\r\\n<p><strong>\\u00a0RANCHES<\\/strong><\\/p>\\r\\n<p>\\u00a0<\\/p>\\r\\n<p><strong>Meadow Springs Ranch<\\/strong> is a small working ranch that takes in guests in the South Cariboo, BC. They do trail rides and other horseback riding and have cabins to rent. See their wesite at:\\u00a0<a href=\\\"http:\\/\\/www.meadowsprings.com\\\">www.meadowsprings.com<\\/a><\\/p>\\r\\n<p>\\u00a0<\\/p>\\r\\n<p><strong>Watch Lake Lodge and Guest Ranch<\\/strong> - more than just a Dude Ranch. They rent original log cabins, have great rainbow trout fishing available, and do Trail Rides and Horseback Riding. Located at Watch Lake in the beautiful South Cariboo, British Columbia, Canada!\\u00a0<a href=\\\"http:\\/\\/www.watchlake.com\\\">www.watchlake.com<\\/a><\\/p>\\r\\n<p>\\u00a0<\\/p>\\r\\n<p><strong>\\u00a0VENUES<\\/strong><\\/p>\\r\\n<p><strong>The Westbank Country Opry<\\/strong>\\u00a0is the longest running live music show in Canada\'s Okanagan Valley- a great time with great musicians. \\u00a0Visit their site for dates and times!\\u00a0<a href=\\\"http:\\/\\/www.westbankcountryopry.com\\\">http:\\/\\/www.westbankcountryopry.com<\\/a><\\/p>\\r\\n<p>Refreshments for the heat of summer and\\/or the cold of winter at the <strong>Dusty Rose Pub<\\/strong>! They\'re right at the turn off to Green Lake and cater to lake goers in the summer and snowmobiles in the winter as well as locals all year round.<\\/p>\",\"fulltext\":\"\",\"state\":1,\"catid\":\"8\",\"created\":\"2014-10-08 20:35:22\",\"created_by\":\"319\",\"created_by_alias\":\"\",\"modified\":\"2014-10-10 20:40:21\",\"modified_by\":\"320\",\"checked_out\":\"320\",\"checked_out_time\":\"2014-10-10 20:32:00\",\"publish_up\":\"2014-10-08 20:35:22\",\"publish_down\":\"0000-00-00 00:00:00\",\"images\":\"{\\\"image_intro\\\":\\\"\\\",\\\"float_intro\\\":\\\"\\\",\\\"image_intro_alt\\\":\\\"\\\",\\\"image_intro_caption\\\":\\\"\\\",\\\"image_fulltext\\\":\\\"\\\",\\\"float_fulltext\\\":\\\"\\\",\\\"image_fulltext_alt\\\":\\\"\\\",\\\"image_fulltext_caption\\\":\\\"\\\"}\",\"urls\":\"{\\\"urla\\\":false,\\\"urlatext\\\":\\\"\\\",\\\"targeta\\\":\\\"\\\",\\\"urlb\\\":false,\\\"urlbtext\\\":\\\"\\\",\\\"targetb\\\":\\\"\\\",\\\"urlc\\\":false,\\\"urlctext\\\":\\\"\\\",\\\"targetc\\\":\\\"\\\"}\",\"attribs\":\"{\\\"show_title\\\":\\\"\\\",\\\"link_titles\\\":\\\"\\\",\\\"show_tags\\\":\\\"\\\",\\\"show_intro\\\":\\\"\\\",\\\"info_block_position\\\":\\\"\\\",\\\"show_category\\\":\\\"\\\",\\\"link_category\\\":\\\"\\\",\\\"show_parent_category\\\":\\\"\\\",\\\"link_parent_category\\\":\\\"\\\",\\\"show_author\\\":\\\"\\\",\\\"link_author\\\":\\\"\\\",\\\"show_create_date\\\":\\\"\\\",\\\"show_modify_date\\\":\\\"\\\",\\\"show_publish_date\\\":\\\"\\\",\\\"show_item_navigation\\\":\\\"\\\",\\\"show_icons\\\":\\\"\\\",\\\"show_print_icon\\\":\\\"\\\",\\\"show_email_icon\\\":\\\"\\\",\\\"show_vote\\\":\\\"\\\",\\\"show_hits\\\":\\\"\\\",\\\"show_noauth\\\":\\\"\\\",\\\"urls_position\\\":\\\"\\\",\\\"alternative_readmore\\\":\\\"\\\",\\\"article_layout\\\":\\\"\\\",\\\"show_publishing_options\\\":\\\"\\\",\\\"show_article_options\\\":\\\"\\\",\\\"show_urls_images_backend\\\":\\\"\\\",\\\"show_urls_images_frontend\\\":\\\"\\\"}\",\"version\":4,\"ordering\":\"0\",\"metakey\":\"\",\"metadesc\":\"\",\"access\":\"1\",\"hits\":\"4\",\"metadata\":\"{\\\"robots\\\":\\\"\\\",\\\"author\\\":\\\"\\\",\\\"rights\\\":\\\"\\\",\\\"xreference\\\":\\\"\\\"}\",\"featured\":\"0\",\"language\":\"*\",\"xreference\":\"\"}', 0),
(29, 6, 1, '', '2014-10-10 20:42:30', 320, 7204, 'd37f04109f4b04cd8409c8306dd7d3ad654163fb', '{\"id\":6,\"asset_id\":\"69\",\"title\":\"Links\",\"alias\":\"links\",\"introtext\":\"<p>\\u00a0<\\/p>\\r\\n<p><strong>\\u00a0MUSICIANS AND POETS<\\/strong><\\/p>\\r\\n<p><strong>Alan Moberg<\\/strong> is a true entertainer - He is country. He is cowboy. He is folk. He is gospel. He is Western roots. This musician writes wonderful originals and also sings cover songs by heroes like Johnny Cash and Guy Clark. He has released 15 recordings over three decades of music and song. www.alanmoberg.com<\\/p>\\r\\n<p>\\u00a0<\\/p>\\r\\n<p><strong>The Gordie West Band<\\/strong> plays memorable country &amp; western music - good old cowboy songs from the past. Gordie West and Mike Dygert are a delightful duo that make the music come alive! They are performers and entertainers, not just singers, and when they are on stage their audience will be entertained! www.gordiewestband.com<\\/p>\\r\\n<p>\\u00a0<\\/p>\\r\\n<p><strong>Mike Puhallo<\\/strong>\\u00a0was a widely published cowboy poet and was one of the very few Cowboy Poets in the world to actually make a big part of his living from his cowboy poetry. You can visit Mike\'s web site at <a href=\\\"http:\\/\\/www.mikepuhallo.com\\\">www.mikepuhallo.com<\\/a>. Mike also has CDs, tapes, and books of cowboy poetry for sale!<\\/p>\\r\\n<p>\\u00a0<\\/p>\\r\\n<p><strong>Hugh McLennan<\\/strong> - the voice of \\\"The Spirit of the West\\\" radio show! Hugh delivers keynote addresses, speeches, and inspirational messages to audiences all over North America! You can hear the radio show on-line, read about Hugh, and\\/or find out how you can join him and his wife Billie on a Cruise! You can also listen to the \\\"Spirit of the West\\\" radio show in Windows Media right here at: <a href=\\\"http:\\/\\/www.hugh-mclennan.com\\\">www.hugh-mclennan.com<\\/a>.<\\/p>\\r\\n<p>\\u00a0<\\/p>\\r\\n<p>The <strong>Alberta Cowboy Poetry Association<\\/strong> was established in 1987 to promote and preserve our rich western heritage through cowboy poetry, western music, and story telling. If you\'re looking for good clean Western \\/ Cowboy Entertainment for a private function, gathering or festival, or any kind of event, then you\'ll find it here. You\'ll also find a good selection of CDs, books and DVDs in the General Store and a list of events on the Gatherings Page ... all at:\\u00a0<a href=\\\"http:\\/\\/www.albertacowboypoetry.com\\\">www.albertacowboypoetry.com<\\/a><\\/p>\\r\\n<p>\\u00a0<\\/p>\\r\\n<p><strong>\\u00a0 PHOTOGRAPHY AND VIDEO PRODUCTION<\\/strong><\\/p>\\r\\n<p>\\u00a0<\\/p>\\r\\n<p>For the best in pet, livestock, and animal performance photography, look for our friends at <strong>Creature Focus Photography<\\/strong>. \\u00a0Check out their portfolio at\\u00a0<a href=\\\"http:\\/\\/creaturefocusphotography.org\\\">http:\\/\\/creaturefocusphotography.org<\\/a><\\/p>\\r\\n<p>\\u00a0<\\/p>\\r\\n<p>Want to launch your business, or improve it\'s market share? \\u00a0If you\'d like to showcase you and your interests with video, call <strong>MTMB Productions<\\/strong>! \\u00a0Their site is full of info and ideas, as well as links to their work so you can see what you are getting- world class videography! \\u00a0<a href=\\\"http:\\/\\/www.mtmbproductions.com\\\">www.mtmbproductions.com<\\/a><\\/p>\\r\\n<p>\\u00a0<\\/p>\\r\\n<p>\\u00a0\\u00a0<strong>SOCIETIES AND NON-PROFIT GROUPS<\\/strong><\\/p>\\r\\n<p>\\u00a0<\\/p>\\r\\n<p><strong>The Farm Kids Scholarship Fund<\\/strong> is a not for profit organization whose purpose is the creation of a scholarship fund for rural youth in British Columbia. \\u00a0We are very proud to support this group- see what they are all about at\\u00a0<a href=\\\"http:\\/\\/www.farmkidsfund.ca\\\">http:\\/\\/www.farmkidsfund.ca<\\/a><\\/p>\\r\\n<p>\\u00a0<\\/p>\\r\\n<p>\\u00a0<strong>The BC Cowboy Heritage Society<\\/strong> - <a href=\\\"http:\\/\\/www.bcchs.com\\\">www.bcchs.com<\\/a>\\u00a0- has a mandate to preserve and promote cowboy heritage in BC. The Society also puts on the Kamloops Cowboy Festival and they started and run the BC Cowboy Hall of Fame!<\\/p>\\r\\n<p>\\u00a0<\\/p>\\r\\n<p><strong>Museum of ther Cariboo Chilcotin\\u00a0<\\/strong>-\\u00a0A BC Cowboy, Ranching, and Rodeo Museum! One of the few museums that is dedicated to featuring cowboys, ranching, and rodeo. It also has sections on Williams Lake, BC. <a href=\\\"http:\\/\\/www.cowboy-museum.com\\\">www.cowboy-museum.com<\\/a>.<\\/p>\\r\\n<p>\\u00a0<\\/p>\\r\\n<p><strong>\\u00a0RANCHES<\\/strong><\\/p>\\r\\n<p>\\u00a0<\\/p>\\r\\n<p><strong>Meadow Springs Ranch<\\/strong> is a small working ranch that takes in guests in the South Cariboo, BC. They do trail rides and other horseback riding and have cabins to rent. See their wesite at:\\u00a0<a href=\\\"http:\\/\\/www.meadowsprings.com\\\">www.meadowsprings.com<\\/a><\\/p>\\r\\n<p>\\u00a0<\\/p>\\r\\n<p><strong>Watch Lake Lodge and Guest Ranch<\\/strong> - more than just a Dude Ranch. They rent original log cabins, have great rainbow trout fishing available, and do Trail Rides and Horseback Riding. Located at Watch Lake in the beautiful South Cariboo, British Columbia, Canada!\\u00a0<a href=\\\"http:\\/\\/www.watchlake.com\\\">www.watchlake.com<\\/a><\\/p>\\r\\n<p>\\u00a0<\\/p>\\r\\n<p><strong>\\u00a0VENUES<\\/strong><\\/p>\\r\\n<p><strong>The Westbank Country Opry<\\/strong>\\u00a0is the longest running live music show in Canada\'s Okanagan Valley- a great time with great musicians. \\u00a0Visit their site for dates and times!\\u00a0<a href=\\\"http:\\/\\/www.westbankcountryopry.com\\\">http:\\/\\/www.westbankcountryopry.com<\\/a><\\/p>\\r\\n<p>Refreshments for the heat of summer and\\/or the cold of winter at the <strong>Dusty Rose Pub<\\/strong>! They\'re right at the turn off to Green Lake and cater to lake goers in the summer and snowmobiles in the winter as well as locals all year round.<\\/p>\",\"fulltext\":\"\",\"state\":1,\"catid\":\"8\",\"created\":\"2014-10-08 20:35:22\",\"created_by\":\"319\",\"created_by_alias\":\"\",\"modified\":\"2014-10-10 20:42:30\",\"modified_by\":\"320\",\"checked_out\":\"320\",\"checked_out_time\":\"2014-10-10 20:40:21\",\"publish_up\":\"2014-10-08 20:35:22\",\"publish_down\":\"0000-00-00 00:00:00\",\"images\":\"{\\\"image_intro\\\":\\\"\\\",\\\"float_intro\\\":\\\"\\\",\\\"image_intro_alt\\\":\\\"\\\",\\\"image_intro_caption\\\":\\\"\\\",\\\"image_fulltext\\\":\\\"\\\",\\\"float_fulltext\\\":\\\"\\\",\\\"image_fulltext_alt\\\":\\\"\\\",\\\"image_fulltext_caption\\\":\\\"\\\"}\",\"urls\":\"{\\\"urla\\\":false,\\\"urlatext\\\":\\\"\\\",\\\"targeta\\\":\\\"\\\",\\\"urlb\\\":false,\\\"urlbtext\\\":\\\"\\\",\\\"targetb\\\":\\\"\\\",\\\"urlc\\\":false,\\\"urlctext\\\":\\\"\\\",\\\"targetc\\\":\\\"\\\"}\",\"attribs\":\"{\\\"show_title\\\":\\\"\\\",\\\"link_titles\\\":\\\"\\\",\\\"show_tags\\\":\\\"\\\",\\\"show_intro\\\":\\\"\\\",\\\"info_block_position\\\":\\\"\\\",\\\"show_category\\\":\\\"\\\",\\\"link_category\\\":\\\"\\\",\\\"show_parent_category\\\":\\\"\\\",\\\"link_parent_category\\\":\\\"\\\",\\\"show_author\\\":\\\"\\\",\\\"link_author\\\":\\\"\\\",\\\"show_create_date\\\":\\\"\\\",\\\"show_modify_date\\\":\\\"\\\",\\\"show_publish_date\\\":\\\"\\\",\\\"show_item_navigation\\\":\\\"\\\",\\\"show_icons\\\":\\\"\\\",\\\"show_print_icon\\\":\\\"\\\",\\\"show_email_icon\\\":\\\"\\\",\\\"show_vote\\\":\\\"\\\",\\\"show_hits\\\":\\\"\\\",\\\"show_noauth\\\":\\\"\\\",\\\"urls_position\\\":\\\"\\\",\\\"alternative_readmore\\\":\\\"\\\",\\\"article_layout\\\":\\\"\\\",\\\"show_publishing_options\\\":\\\"\\\",\\\"show_article_options\\\":\\\"\\\",\\\"show_urls_images_backend\\\":\\\"\\\",\\\"show_urls_images_frontend\\\":\\\"\\\"}\",\"version\":5,\"ordering\":\"0\",\"metakey\":\"\",\"metadesc\":\"\",\"access\":\"1\",\"hits\":\"4\",\"metadata\":\"{\\\"robots\\\":\\\"\\\",\\\"author\\\":\\\"\\\",\\\"rights\\\":\\\"\\\",\\\"xreference\\\":\\\"\\\"}\",\"featured\":\"0\",\"language\":\"*\",\"xreference\":\"\"}', 0),
(30, 6, 1, '', '2014-10-10 20:43:40', 320, 7308, '545c355a035cef4752279909d7180b90c79b5f1e', '{\"id\":6,\"asset_id\":\"69\",\"title\":\"Links\",\"alias\":\"links\",\"introtext\":\"<p>\\u00a0<\\/p>\\r\\n<p><strong>\\u00a0MUSICIANS AND POETS<\\/strong><\\/p>\\r\\n<p><strong>Alan Moberg<\\/strong> is a true entertainer - He is country. He is cowboy. He is folk. He is gospel. He is Western roots. This musician writes wonderful originals and also sings cover songs by heroes like Johnny Cash and Guy Clark. He has released 15 recordings over three decades of music and song.\\u00a0<a href=\\\"http:\\/\\/www.alanmoberg.com\\\">www.alanmoberg.com<\\/a><\\/p>\\r\\n<p>\\u00a0<\\/p>\\r\\n<p><strong>The Gordie West Band<\\/strong> plays memorable country &amp; western music - good old cowboy songs from the past. Gordie West and Mike Dygert are a delightful duo that make the music come alive! They are performers and entertainers, not just singers, and when they are on stage their audience will be entertained!\\u00a0<a href=\\\"http:\\/\\/www.gordiewestband.com\\\">www.gordiewestband.com<\\/a><\\/p>\\r\\n<p>\\u00a0<\\/p>\\r\\n<p><strong>Mike Puhallo<\\/strong>\\u00a0was a widely published cowboy poet and was one of the very few Cowboy Poets in the world to actually make a big part of his living from his cowboy poetry. You can visit Mike\'s web site at <a href=\\\"http:\\/\\/www.mikepuhallo.com\\\">www.mikepuhallo.com<\\/a>. Mike also has CDs, tapes, and books of cowboy poetry for sale!<\\/p>\\r\\n<p>\\u00a0<\\/p>\\r\\n<p><strong>Hugh McLennan<\\/strong> - the voice of \\\"The Spirit of the West\\\" radio show! Hugh delivers keynote addresses, speeches, and inspirational messages to audiences all over North America! You can hear the radio show on-line, read about Hugh, and\\/or find out how you can join him and his wife Billie on a Cruise! You can also listen to the \\\"Spirit of the West\\\" radio show in Windows Media right here at: <a href=\\\"http:\\/\\/www.hugh-mclennan.com\\\">www.hugh-mclennan.com<\\/a>.<\\/p>\\r\\n<p>\\u00a0<\\/p>\\r\\n<p>The <strong>Alberta Cowboy Poetry Association<\\/strong> was established in 1987 to promote and preserve our rich western heritage through cowboy poetry, western music, and story telling. If you\'re looking for good clean Western \\/ Cowboy Entertainment for a private function, gathering or festival, or any kind of event, then you\'ll find it here. You\'ll also find a good selection of CDs, books and DVDs in the General Store and a list of events on the Gatherings Page ... all at:\\u00a0<a href=\\\"http:\\/\\/www.albertacowboypoetry.com\\\">www.albertacowboypoetry.com<\\/a><\\/p>\\r\\n<p>\\u00a0<\\/p>\\r\\n<p><strong>\\u00a0 PHOTOGRAPHY AND VIDEO PRODUCTION<\\/strong><\\/p>\\r\\n<p>\\u00a0<\\/p>\\r\\n<p>For the best in pet, livestock, and animal performance photography, look for our friends at <strong>Creature Focus Photography<\\/strong>. \\u00a0Check out their portfolio at\\u00a0<a href=\\\"http:\\/\\/creaturefocusphotography.org\\\">http:\\/\\/creaturefocusphotography.org<\\/a><\\/p>\\r\\n<p>\\u00a0<\\/p>\\r\\n<p>Want to launch your business, or improve it\'s market share? \\u00a0If you\'d like to showcase you and your interests with video, call <strong>MTMB Productions<\\/strong>! \\u00a0Their site is full of info and ideas, as well as links to their work so you can see what you are getting- world class videography! \\u00a0<a href=\\\"http:\\/\\/www.mtmbproductions.com\\\">www.mtmbproductions.com<\\/a><\\/p>\\r\\n<p>\\u00a0<\\/p>\\r\\n<p>\\u00a0\\u00a0<strong>SOCIETIES AND NON-PROFIT GROUPS<\\/strong><\\/p>\\r\\n<p>\\u00a0<\\/p>\\r\\n<p><strong>The Farm Kids Scholarship Fund<\\/strong> is a not for profit organization whose purpose is the creation of a scholarship fund for rural youth in British Columbia. \\u00a0We are very proud to support this group- see what they are all about at\\u00a0<a href=\\\"http:\\/\\/www.farmkidsfund.ca\\\">http:\\/\\/www.farmkidsfund.ca<\\/a><\\/p>\\r\\n<p>\\u00a0<\\/p>\\r\\n<p>\\u00a0<strong>The BC Cowboy Heritage Society<\\/strong> - <a href=\\\"http:\\/\\/www.bcchs.com\\\">www.bcchs.com<\\/a>\\u00a0- has a mandate to preserve and promote cowboy heritage in BC. The Society also puts on the Kamloops Cowboy Festival and they started and run the BC Cowboy Hall of Fame!<\\/p>\\r\\n<p>\\u00a0<\\/p>\\r\\n<p><strong>Museum of ther Cariboo Chilcotin\\u00a0<\\/strong>-\\u00a0A BC Cowboy, Ranching, and Rodeo Museum! One of the few museums that is dedicated to featuring cowboys, ranching, and rodeo. It also has sections on Williams Lake, BC. <a href=\\\"http:\\/\\/www.cowboy-museum.com\\\">www.cowboy-museum.com<\\/a>.<\\/p>\\r\\n<p>\\u00a0<\\/p>\\r\\n<p><strong>\\u00a0RANCHES<\\/strong><\\/p>\\r\\n<p>\\u00a0<\\/p>\\r\\n<p><strong>Meadow Springs Ranch<\\/strong> is a small working ranch that takes in guests in the South Cariboo, BC. They do trail rides and other horseback riding and have cabins to rent. See their wesite at:\\u00a0<a href=\\\"http:\\/\\/www.meadowsprings.com\\\">www.meadowsprings.com<\\/a><\\/p>\\r\\n<p>\\u00a0<\\/p>\\r\\n<p><strong>Watch Lake Lodge and Guest Ranch<\\/strong> - more than just a Dude Ranch. They rent original log cabins, have great rainbow trout fishing available, and do Trail Rides and Horseback Riding. Located at Watch Lake in the beautiful South Cariboo, British Columbia, Canada!\\u00a0<a href=\\\"http:\\/\\/www.watchlake.com\\\">www.watchlake.com<\\/a><\\/p>\\r\\n<p>\\u00a0<\\/p>\\r\\n<p><strong>\\u00a0VENUES<\\/strong><\\/p>\\r\\n<p><strong>The Westbank Country Opry<\\/strong>\\u00a0is the longest running live music show in Canada\'s Okanagan Valley- a great time with great musicians. \\u00a0Visit their site for dates and times!\\u00a0<a href=\\\"http:\\/\\/www.westbankcountryopry.com\\\">http:\\/\\/www.westbankcountryopry.com<\\/a><\\/p>\\r\\n<p>Refreshments for the heat of summer and\\/or the cold of winter at the <strong>Dusty Rose Pub<\\/strong>! They\'re right at the turn off to Green Lake and cater to lake goers in the summer and snowmobiles in the winter as well as locals all year round.<\\/p>\",\"fulltext\":\"\",\"state\":1,\"catid\":\"8\",\"created\":\"2014-10-08 20:35:22\",\"created_by\":\"319\",\"created_by_alias\":\"\",\"modified\":\"2014-10-10 20:43:40\",\"modified_by\":\"320\",\"checked_out\":\"320\",\"checked_out_time\":\"2014-10-10 20:42:30\",\"publish_up\":\"2014-10-08 20:35:22\",\"publish_down\":\"0000-00-00 00:00:00\",\"images\":\"{\\\"image_intro\\\":\\\"\\\",\\\"float_intro\\\":\\\"\\\",\\\"image_intro_alt\\\":\\\"\\\",\\\"image_intro_caption\\\":\\\"\\\",\\\"image_fulltext\\\":\\\"\\\",\\\"float_fulltext\\\":\\\"\\\",\\\"image_fulltext_alt\\\":\\\"\\\",\\\"image_fulltext_caption\\\":\\\"\\\"}\",\"urls\":\"{\\\"urla\\\":false,\\\"urlatext\\\":\\\"\\\",\\\"targeta\\\":\\\"\\\",\\\"urlb\\\":false,\\\"urlbtext\\\":\\\"\\\",\\\"targetb\\\":\\\"\\\",\\\"urlc\\\":false,\\\"urlctext\\\":\\\"\\\",\\\"targetc\\\":\\\"\\\"}\",\"attribs\":\"{\\\"show_title\\\":\\\"\\\",\\\"link_titles\\\":\\\"\\\",\\\"show_tags\\\":\\\"\\\",\\\"show_intro\\\":\\\"\\\",\\\"info_block_position\\\":\\\"\\\",\\\"show_category\\\":\\\"\\\",\\\"link_category\\\":\\\"\\\",\\\"show_parent_category\\\":\\\"\\\",\\\"link_parent_category\\\":\\\"\\\",\\\"show_author\\\":\\\"\\\",\\\"link_author\\\":\\\"\\\",\\\"show_create_date\\\":\\\"\\\",\\\"show_modify_date\\\":\\\"\\\",\\\"show_publish_date\\\":\\\"\\\",\\\"show_item_navigation\\\":\\\"\\\",\\\"show_icons\\\":\\\"\\\",\\\"show_print_icon\\\":\\\"\\\",\\\"show_email_icon\\\":\\\"\\\",\\\"show_vote\\\":\\\"\\\",\\\"show_hits\\\":\\\"\\\",\\\"show_noauth\\\":\\\"\\\",\\\"urls_position\\\":\\\"\\\",\\\"alternative_readmore\\\":\\\"\\\",\\\"article_layout\\\":\\\"\\\",\\\"show_publishing_options\\\":\\\"\\\",\\\"show_article_options\\\":\\\"\\\",\\\"show_urls_images_backend\\\":\\\"\\\",\\\"show_urls_images_frontend\\\":\\\"\\\"}\",\"version\":6,\"ordering\":\"0\",\"metakey\":\"\",\"metadesc\":\"\",\"access\":\"1\",\"hits\":\"4\",\"metadata\":\"{\\\"robots\\\":\\\"\\\",\\\"author\\\":\\\"\\\",\\\"rights\\\":\\\"\\\",\\\"xreference\\\":\\\"\\\"}\",\"featured\":\"0\",\"language\":\"*\",\"xreference\":\"\"}', 0),
(37, 3, 1, '', '2015-01-31 10:09:02', 320, 2953, '43ac8b1d4be3f7cd52a5ffe17b9241662570f752', '{\"id\":3,\"asset_id\":\"65\",\"title\":\"Schedule\",\"alias\":\"schedule\",\"introtext\":\"<p><strong>Here\'s Jeremy\'s schedule to date for 2015. If you would like to book him, and the date appears to be open on the calendar, give him a shout - he\'d be glad to hear from you. \\u00a0Contact us for details!<\\/strong><\\/p>\\r\\n<p><strong>Some of these events may be private functions - they are not all public events. If you are interested in ticket information for any of them, please refer to the event web site or send an email to Jeremy and ask him for contact information.<\\/strong><\\/p>\\r\\n<p>\\u00a0<\\/p>\\r\\n<p><strong>February 6th- <\\/strong>Lac La Hache Coffee House [LP], Lac La Hache, BC.\\u00a0 This is a by donation evening of entertainment, come and enjoy the music.<\\/p>\\r\\n<p><strong>March 12-15th- <\\/strong>Kamloops Cowboy Festival [LP], Kamloops, BC.\\u00a0 Visit\\u00a0<a href=\\\"http:\\/\\/www.bcchs.com\\/index.html\\\">http:\\/\\/www.bcchs.com\\/index.html<\\/a>\\u00a0for more details and ticket information.<\\/p>\\r\\n<p><strong>December 31st<\\/strong> - NYE Bullarama Fundraiser for Farm Kids Scholarship Fund [MC], NTFF Grounds, Barriere, BC. Tickets available at the Horse Barn and the North Thompson Star Journal. More information can be found at:\\u00a0<a href=\\\"http:\\/\\/www.farmkidsfund.ca\\\">www.farmkidsfund.ca<\\/a><\\/p>\\r\\n<p>\\u00a0<\\/p>\\r\\n<p>\\u00a0<\\/p>\",\"fulltext\":\"\",\"state\":1,\"catid\":\"8\",\"created\":\"2014-10-08 20:21:50\",\"created_by\":\"319\",\"created_by_alias\":\"\",\"modified\":\"2015-01-31 10:09:02\",\"modified_by\":\"320\",\"checked_out\":\"320\",\"checked_out_time\":\"2015-01-31 10:01:27\",\"publish_up\":\"2014-10-08 20:21:50\",\"publish_down\":\"0000-00-00 00:00:00\",\"images\":\"{\\\"image_intro\\\":\\\"\\\",\\\"float_intro\\\":\\\"\\\",\\\"image_intro_alt\\\":\\\"\\\",\\\"image_intro_caption\\\":\\\"\\\",\\\"image_fulltext\\\":\\\"\\\",\\\"float_fulltext\\\":\\\"\\\",\\\"image_fulltext_alt\\\":\\\"\\\",\\\"image_fulltext_caption\\\":\\\"\\\"}\",\"urls\":\"{\\\"urla\\\":false,\\\"urlatext\\\":\\\"\\\",\\\"targeta\\\":\\\"\\\",\\\"urlb\\\":false,\\\"urlbtext\\\":\\\"\\\",\\\"targetb\\\":\\\"\\\",\\\"urlc\\\":false,\\\"urlctext\\\":\\\"\\\",\\\"targetc\\\":\\\"\\\"}\",\"attribs\":\"{\\\"show_title\\\":\\\"\\\",\\\"link_titles\\\":\\\"\\\",\\\"show_tags\\\":\\\"\\\",\\\"show_intro\\\":\\\"\\\",\\\"info_block_position\\\":\\\"\\\",\\\"show_category\\\":\\\"\\\",\\\"link_category\\\":\\\"\\\",\\\"show_parent_category\\\":\\\"\\\",\\\"link_parent_category\\\":\\\"\\\",\\\"show_author\\\":\\\"\\\",\\\"link_author\\\":\\\"\\\",\\\"show_create_date\\\":\\\"\\\",\\\"show_modify_date\\\":\\\"\\\",\\\"show_publish_date\\\":\\\"\\\",\\\"show_item_navigation\\\":\\\"\\\",\\\"show_icons\\\":\\\"\\\",\\\"show_print_icon\\\":\\\"\\\",\\\"show_email_icon\\\":\\\"\\\",\\\"show_vote\\\":\\\"\\\",\\\"show_hits\\\":\\\"\\\",\\\"show_noauth\\\":\\\"\\\",\\\"urls_position\\\":\\\"\\\",\\\"alternative_readmore\\\":\\\"\\\",\\\"article_layout\\\":\\\"\\\",\\\"show_publishing_options\\\":\\\"\\\",\\\"show_article_options\\\":\\\"\\\",\\\"show_urls_images_backend\\\":\\\"\\\",\\\"show_urls_images_frontend\\\":\\\"\\\"}\",\"version\":9,\"ordering\":\"3\",\"metakey\":\"\",\"metadesc\":\"\",\"access\":\"1\",\"hits\":\"436\",\"metadata\":\"{\\\"robots\\\":\\\"\\\",\\\"author\\\":\\\"\\\",\\\"rights\\\":\\\"\\\",\\\"xreference\\\":\\\"\\\"}\",\"featured\":\"0\",\"language\":\"*\",\"xreference\":\"\"}', 0),
(39, 1, 1, '', '2015-03-16 20:39:26', 320, 4424, '86ffa9cc22c97f6f174bb37c9d99bc3a7bb772e2', '{\"id\":1,\"asset_id\":\"59\",\"title\":\"Welcome\",\"alias\":\"welcome\",\"introtext\":\"<center>\\r\\n<h1 style=\\\"font-size: 16pt; font-family: serif; color: #835a01; line-height: 120%; margin-top: 10pt; margin-bottom: 0pt; text-align: center;\\\">Willis Entertainment Offers<br \\/>Three Great Brands of Entertainment<\\/h1>\\r\\n<h1 style=\\\"font-size: 15pt; font-family: serif; color: #835a01; line-height: 110%; margin-top: 5pt; margin-bottom: 0pt; text-align: center;\\\"><em>DJ Service, Live Music, MC (emcee) Service<\\/em><\\/h1>\\r\\n<h1 style=\\\"font-size: 12pt; font-family: serif; color: #835a01; line-height: 110%; margin-top: 5pt; margin-bottom: 10pt; text-align: center;\\\">A lifetime of music, entertainment, &amp; public speaking.<\\/h1>\\r\\n<p style=\\\"text-align: left;\\\">\\u00a0<\\/p>\\r\\n<p style=\\\"text-align: left;\\\"><strong>Jeremy Willis<\\/strong> brings a lifetime of public speaking and music to you as <strong>Willis Entertainment<\\/strong>. Never one to turn down an opportunity to use a microphone, Jeremy rapidly developed a unique and\\u00a0humorous style in both his music and his announcing at a young age. A longtime association with country music and the Country Thunder DJ Company allowed him to branch out into DJ duties in 1990, and from these beginnings Willis Entertainment was born. Successful performances at talent shows, open mics, and numerous appearances at rodeos and western events have encouraged him to make the live performance a permanent part of the business. Contact Jeremy at Willis Entertainment - he\'ll be pleased to help you.<\\/p>\\r\\n<p style=\\\"text-align: left;\\\">\\u00a0<\\/p>\\r\\n<p style=\\\"text-align: left;\\\">News from Jeremy! \\u00a0\\u00a0<\\/p>\\r\\n<p style=\\\"text-align: left;\\\">\\u00a0<\\/p>\\r\\n<p style=\\\"text-align: left;\\\">\\u00a0 \\u00a0 <strong>\\u00a0\\\"An excellent Kamloops Cowboy Festival in the books! \\u00a0Meeting new friends and fans, reconnecting with people and enjoying the\\u00a0company of like minded musicians and poets was a wonderful way to empower and inspire myself. \\u00a0So often the solitary process of writing can leave me wondering if I\'m on the right track, but then I get to share it and it is a real validation to get a round of applause or the quiet head tilt of the polished veteran who says, \\\"that\'s a nice piece right there\\\". \\u00a0I am ready to get back to the production of the new album, \\\"Crossbred\\\" is taking on a life of it\'s own and I love how the writing is evolving as new songs come into play and the messages in them coalesce into\\u00a0something I will be proud to share with you all. \\u00a0Can\'t wait! \\u00a0Until next time, \\u00a0Stay Western!\\\"<\\/strong><\\/p>\\r\\n<p style=\\\"text-align: left;\\\">\\u00a0<\\/p>\\r\\n<p>\\u00a0<\\/p>\\r\\n<p style=\\\"text-align: center;\\\"><img src=\\\"images\\/perform1.jpg\\\" alt=\\\"\\\" \\/>\\u00a0<\\/p>\\r\\n<center><\\/center><\\/center>\",\"fulltext\":\"\",\"state\":1,\"catid\":\"8\",\"created\":\"2014-10-06 22:29:36\",\"created_by\":\"319\",\"created_by_alias\":\"\",\"modified\":\"2015-03-16 20:39:26\",\"modified_by\":\"320\",\"checked_out\":\"320\",\"checked_out_time\":\"2015-03-16 20:32:25\",\"publish_up\":\"2014-10-06 22:29:36\",\"publish_down\":\"0000-00-00 00:00:00\",\"images\":\"{\\\"image_intro\\\":\\\"\\\",\\\"float_intro\\\":\\\"right\\\",\\\"image_intro_alt\\\":\\\"\\\",\\\"image_intro_caption\\\":\\\"\\\",\\\"image_fulltext\\\":\\\"\\\",\\\"float_fulltext\\\":\\\"\\\",\\\"image_fulltext_alt\\\":\\\"\\\",\\\"image_fulltext_caption\\\":\\\"\\\"}\",\"urls\":\"{\\\"urla\\\":false,\\\"urlatext\\\":\\\"\\\",\\\"targeta\\\":\\\"\\\",\\\"urlb\\\":false,\\\"urlbtext\\\":\\\"\\\",\\\"targetb\\\":\\\"\\\",\\\"urlc\\\":false,\\\"urlctext\\\":\\\"\\\",\\\"targetc\\\":\\\"\\\"}\",\"attribs\":\"{\\\"show_title\\\":\\\"\\\",\\\"link_titles\\\":\\\"\\\",\\\"show_tags\\\":\\\"\\\",\\\"show_intro\\\":\\\"\\\",\\\"info_block_position\\\":\\\"\\\",\\\"show_category\\\":\\\"\\\",\\\"link_category\\\":\\\"\\\",\\\"show_parent_category\\\":\\\"\\\",\\\"link_parent_category\\\":\\\"\\\",\\\"show_author\\\":\\\"\\\",\\\"link_author\\\":\\\"\\\",\\\"show_create_date\\\":\\\"\\\",\\\"show_modify_date\\\":\\\"\\\",\\\"show_publish_date\\\":\\\"\\\",\\\"show_item_navigation\\\":\\\"\\\",\\\"show_icons\\\":\\\"\\\",\\\"show_print_icon\\\":\\\"\\\",\\\"show_email_icon\\\":\\\"\\\",\\\"show_vote\\\":\\\"\\\",\\\"show_hits\\\":\\\"\\\",\\\"show_noauth\\\":\\\"\\\",\\\"urls_position\\\":\\\"\\\",\\\"alternative_readmore\\\":\\\"\\\",\\\"article_layout\\\":\\\"\\\",\\\"show_publishing_options\\\":\\\"\\\",\\\"show_article_options\\\":\\\"\\\",\\\"show_urls_images_backend\\\":\\\"\\\",\\\"show_urls_images_frontend\\\":\\\"\\\"}\",\"version\":19,\"ordering\":\"5\",\"metakey\":\"\",\"metadesc\":\"\",\"access\":\"1\",\"hits\":\"190\",\"metadata\":\"{\\\"robots\\\":\\\"\\\",\\\"author\\\":\\\"\\\",\\\"rights\\\":\\\"\\\",\\\"xreference\\\":\\\"\\\"}\",\"featured\":\"1\",\"language\":\"*\",\"xreference\":\"\"}', 0);
INSERT INTO `joom_ucm_history` (`version_id`, `ucm_item_id`, `ucm_type_id`, `version_note`, `save_date`, `editor_user_id`, `character_count`, `sha1_hash`, `version_data`, `keep_forever`) VALUES
(40, 1, 1, '', '2015-03-16 20:45:16', 320, 4846, 'c052b1019030009ed9e22c913a7e710ce5d93135', '{\"id\":1,\"asset_id\":\"59\",\"title\":\"Welcome\",\"alias\":\"welcome\",\"introtext\":\"<center>\\r\\n<h1 style=\\\"font-size: 16pt; font-family: serif; color: #835a01; line-height: 120%; margin-top: 10pt; margin-bottom: 0pt; text-align: center;\\\">Willis Entertainment Offers<br \\/>Three Great Brands of Entertainment<\\/h1>\\r\\n<h1 style=\\\"font-size: 15pt; font-family: serif; color: #835a01; line-height: 110%; margin-top: 5pt; margin-bottom: 0pt; text-align: center;\\\"><em>DJ Service, Live Music, MC (emcee) Service<\\/em><\\/h1>\\r\\n<h1 style=\\\"font-size: 12pt; font-family: serif; color: #835a01; line-height: 110%; margin-top: 5pt; margin-bottom: 10pt; text-align: center;\\\">A lifetime of music, entertainment, &amp; public speaking.<\\/h1>\\r\\n<p style=\\\"text-align: left;\\\">\\u00a0<\\/p>\\r\\n<p style=\\\"text-align: left;\\\"><strong>Jeremy Willis<\\/strong> brings a lifetime of public speaking and music to you as <strong>Willis Entertainment<\\/strong>. Never one to turn down an opportunity to use a microphone, Jeremy rapidly developed a unique and\\u00a0humorous style in both his music and his announcing at a young age. A longtime association with country music and the Country Thunder DJ Company allowed him to branch out into DJ duties in 1990, and from these beginnings Willis Entertainment was born. Successful performances at talent shows, open mics, and numerous appearances at rodeos and western events have encouraged him to make the live performance a permanent part of the business. Contact Jeremy at Willis Entertainment - he\'ll be pleased to help you.<\\/p>\\r\\n<p style=\\\"text-align: left;\\\">\\u00a0<\\/p>\\r\\n<p style=\\\"text-align: left;\\\">News from Jeremy! \\u00a0\\u00a0<\\/p>\\r\\n<p style=\\\"text-align: left;\\\">\\u00a0<\\/p>\\r\\n<p style=\\\"text-align: left;\\\">\\u00a0 \\u00a0 <strong>\\u00a0\\\"An excellent Kamloops Cowboy Festival in the books! \\u00a0Meeting new friends and fans, reconnecting with people and enjoying the\\u00a0company of like minded musicians and poets was a wonderful way to empower and inspire myself. \\u00a0So often the solitary process of writing can leave me wondering if I\'m on the right track, but then I get to share it and it is a real validation to get a round of applause or the quiet head tilt of the polished veteran who says, \\\"that\'s a nice piece right there\\\". \\u00a0I am ready to get back to the production of the new album, \\\"Crossbred\\\" is taking on a life of it\'s own and I love how the writing is evolving as new songs come into play and the messages in them coalesce into\\u00a0something I will be proud to share with you all. \\u00a0Can\'t wait! \\u00a0Until next time, \\u00a0Stay Western!\\\"<\\/strong><\\/p>\\r\\n<p style=\\\"text-align: left;\\\">\\u00a0<\\/p>\\r\\n<p style=\\\"text-align: center;\\\"><a href=\\\"https:\\/\\/www.facebook.com\\/WillisEntertainment?pnref=story\\\">Join me on Facebook<\\/a><\\/p>\\r\\n<p style=\\\"text-align: center;\\\"><a href=\\\"https:\\/\\/twitter.com\\/jn_willis\\\">Find me on Twitter<\\/a><\\/p>\\r\\n<p style=\\\"text-align: center;\\\"><a href=\\\"https:\\/\\/www.youtube.com\\/user\\/JeremyNealWillis\\\">Watch Me on YouTube<\\/a><\\/p>\\r\\n<p style=\\\"text-align: left;\\\">\\u00a0<\\/p>\\r\\n<p>\\u00a0<\\/p>\\r\\n<p style=\\\"text-align: center;\\\"><img src=\\\"images\\/perform1.jpg\\\" alt=\\\"\\\" \\/>\\u00a0<\\/p>\\r\\n<center><\\/center><\\/center>\",\"fulltext\":\"\",\"state\":1,\"catid\":\"8\",\"created\":\"2014-10-06 22:29:36\",\"created_by\":\"319\",\"created_by_alias\":\"\",\"modified\":\"2015-03-16 20:45:16\",\"modified_by\":\"320\",\"checked_out\":\"320\",\"checked_out_time\":\"2015-03-16 20:39:55\",\"publish_up\":\"2014-10-06 22:29:36\",\"publish_down\":\"0000-00-00 00:00:00\",\"images\":\"{\\\"image_intro\\\":\\\"\\\",\\\"float_intro\\\":\\\"right\\\",\\\"image_intro_alt\\\":\\\"\\\",\\\"image_intro_caption\\\":\\\"\\\",\\\"image_fulltext\\\":\\\"\\\",\\\"float_fulltext\\\":\\\"\\\",\\\"image_fulltext_alt\\\":\\\"\\\",\\\"image_fulltext_caption\\\":\\\"\\\"}\",\"urls\":\"{\\\"urla\\\":false,\\\"urlatext\\\":\\\"\\\",\\\"targeta\\\":\\\"\\\",\\\"urlb\\\":false,\\\"urlbtext\\\":\\\"\\\",\\\"targetb\\\":\\\"\\\",\\\"urlc\\\":false,\\\"urlctext\\\":\\\"\\\",\\\"targetc\\\":\\\"\\\"}\",\"attribs\":\"{\\\"show_title\\\":\\\"\\\",\\\"link_titles\\\":\\\"\\\",\\\"show_tags\\\":\\\"\\\",\\\"show_intro\\\":\\\"\\\",\\\"info_block_position\\\":\\\"\\\",\\\"show_category\\\":\\\"\\\",\\\"link_category\\\":\\\"\\\",\\\"show_parent_category\\\":\\\"\\\",\\\"link_parent_category\\\":\\\"\\\",\\\"show_author\\\":\\\"\\\",\\\"link_author\\\":\\\"\\\",\\\"show_create_date\\\":\\\"\\\",\\\"show_modify_date\\\":\\\"\\\",\\\"show_publish_date\\\":\\\"\\\",\\\"show_item_navigation\\\":\\\"\\\",\\\"show_icons\\\":\\\"\\\",\\\"show_print_icon\\\":\\\"\\\",\\\"show_email_icon\\\":\\\"\\\",\\\"show_vote\\\":\\\"\\\",\\\"show_hits\\\":\\\"\\\",\\\"show_noauth\\\":\\\"\\\",\\\"urls_position\\\":\\\"\\\",\\\"alternative_readmore\\\":\\\"\\\",\\\"article_layout\\\":\\\"\\\",\\\"show_publishing_options\\\":\\\"\\\",\\\"show_article_options\\\":\\\"\\\",\\\"show_urls_images_backend\\\":\\\"\\\",\\\"show_urls_images_frontend\\\":\\\"\\\"}\",\"version\":20,\"ordering\":\"5\",\"metakey\":\"\",\"metadesc\":\"\",\"access\":\"1\",\"hits\":\"190\",\"metadata\":\"{\\\"robots\\\":\\\"\\\",\\\"author\\\":\\\"\\\",\\\"rights\\\":\\\"\\\",\\\"xreference\\\":\\\"\\\"}\",\"featured\":\"1\",\"language\":\"*\",\"xreference\":\"\"}', 0),
(41, 4, 1, '', '2015-03-16 20:45:38', 320, 5998, '9030569bdee5f37c0f072f01753b66b89d1a0edb', '{\"id\":4,\"asset_id\":\"66\",\"title\":\"About\",\"alias\":\"about\",\"introtext\":\"<p style=\\\"margin: 0px 0px 10px; font-size: 14px; line-height: normal; font-family: \'Lucida Grande\'; text-align: center;\\\"><span style=\\\"letter-spacing: 0.0px;\\\"><img class=\\\"pull-center\\\" title=\\\"Performance\\\" src=\\\"images\\/perform1.jpg\\\" alt=\\\"Perform\\\" \\/><\\/span><\\/p>\\r\\n<p style=\\\"margin: 0px 0px 10px; font-size: 14px; line-height: normal; font-family: \'Lucida Grande\';\\\"><span style=\\\"letter-spacing: 0.0px;\\\">Jeremy Willis brilliantly crafts history, storytelling, and humour into musical compositions that reflect the modern cowboy and his ties to the past. As a passionate artist, Jeremy Willis\\u2019s music is upbeat and modern; fused with the messages and traditions of the old time cowboy. As a long time performer, Willis\\u2019 music not only entertains, but often carries a message that provokes debate. \\u00a0<\\/span><\\/p>\\r\\n<p style=\\\"margin: 0px 0px 10px; font-size: 14px; line-height: normal; font-family: \'Lucida Grande\';\\\"><span style=\\\"letter-spacing: 0.0px;\\\">Jeremy Willis, who grew up in the Interior of BC, retains strong roots in the ranching community. At an early age he <\\/span><span style=\\\"font-size: 14px; letter-spacing: 0px;\\\">was<\\/span><span style=\\\"letter-spacing: 0.0px;\\\"> musically influenced by his uncle, Jim McMurphy, and at the age of 18 began playing guitar. He began his career in the 1990\\u2019s performing in talent searches, and making local appearances in the BC Interior. He spent many years as a DJ with the Country Thunder Music Company, and performing at country events, rodeos, and western weddings. As a current resident of Clinton, British Columbia, Willis divides his time between writing, offering DJ and MC services, and performing.<\\/span><\\/p>\\r\\n<p style=\\\"margin: 0px 0px 10px; font-size: 14px; line-height: normal; font-family: \'Lucida Grande\';\\\"><span style=\\\"letter-spacing: 0.0px;\\\">In 2010 Willis embarked on creating something lasting with his family in mind.\\u00a0 His debut album, Remembering Christmas, quickly became the \\u2018little album that could\\u2019 as its warm production and authentic writing resonated with audiences. As Mark McMillan, Chairman, Kamloops Cowboy Festivals states, \\u201cthe message behind [these songs] goes much deeper.\\u201d Media interest also grew with feature stories in Kamloops Daily News, 100 Mile Free Press, and CFJC TV. \\u00a0<\\/span><\\/p>\\r\\n<p style=\\\"margin: 0px 0px 10px; font-size: 14px; line-height: normal; font-family: \'Lucida Grande\';\\\"><span style=\\\"letter-spacing: 0.0px;\\\">The four originals on the album have resulted in many firsts for Willis; syndicated radio airplay on The Spirit of the West radio programme covering western Canada and US markets; first commercial radio airplay for \\u201cChristmas Afghanistan,\\u201d which played throughout the interior\\u2019s Country 103 and the Wolf chain of broadcast centres; national radio airplay on CBC Radio.\\u00a0 Willis also enjoyed radio airplay and streaming internet radio plays in the US, England, Ireland and his first overseas sales both physically and digitally through CD Baby and iTunes.<\\/span><\\/p>\\r\\n<p style=\\\"margin: 0px 0px 10px; font-size: 14px; line-height: normal; font-family: \'Lucida Grande\';\\\"><span style=\\\"letter-spacing: 0.0px;\\\">Increased recognition also came from the agricultural community in publications such as British Columbia\\u2019s Cattemen\\u2019s Assocation and the Charolais Connection. Willis performed Remembering Christmas and other writings across BC and Alberta in venues such as the Kamloops Cowboy Christmas Concert, Barkerville Drovers Jubilee and the Cariboo Cowboy Concert. \\u00a0<\\/span><\\/p>\\r\\n<p style=\\\"margin: 0px 0px 10px; font-size: 14px; line-height: normal; font-family: \'Lucida Grande\';\\\"><span style=\\\"letter-spacing: 0.0px;\\\">Presently, Willis is preparing for an upcoming album, \\u201cCrossbred\\u201d, and looks forward to the creative process with local Canadian musicians. Employing modern digital techniques Willis creates a retro feel that blends fiddles, steel guitars, electric and acoustic instrumentation. With his unique and humorous style, Willis provokes debate about the misconceptions surrounding the life of the modern cowboy.\\u00a0 It\\u2019s with intent and skill that Willis combines the art of storytelling with the traditional cowboy and country music genres.<\\/span><\\/p>\",\"fulltext\":\"\",\"state\":1,\"catid\":\"8\",\"created\":\"2014-10-08 20:23:47\",\"created_by\":\"319\",\"created_by_alias\":\"\",\"modified\":\"2015-03-16 20:45:38\",\"modified_by\":\"320\",\"checked_out\":\"320\",\"checked_out_time\":\"2015-03-16 20:45:21\",\"publish_up\":\"2014-10-08 20:23:47\",\"publish_down\":\"0000-00-00 00:00:00\",\"images\":\"{\\\"image_intro\\\":\\\"\\\",\\\"float_intro\\\":\\\"\\\",\\\"image_intro_alt\\\":\\\"\\\",\\\"image_intro_caption\\\":\\\"\\\",\\\"image_fulltext\\\":\\\"\\\",\\\"float_fulltext\\\":\\\"\\\",\\\"image_fulltext_alt\\\":\\\"\\\",\\\"image_fulltext_caption\\\":\\\"\\\"}\",\"urls\":\"{\\\"urla\\\":false,\\\"urlatext\\\":\\\"\\\",\\\"targeta\\\":\\\"\\\",\\\"urlb\\\":false,\\\"urlbtext\\\":\\\"\\\",\\\"targetb\\\":\\\"\\\",\\\"urlc\\\":false,\\\"urlctext\\\":\\\"\\\",\\\"targetc\\\":\\\"\\\"}\",\"attribs\":\"{\\\"show_title\\\":\\\"\\\",\\\"link_titles\\\":\\\"\\\",\\\"show_tags\\\":\\\"\\\",\\\"show_intro\\\":\\\"\\\",\\\"info_block_position\\\":\\\"\\\",\\\"show_category\\\":\\\"\\\",\\\"link_category\\\":\\\"\\\",\\\"show_parent_category\\\":\\\"\\\",\\\"link_parent_category\\\":\\\"\\\",\\\"show_author\\\":\\\"\\\",\\\"link_author\\\":\\\"\\\",\\\"show_create_date\\\":\\\"\\\",\\\"show_modify_date\\\":\\\"\\\",\\\"show_publish_date\\\":\\\"\\\",\\\"show_item_navigation\\\":\\\"\\\",\\\"show_icons\\\":\\\"\\\",\\\"show_print_icon\\\":\\\"\\\",\\\"show_email_icon\\\":\\\"\\\",\\\"show_vote\\\":\\\"\\\",\\\"show_hits\\\":\\\"\\\",\\\"show_noauth\\\":\\\"\\\",\\\"urls_position\\\":\\\"\\\",\\\"alternative_readmore\\\":\\\"\\\",\\\"article_layout\\\":\\\"\\\",\\\"show_publishing_options\\\":\\\"\\\",\\\"show_article_options\\\":\\\"\\\",\\\"show_urls_images_backend\\\":\\\"\\\",\\\"show_urls_images_frontend\\\":\\\"\\\"}\",\"version\":2,\"ordering\":\"2\",\"metakey\":\"\",\"metadesc\":\"\",\"access\":\"1\",\"hits\":\"655\",\"metadata\":\"{\\\"robots\\\":\\\"\\\",\\\"author\\\":\\\"\\\",\\\"rights\\\":\\\"\\\",\\\"xreference\\\":\\\"\\\"}\",\"featured\":\"0\",\"language\":\"*\",\"xreference\":\"\"}', 0),
(42, 1, 1, '', '2015-03-16 21:10:43', 320, 5167, '1a4e0157111fbce6f9cc8aeb0a2697ff5ce7608d', '{\"id\":1,\"asset_id\":\"59\",\"title\":\"Welcome\",\"alias\":\"welcome\",\"introtext\":\"<center>\\r\\n<h1 style=\\\"font-size: 16pt; font-family: serif; color: #835a01; line-height: 120%; margin-top: 10pt; margin-bottom: 0pt; text-align: center;\\\">Willis Entertainment Offers<br \\/>Three Great Brands of Entertainment<\\/h1>\\r\\n<h1 style=\\\"font-size: 15pt; font-family: serif; color: #835a01; line-height: 110%; margin-top: 5pt; margin-bottom: 0pt; text-align: center;\\\"><em>DJ Service, Live Music, MC (emcee) Service<\\/em><\\/h1>\\r\\n<h1 style=\\\"font-size: 12pt; font-family: serif; color: #835a01; line-height: 110%; margin-top: 5pt; margin-bottom: 10pt; text-align: center;\\\">A lifetime of music, entertainment, &amp; public speaking.<\\/h1>\\r\\n<p style=\\\"text-align: left;\\\">\\u00a0<\\/p>\\r\\n<p style=\\\"text-align: left;\\\"><strong>Jeremy Willis<\\/strong> brings a lifetime of public speaking and music to you as <strong>Willis Entertainment<\\/strong>. Never one to turn down an opportunity to use a microphone, Jeremy rapidly developed a unique and\\u00a0humorous style in both his music and his announcing at a young age. A longtime association with country music and the Country Thunder DJ Company allowed him to branch out into DJ duties in 1990, and from these beginnings Willis Entertainment was born. Successful performances at talent shows, open mics, and numerous appearances at rodeos and western events have encouraged him to make the live performance a permanent part of the business. Contact Jeremy at Willis Entertainment - he\'ll be pleased to help you.<\\/p>\\r\\n<p style=\\\"text-align: left;\\\">\\u00a0<\\/p>\\r\\n<p style=\\\"text-align: center;\\\"><b><i>If you would like to see and hear a bit of what I do and why I do it, click here:<\\/i><\\/b><\\/p>\\r\\n<p style=\\\"text-align: center;\\\">https:\\/\\/www.youtube.com\\/watch?v=sbzSn12p1Kc<\\/p>\\r\\n<p style=\\\"text-align: center;\\\">\\u00a0<\\/p>\\r\\n<p style=\\\"text-align: left;\\\">\\u00a0<\\/p>\\r\\n<p style=\\\"text-align: left;\\\">News from Jeremy! \\u00a0\\u00a0<\\/p>\\r\\n<p style=\\\"text-align: left;\\\">\\u00a0<\\/p>\\r\\n<p style=\\\"text-align: left;\\\">\\u00a0 \\u00a0 <strong>\\u00a0\\\"An excellent Kamloops Cowboy Festival in the books! \\u00a0Meeting new friends and fans, reconnecting with people and enjoying the\\u00a0company of like minded musicians and poets was a wonderful way to empower and inspire myself. \\u00a0So often the solitary process of writing can leave me wondering if I\'m on the right track, but then I get to share it and it is a real validation to get a round of applause or the quiet head tilt of the polished veteran who says, \\\"that\'s a nice piece right there\\\". \\u00a0I am ready to get back to the production of the new album, \\\"Crossbred\\\" is taking on a life of it\'s own and I love how the writing is evolving as new songs come into play and the messages in them coalesce into\\u00a0something I will be proud to share with you all. \\u00a0Can\'t wait! \\u00a0Until next time, \\u00a0Stay Western!\\\"<\\/strong><\\/p>\\r\\n<p style=\\\"text-align: left;\\\">\\u00a0<\\/p>\\r\\n<p style=\\\"text-align: center;\\\"><a href=\\\"https:\\/\\/www.facebook.com\\/WillisEntertainment?pnref=story\\\">Join me on Facebook<\\/a><\\/p>\\r\\n<p style=\\\"text-align: center;\\\"><a href=\\\"https:\\/\\/twitter.com\\/jn_willis\\\">Find me on Twitter<\\/a><\\/p>\\r\\n<p style=\\\"text-align: center;\\\"><a href=\\\"https:\\/\\/www.youtube.com\\/user\\/JeremyNealWillis\\\">Watch Me on YouTube<\\/a><\\/p>\\r\\n<p style=\\\"text-align: left;\\\">\\u00a0<\\/p>\\r\\n<p>\\u00a0<\\/p>\\r\\n<p style=\\\"text-align: center;\\\"><img src=\\\"images\\/perform1.jpg\\\" alt=\\\"\\\" \\/>\\u00a0<\\/p>\\r\\n<center><\\/center><\\/center>\",\"fulltext\":\"\",\"state\":1,\"catid\":\"8\",\"created\":\"2014-10-06 22:29:36\",\"created_by\":\"319\",\"created_by_alias\":\"\",\"modified\":\"2015-03-16 21:10:43\",\"modified_by\":\"320\",\"checked_out\":\"320\",\"checked_out_time\":\"2015-03-16 21:08:48\",\"publish_up\":\"2014-10-06 22:29:36\",\"publish_down\":\"0000-00-00 00:00:00\",\"images\":\"{\\\"image_intro\\\":\\\"\\\",\\\"float_intro\\\":\\\"right\\\",\\\"image_intro_alt\\\":\\\"\\\",\\\"image_intro_caption\\\":\\\"\\\",\\\"image_fulltext\\\":\\\"\\\",\\\"float_fulltext\\\":\\\"\\\",\\\"image_fulltext_alt\\\":\\\"\\\",\\\"image_fulltext_caption\\\":\\\"\\\"}\",\"urls\":\"{\\\"urla\\\":false,\\\"urlatext\\\":\\\"\\\",\\\"targeta\\\":\\\"\\\",\\\"urlb\\\":false,\\\"urlbtext\\\":\\\"\\\",\\\"targetb\\\":\\\"\\\",\\\"urlc\\\":false,\\\"urlctext\\\":\\\"\\\",\\\"targetc\\\":\\\"\\\"}\",\"attribs\":\"{\\\"show_title\\\":\\\"\\\",\\\"link_titles\\\":\\\"\\\",\\\"show_tags\\\":\\\"\\\",\\\"show_intro\\\":\\\"\\\",\\\"info_block_position\\\":\\\"\\\",\\\"show_category\\\":\\\"\\\",\\\"link_category\\\":\\\"\\\",\\\"show_parent_category\\\":\\\"\\\",\\\"link_parent_category\\\":\\\"\\\",\\\"show_author\\\":\\\"\\\",\\\"link_author\\\":\\\"\\\",\\\"show_create_date\\\":\\\"\\\",\\\"show_modify_date\\\":\\\"\\\",\\\"show_publish_date\\\":\\\"\\\",\\\"show_item_navigation\\\":\\\"\\\",\\\"show_icons\\\":\\\"\\\",\\\"show_print_icon\\\":\\\"\\\",\\\"show_email_icon\\\":\\\"\\\",\\\"show_vote\\\":\\\"\\\",\\\"show_hits\\\":\\\"\\\",\\\"show_noauth\\\":\\\"\\\",\\\"urls_position\\\":\\\"\\\",\\\"alternative_readmore\\\":\\\"\\\",\\\"article_layout\\\":\\\"\\\",\\\"show_publishing_options\\\":\\\"\\\",\\\"show_article_options\\\":\\\"\\\",\\\"show_urls_images_backend\\\":\\\"\\\",\\\"show_urls_images_frontend\\\":\\\"\\\"}\",\"version\":21,\"ordering\":\"5\",\"metakey\":\"\",\"metadesc\":\"\",\"access\":\"1\",\"hits\":\"190\",\"metadata\":\"{\\\"robots\\\":\\\"\\\",\\\"author\\\":\\\"\\\",\\\"rights\\\":\\\"\\\",\\\"xreference\\\":\\\"\\\"}\",\"featured\":\"1\",\"language\":\"*\",\"xreference\":\"\"}', 0),
(43, 1, 1, '', '2015-03-16 21:12:40', 320, 5231, '9aaba900a9e7b5f2e7155b9566b499b3cd025e56', '{\"id\":1,\"asset_id\":\"59\",\"title\":\"Welcome\",\"alias\":\"welcome\",\"introtext\":\"<center>\\r\\n<h1 style=\\\"font-size: 16pt; font-family: serif; color: #835a01; line-height: 120%; margin-top: 10pt; margin-bottom: 0pt; text-align: center;\\\">Willis Entertainment Offers<br \\/>Three Great Brands of Entertainment<\\/h1>\\r\\n<h1 style=\\\"font-size: 15pt; font-family: serif; color: #835a01; line-height: 110%; margin-top: 5pt; margin-bottom: 0pt; text-align: center;\\\"><em>DJ Service, Live Music, MC (emcee) Service<\\/em><\\/h1>\\r\\n<h1 style=\\\"font-size: 12pt; font-family: serif; color: #835a01; line-height: 110%; margin-top: 5pt; margin-bottom: 10pt; text-align: center;\\\">A lifetime of music, entertainment, &amp; public speaking.<\\/h1>\\r\\n<p style=\\\"text-align: left;\\\">\\u00a0<\\/p>\\r\\n<p style=\\\"text-align: left;\\\"><strong>Jeremy Willis<\\/strong> brings a lifetime of public speaking and music to you as <strong>Willis Entertainment<\\/strong>. Never one to turn down an opportunity to use a microphone, Jeremy rapidly developed a unique and\\u00a0humorous style in both his music and his announcing at a young age. A longtime association with country music and the Country Thunder DJ Company allowed him to branch out into DJ duties in 1990, and from these beginnings Willis Entertainment was born. Successful performances at talent shows, open mics, and numerous appearances at rodeos and western events have encouraged him to make the live performance a permanent part of the business. Contact Jeremy at Willis Entertainment - he\'ll be pleased to help you.<\\/p>\\r\\n<p style=\\\"text-align: left;\\\">\\u00a0<\\/p>\\r\\n<p style=\\\"text-align: center;\\\"><b><i>If you would like to see and hear a bit of what I do and why I do it, click here:<\\/i><\\/b><\\/p>\\r\\n<p style=\\\"text-align: center;\\\"><a href=\\\"https:\\/\\/www.youtube.com\\/watch?v=sbzSn12p1Kc\\\">https:\\/\\/www.youtube.com\\/watch?v=sbzSn12p1Kc<\\/a><\\/p>\\r\\n<p style=\\\"text-align: center;\\\">\\u00a0<\\/p>\\r\\n<p style=\\\"text-align: left;\\\">\\u00a0<\\/p>\\r\\n<p style=\\\"text-align: left;\\\">News from Jeremy! \\u00a0\\u00a0<\\/p>\\r\\n<p style=\\\"text-align: left;\\\">\\u00a0<\\/p>\\r\\n<p style=\\\"text-align: left;\\\">\\u00a0 \\u00a0 <strong>\\u00a0\\\"An excellent Kamloops Cowboy Festival in the books! \\u00a0Meeting new friends and fans, reconnecting with people and enjoying the\\u00a0company of like minded musicians and poets was a wonderful way to empower and inspire myself. \\u00a0So often the solitary process of writing can leave me wondering if I\'m on the right track, but then I get to share it and it is a real validation to get a round of applause or the quiet head tilt of the polished veteran who says, \\\"that\'s a nice piece right there\\\". \\u00a0I am ready to get back to the production of the new album, \\\"Crossbred\\\" is taking on a life of it\'s own and I love how the writing is evolving as new songs come into play and the messages in them coalesce into\\u00a0something I will be proud to share with you all. \\u00a0Can\'t wait! \\u00a0Until next time, \\u00a0Stay Western!\\\"<\\/strong><\\/p>\\r\\n<p style=\\\"text-align: left;\\\">\\u00a0<\\/p>\\r\\n<p style=\\\"text-align: center;\\\"><a href=\\\"https:\\/\\/www.facebook.com\\/WillisEntertainment?pnref=story\\\">Join me on Facebook<\\/a><\\/p>\\r\\n<p style=\\\"text-align: center;\\\"><a href=\\\"https:\\/\\/twitter.com\\/jn_willis\\\">Find me on Twitter<\\/a><\\/p>\\r\\n<p style=\\\"text-align: center;\\\"><a href=\\\"https:\\/\\/www.youtube.com\\/user\\/JeremyNealWillis\\\">Watch Me on YouTube<\\/a><\\/p>\\r\\n<p style=\\\"text-align: left;\\\">\\u00a0<\\/p>\\r\\n<p>\\u00a0<\\/p>\\r\\n<p style=\\\"text-align: center;\\\"><img src=\\\"images\\/perform1.jpg\\\" alt=\\\"\\\" \\/>\\u00a0<\\/p>\\r\\n<center><\\/center><\\/center>\",\"fulltext\":\"\",\"state\":1,\"catid\":\"8\",\"created\":\"2014-10-06 22:29:36\",\"created_by\":\"319\",\"created_by_alias\":\"\",\"modified\":\"2015-03-16 21:12:40\",\"modified_by\":\"320\",\"checked_out\":\"320\",\"checked_out_time\":\"2015-03-16 21:12:14\",\"publish_up\":\"2014-10-06 22:29:36\",\"publish_down\":\"0000-00-00 00:00:00\",\"images\":\"{\\\"image_intro\\\":\\\"\\\",\\\"float_intro\\\":\\\"right\\\",\\\"image_intro_alt\\\":\\\"\\\",\\\"image_intro_caption\\\":\\\"\\\",\\\"image_fulltext\\\":\\\"\\\",\\\"float_fulltext\\\":\\\"\\\",\\\"image_fulltext_alt\\\":\\\"\\\",\\\"image_fulltext_caption\\\":\\\"\\\"}\",\"urls\":\"{\\\"urla\\\":false,\\\"urlatext\\\":\\\"\\\",\\\"targeta\\\":\\\"\\\",\\\"urlb\\\":false,\\\"urlbtext\\\":\\\"\\\",\\\"targetb\\\":\\\"\\\",\\\"urlc\\\":false,\\\"urlctext\\\":\\\"\\\",\\\"targetc\\\":\\\"\\\"}\",\"attribs\":\"{\\\"show_title\\\":\\\"\\\",\\\"link_titles\\\":\\\"\\\",\\\"show_tags\\\":\\\"\\\",\\\"show_intro\\\":\\\"\\\",\\\"info_block_position\\\":\\\"\\\",\\\"show_category\\\":\\\"\\\",\\\"link_category\\\":\\\"\\\",\\\"show_parent_category\\\":\\\"\\\",\\\"link_parent_category\\\":\\\"\\\",\\\"show_author\\\":\\\"\\\",\\\"link_author\\\":\\\"\\\",\\\"show_create_date\\\":\\\"\\\",\\\"show_modify_date\\\":\\\"\\\",\\\"show_publish_date\\\":\\\"\\\",\\\"show_item_navigation\\\":\\\"\\\",\\\"show_icons\\\":\\\"\\\",\\\"show_print_icon\\\":\\\"\\\",\\\"show_email_icon\\\":\\\"\\\",\\\"show_vote\\\":\\\"\\\",\\\"show_hits\\\":\\\"\\\",\\\"show_noauth\\\":\\\"\\\",\\\"urls_position\\\":\\\"\\\",\\\"alternative_readmore\\\":\\\"\\\",\\\"article_layout\\\":\\\"\\\",\\\"show_publishing_options\\\":\\\"\\\",\\\"show_article_options\\\":\\\"\\\",\\\"show_urls_images_backend\\\":\\\"\\\",\\\"show_urls_images_frontend\\\":\\\"\\\"}\",\"version\":22,\"ordering\":\"5\",\"metakey\":\"\",\"metadesc\":\"\",\"access\":\"1\",\"hits\":\"190\",\"metadata\":\"{\\\"robots\\\":\\\"\\\",\\\"author\\\":\\\"\\\",\\\"rights\\\":\\\"\\\",\\\"xreference\\\":\\\"\\\"}\",\"featured\":\"1\",\"language\":\"*\",\"xreference\":\"\"}', 0),
(44, 1, 1, '', '2015-03-21 18:11:41', 320, 5146, 'db7a7023771c27c68260126848ac958774c45ae0', '{\"id\":1,\"asset_id\":\"59\",\"title\":\"Welcome\",\"alias\":\"welcome\",\"introtext\":\"<center>\\r\\n<h1 style=\\\"font-size: 16pt; font-family: serif; color: #835a01; line-height: 120%; margin-top: 10pt; margin-bottom: 0pt; text-align: center;\\\">Willis Entertainment\\u00a0<\\/h1>\\r\\n<h1 style=\\\"font-size: 12pt; font-family: serif; color: #835a01; line-height: 110%; margin-top: 5pt; margin-bottom: 10pt; text-align: center;\\\">A lifetime of music, entertainment, &amp; public speaking.<\\/h1>\\r\\n<p style=\\\"text-align: left;\\\">\\u00a0<\\/p>\\r\\n<p style=\\\"text-align: left;\\\"><strong>Jeremy Willis<\\/strong> brings a lifetime of public speaking and music to you as <strong>Willis Entertainment<\\/strong>. Never one to turn down an opportunity to use a microphone, Jeremy rapidly developed a unique and\\u00a0humorous style in both his music and his announcing at a young age. A longtime association with country music and the Country Thunder DJ Company allowed him to branch out into DJ duties in 1990, and from these beginnings Willis Entertainment was born. Successful performances at talent shows, open mics, and numerous appearances at rodeos and western events have encouraged him to make the live performance a permanent part of the business. \\u00a0Currently Jeremy is writing and developing his second studio album, but remains available for performance, sound reinforcement, announcing, DJ, and event planning to ensure your event will be a success. Contact Jeremy at Willis Entertainment - he\'ll be pleased to help you.<\\/p>\\r\\n<p style=\\\"text-align: left;\\\">\\u00a0<\\/p>\\r\\n<p style=\\\"text-align: center;\\\"><b><i>If you would like to see and hear a bit of what I do and why I do it, click here:<\\/i><\\/b><\\/p>\\r\\n<p style=\\\"text-align: center;\\\"><a href=\\\"https:\\/\\/www.youtube.com\\/watch?v=sbzSn12p1Kc\\\">https:\\/\\/www.youtube.com\\/watch?v=sbzSn12p1Kc<\\/a><\\/p>\\r\\n<p style=\\\"text-align: center;\\\">\\u00a0<\\/p>\\r\\n<p style=\\\"text-align: left;\\\">News from Jeremy! \\u00a0\\u00a0<\\/p>\\r\\n<p style=\\\"text-align: left;\\\">\\u00a0<\\/p>\\r\\n<p style=\\\"text-align: left;\\\">\\u00a0 \\u00a0 <strong>\\u00a0\\\"An excellent Kamloops Cowboy Festival in the books! \\u00a0Meeting new friends and fans, reconnecting with people and enjoying the\\u00a0company of like minded musicians and poets was a wonderful way to empower and inspire myself. \\u00a0So often the solitary process of writing can leave me wondering if I\'m on the right track, but then I get to share it and it is a real validation to get a round of applause or the quiet head tilt of the polished veteran who says, \\\"that\'s a nice piece right there\\\". \\u00a0I am ready to get back to the production of the new album, \\\"Crossbred\\\" is taking on a life of it\'s own and I love how the writing is evolving as new songs come into play and the messages in them coalesce into\\u00a0something I will be proud to share with you all. \\u00a0Can\'t wait! \\u00a0Until next time, \\u00a0Stay Western!\\\"<\\/strong><\\/p>\\r\\n<p style=\\\"text-align: left;\\\">\\u00a0<\\/p>\\r\\n<p style=\\\"text-align: center;\\\"><a href=\\\"https:\\/\\/www.facebook.com\\/WillisEntertainment?pnref=story\\\">Join me on Facebook<\\/a><\\/p>\\r\\n<p style=\\\"text-align: center;\\\"><a href=\\\"https:\\/\\/twitter.com\\/jn_willis\\\">Find me on Twitter<\\/a><\\/p>\\r\\n<p style=\\\"text-align: center;\\\"><a href=\\\"https:\\/\\/www.youtube.com\\/user\\/JeremyNealWillis\\\">Watch Me on YouTube<\\/a><\\/p>\\r\\n<p style=\\\"text-align: left;\\\">\\u00a0<\\/p>\\r\\n<p>\\u00a0<\\/p>\\r\\n<p style=\\\"text-align: center;\\\"><img src=\\\"images\\/perform1.jpg\\\" alt=\\\"\\\" \\/>\\u00a0<\\/p>\\r\\n<center><\\/center><\\/center>\",\"fulltext\":\"\",\"state\":1,\"catid\":\"8\",\"created\":\"2014-10-06 22:29:36\",\"created_by\":\"319\",\"created_by_alias\":\"\",\"modified\":\"2015-03-21 18:11:41\",\"modified_by\":\"320\",\"checked_out\":\"320\",\"checked_out_time\":\"2015-03-21 18:08:16\",\"publish_up\":\"2014-10-06 22:29:36\",\"publish_down\":\"0000-00-00 00:00:00\",\"images\":\"{\\\"image_intro\\\":\\\"\\\",\\\"float_intro\\\":\\\"right\\\",\\\"image_intro_alt\\\":\\\"\\\",\\\"image_intro_caption\\\":\\\"\\\",\\\"image_fulltext\\\":\\\"\\\",\\\"float_fulltext\\\":\\\"\\\",\\\"image_fulltext_alt\\\":\\\"\\\",\\\"image_fulltext_caption\\\":\\\"\\\"}\",\"urls\":\"{\\\"urla\\\":false,\\\"urlatext\\\":\\\"\\\",\\\"targeta\\\":\\\"\\\",\\\"urlb\\\":false,\\\"urlbtext\\\":\\\"\\\",\\\"targetb\\\":\\\"\\\",\\\"urlc\\\":false,\\\"urlctext\\\":\\\"\\\",\\\"targetc\\\":\\\"\\\"}\",\"attribs\":\"{\\\"show_title\\\":\\\"\\\",\\\"link_titles\\\":\\\"\\\",\\\"show_tags\\\":\\\"\\\",\\\"show_intro\\\":\\\"\\\",\\\"info_block_position\\\":\\\"\\\",\\\"show_category\\\":\\\"\\\",\\\"link_category\\\":\\\"\\\",\\\"show_parent_category\\\":\\\"\\\",\\\"link_parent_category\\\":\\\"\\\",\\\"show_author\\\":\\\"\\\",\\\"link_author\\\":\\\"\\\",\\\"show_create_date\\\":\\\"\\\",\\\"show_modify_date\\\":\\\"\\\",\\\"show_publish_date\\\":\\\"\\\",\\\"show_item_navigation\\\":\\\"\\\",\\\"show_icons\\\":\\\"\\\",\\\"show_print_icon\\\":\\\"\\\",\\\"show_email_icon\\\":\\\"\\\",\\\"show_vote\\\":\\\"\\\",\\\"show_hits\\\":\\\"\\\",\\\"show_noauth\\\":\\\"\\\",\\\"urls_position\\\":\\\"\\\",\\\"alternative_readmore\\\":\\\"\\\",\\\"article_layout\\\":\\\"\\\",\\\"show_publishing_options\\\":\\\"\\\",\\\"show_article_options\\\":\\\"\\\",\\\"show_urls_images_backend\\\":\\\"\\\",\\\"show_urls_images_frontend\\\":\\\"\\\"}\",\"version\":23,\"ordering\":\"5\",\"metakey\":\"\",\"metadesc\":\"\",\"access\":\"1\",\"hits\":\"190\",\"metadata\":\"{\\\"robots\\\":\\\"\\\",\\\"author\\\":\\\"\\\",\\\"rights\\\":\\\"\\\",\\\"xreference\\\":\\\"\\\"}\",\"featured\":\"1\",\"language\":\"*\",\"xreference\":\"\"}', 0),
(45, 2, 1, '', '2015-03-21 18:50:28', 320, 8177, 'ee78d52ed8b740a3186dd05aa24985faf981289d', '{\"id\":2,\"asset_id\":\"64\",\"title\":\"Services\",\"alias\":\"services\",\"introtext\":\"<h1 style=\\\"font-size: 16pt; font-family: serif; color: #835a01; line-height: 120%; margin-top: 10pt; margin-bottom: 0pt; text-align: center;\\\">\\u00a0<\\/h1>\\r\\n<h1 style=\\\"font-size: 16pt; font-family: serif; color: #835a01; line-height: 120%; margin-top: 10pt; margin-bottom: 0pt; text-align: center;\\\">Jeremy Willis, as Willis Entertainment, will make your event a smooth running, enjoyable, and memorable occasion! Jeremy will personally meet with you to go over all your wishes, concerns, and details well in advance to ensure that your function goes exactly the way you want it to.<\\/h1>\\r\\n<h1 style=\\\"font-size: 16pt; font-family: serif; color: #835a01; line-height: 120%; margin-top: 10pt; margin-bottom: 0pt; text-align: center;\\\">\\u00a0<\\/h1>\\r\\n<h1 style=\\\"font-size: 16pt; font-family: serif; color: #835a01; line-height: 120%; margin-top: 10pt; margin-bottom: 0pt; text-align: center;\\\">Willis Entertainment has up-to-date digital music and modern efficient equipment to produce top quality sound for either indoor or outdoor events. This equipment can be set up to handle any size event from a small and quiet family campfire type sing-along to a dance or reception of up to 600 people. Sound reinforcement for any venue or event is also available with sufficient notice.<\\/h1>\\r\\n<h1 style=\\\"font-size: 16pt; font-family: serif; color: #835a01; line-height: 120%; margin-top: 10pt; margin-bottom: 0pt; text-align: center;\\\">\\u00a0<\\/h1>\\r\\n<h1 style=\\\"font-size: 16pt; font-family: serif; color: #835a01; line-height: 120%; margin-top: 10pt; margin-bottom: 0pt; text-align: center;\\\">\\u00a0<\\/h1>\\r\\n<h1 style=\\\"font-size: 16pt; font-family: serif; color: #835a01; line-height: 120%; margin-top: 10pt; margin-bottom: 0pt; text-align: center;\\\">\\u00a0<\\/h1>\\r\\n<h1 style=\\\"font-size: 16pt; font-family: serif; color: #835a01; line-height: 120%; margin-top: 10pt; margin-bottom: 0pt; text-align: center;\\\">Three Great Brands of Entertainment from Willis Entertainment<\\/h1>\\r\\n<h1 style=\\\"font-size: 16pt; font-family: serif; color: #835a01; line-height: 120%; margin-top: 10pt; margin-bottom: 0pt; text-align: center;\\\">\\u00a0\\u00a0<\\/h1>\\r\\n<h1 style=\\\"font-size: 16pt; font-family: serif; color: #835a01; line-height: 120%; margin-top: 10pt; margin-bottom: 0pt; text-align: center;\\\">\\u00a0<\\/h1>\\r\\n<h1 style=\\\"font-size: 16pt; font-family: serif; color: #835a01; line-height: 120%; margin-top: 10pt; margin-bottom: 0pt; text-align: center;\\\">Live Performance<\\/h1>\\r\\n<h1 style=\\\"font-size: 16pt; font-family: serif; color: #835a01; line-height: 120%; margin-top: 10pt; margin-bottom: 0pt; text-align: center;\\\">\\u00a0<\\/h1>\\r\\n<h1 style=\\\"font-size: 11pt; font-family: serif; color: black; line-height: 120%; margin-top: 10pt; margin-bottom: 0pt; text-align: center;\\\">If you want to give your event that extra kick, why not go with live music? Willis Entertainment offers live country music, from midnight campfire sing-alongs all the way to boot stomping dance hall tunes. We have the gear to handle up to 600 person halls, or the quiet family wedding in a rustic church. From contemporary country tunes to national anthems, our one-on-one consultation ensures that you will get the music you want for any occasion.<\\/h1>\\r\\n<h1 style=\\\"font-size: 16pt; font-family: serif; color: #835a01; line-height: 120%; margin-top: 10pt; margin-bottom: 0pt; text-align: center;\\\">\\u00a0<\\/h1>\\r\\n<h1 style=\\\"font-size: 16pt; font-family: serif; color: #835a01; line-height: 120%; margin-top: 10pt; margin-bottom: 0pt; text-align: center;\\\">\\u00a0<\\/h1>\\r\\n<h1 style=\\\"font-size: 16pt; font-family: serif; color: #835a01; line-height: 120%; margin-top: 10pt; margin-bottom: 0pt; text-align: center;\\\">MC Services\\u00a0<\\/h1>\\r\\n<h1 style=\\\"font-size: 16pt; font-family: serif; color: #835a01; line-height: 120%; margin-top: 10pt; margin-bottom: 0pt; text-align: center;\\\">\\u00a0<\\/h1>\\r\\n<h1 style=\\\"font-size: 11pt; font-family: serif; color: black; line-height: 120%; margin-top: 10pt; margin-bottom: 0pt; text-align: center;\\\">Have you ever been faced with the challenge of finding a competent announcer? Take advantage of our expertise. For many years Willis Entertainment has announced rodeos, bull ridings, banquets, gymkhanas, cattle shows and numerous other public events. Contact us to discuss your event needs - we can help! \\u00a0Our personalized consultations, modern equipment and years of practical experience will ensure that your event moves smoothly. Don\'t leave your events success to chance - try Willis Entertainment\'s brand of MC services. From the barnyard to the ballroom, we\'ve got you covered!<\\/h1>\\r\\n<h1 style=\\\"font-size: 16pt; font-family: serif; color: #835a01; line-height: 120%; margin-top: 10pt; margin-bottom: 0pt; text-align: center;\\\">\\u00a0<\\/h1>\\r\\n<h1 style=\\\"font-size: 16pt; font-family: serif; color: #835a01; line-height: 120%; margin-top: 10pt; margin-bottom: 0pt; text-align: center;\\\">DJ Services<\\/h1>\\r\\n<h1 style=\\\"font-size: 16pt; font-family: serif; color: #835a01; line-height: 120%; margin-top: 10pt; margin-bottom: 0pt; text-align: center;\\\">\\u00a0<\\/h1>\\r\\n<h1 style=\\\"font-size: 11pt; font-family: serif; color: black; line-height: 120%; margin-top: 10pt; margin-bottom: 0pt; text-align: center;\\\">Willis Entertainment offers reliable and prompt DJ services to a variety of indoor and outdoor venues. Our library of over 7,500 song titles is sure to cover your event\'s musical needs for both young and old. Dinner music, processionals, even grad marches are available with our comprehensive DJ service, and our personalized consultations will ensure we\'ll play what you want to hear. Our commitment to quality includes our equipment. Willis Entertainment takes pride in maintaining up-to-date digital music backed up by CD, played over modern portable sound systems. For your next event, try Willis Entertainment\'s brand of DJ service - you\'ll be glad you did. \\u00a0From the campfire to the cabaret, we\'ve got you covered!<\\/h1>\\r\\n<h1 style=\\\"font-size: 16pt; font-family: serif; color: #835a01; line-height: 120%; margin-top: 10pt; margin-bottom: 0pt; text-align: center;\\\">\\u00a0<\\/h1>\\r\\n<h1 style=\\\"font-size: 16pt; font-family: serif; color: #835a01; line-height: 120%; margin-top: 10pt; margin-bottom: 0pt; text-align: center;\\\">\\u00a0<\\/h1>\\r\\n<h1 style=\\\"font-size: 16pt; font-family: serif; color: #835a01; line-height: 120%; margin-top: 10pt; margin-bottom: 0pt; text-align: center;\\\">\\\"We Bring the Western to You\\\"<\\/h1>\",\"fulltext\":\"\",\"state\":1,\"catid\":\"8\",\"created\":\"2014-10-08 20:20:21\",\"created_by\":\"319\",\"created_by_alias\":\"\",\"modified\":\"2015-03-21 18:50:28\",\"modified_by\":\"320\",\"checked_out\":\"320\",\"checked_out_time\":\"2015-03-21 18:45:23\",\"publish_up\":\"2014-10-08 20:20:21\",\"publish_down\":\"0000-00-00 00:00:00\",\"images\":\"{\\\"image_intro\\\":\\\"\\\",\\\"float_intro\\\":\\\"\\\",\\\"image_intro_alt\\\":\\\"\\\",\\\"image_intro_caption\\\":\\\"\\\",\\\"image_fulltext\\\":\\\"\\\",\\\"float_fulltext\\\":\\\"\\\",\\\"image_fulltext_alt\\\":\\\"\\\",\\\"image_fulltext_caption\\\":\\\"\\\"}\",\"urls\":\"{\\\"urla\\\":false,\\\"urlatext\\\":\\\"\\\",\\\"targeta\\\":\\\"\\\",\\\"urlb\\\":false,\\\"urlbtext\\\":\\\"\\\",\\\"targetb\\\":\\\"\\\",\\\"urlc\\\":false,\\\"urlctext\\\":\\\"\\\",\\\"targetc\\\":\\\"\\\"}\",\"attribs\":\"{\\\"show_title\\\":\\\"\\\",\\\"link_titles\\\":\\\"\\\",\\\"show_tags\\\":\\\"\\\",\\\"show_intro\\\":\\\"\\\",\\\"info_block_position\\\":\\\"\\\",\\\"show_category\\\":\\\"\\\",\\\"link_category\\\":\\\"\\\",\\\"show_parent_category\\\":\\\"\\\",\\\"link_parent_category\\\":\\\"\\\",\\\"show_author\\\":\\\"\\\",\\\"link_author\\\":\\\"\\\",\\\"show_create_date\\\":\\\"\\\",\\\"show_modify_date\\\":\\\"\\\",\\\"show_publish_date\\\":\\\"\\\",\\\"show_item_navigation\\\":\\\"\\\",\\\"show_icons\\\":\\\"\\\",\\\"show_print_icon\\\":\\\"\\\",\\\"show_email_icon\\\":\\\"\\\",\\\"show_vote\\\":\\\"\\\",\\\"show_hits\\\":\\\"\\\",\\\"show_noauth\\\":\\\"\\\",\\\"urls_position\\\":\\\"\\\",\\\"alternative_readmore\\\":\\\"\\\",\\\"article_layout\\\":\\\"\\\",\\\"show_publishing_options\\\":\\\"\\\",\\\"show_article_options\\\":\\\"\\\",\\\"show_urls_images_backend\\\":\\\"\\\",\\\"show_urls_images_frontend\\\":\\\"\\\"}\",\"version\":2,\"ordering\":\"4\",\"metakey\":\"\",\"metadesc\":\"\",\"access\":\"1\",\"hits\":\"638\",\"metadata\":\"{\\\"robots\\\":\\\"\\\",\\\"author\\\":\\\"\\\",\\\"rights\\\":\\\"\\\",\\\"xreference\\\":\\\"\\\"}\",\"featured\":\"0\",\"language\":\"*\",\"xreference\":\"\"}', 0),
(46, 2, 1, '', '2015-03-21 18:52:37', 320, 8177, '4dd2c97c7b26b25187e9d3acc3b9c2a42c002499', '{\"id\":2,\"asset_id\":\"64\",\"title\":\"Services\",\"alias\":\"services\",\"introtext\":\"<h1 style=\\\"font-size: 16pt; font-family: serif; color: #835a01; line-height: 120%; margin-top: 10pt; margin-bottom: 0pt; text-align: center;\\\">\\u00a0<\\/h1>\\r\\n<h1 style=\\\"font-size: 16pt; font-family: serif; color: #835a01; line-height: 120%; margin-top: 10pt; margin-bottom: 0pt; text-align: center;\\\">Jeremy Willis, as Willis Entertainment, will make your event a smooth running, enjoyable, and memorable occasion! Jeremy will personally meet with you to go over all your wishes, concerns, and details well in advance to ensure that your function goes exactly the way you want it to.<\\/h1>\\r\\n<h1 style=\\\"font-size: 16pt; font-family: serif; color: #835a01; line-height: 120%; margin-top: 10pt; margin-bottom: 0pt; text-align: center;\\\">\\u00a0<\\/h1>\\r\\n<h1 style=\\\"font-size: 16pt; font-family: serif; color: #835a01; line-height: 120%; margin-top: 10pt; margin-bottom: 0pt; text-align: center;\\\">Willis Entertainment has up-to-date digital music and modern efficient equipment to produce top quality sound for either indoor or outdoor events. This equipment can be set up to handle any size event from a small and quiet family campfire type sing-along to a dance or reception of up to 600 people. Sound reinforcement for any venue or event is also available with sufficient notice.<\\/h1>\\r\\n<h1 style=\\\"font-size: 16pt; font-family: serif; color: #835a01; line-height: 120%; margin-top: 10pt; margin-bottom: 0pt; text-align: center;\\\">\\u00a0<\\/h1>\\r\\n<h1 style=\\\"font-size: 16pt; font-family: serif; color: #835a01; line-height: 120%; margin-top: 10pt; margin-bottom: 0pt; text-align: center;\\\">\\u00a0<\\/h1>\\r\\n<h1 style=\\\"font-size: 16pt; font-family: serif; color: #835a01; line-height: 120%; margin-top: 10pt; margin-bottom: 0pt; text-align: center;\\\">\\u00a0<\\/h1>\\r\\n<h1 style=\\\"font-size: 16pt; font-family: serif; color: #835a01; line-height: 120%; margin-top: 10pt; margin-bottom: 0pt; text-align: center;\\\">Three Great Brands of Entertainment from Willis Entertainment<\\/h1>\\r\\n<h1 style=\\\"font-size: 16pt; font-family: serif; color: #835a01; line-height: 120%; margin-top: 10pt; margin-bottom: 0pt; text-align: center;\\\">\\u00a0\\u00a0<\\/h1>\\r\\n<h1 style=\\\"font-size: 16pt; font-family: serif; color: #835a01; line-height: 120%; margin-top: 10pt; margin-bottom: 0pt; text-align: center;\\\">\\u00a0<\\/h1>\\r\\n<h1 style=\\\"font-size: 16pt; font-family: serif; color: #835a01; line-height: 120%; margin-top: 10pt; margin-bottom: 0pt; text-align: center;\\\">Live Performance<\\/h1>\\r\\n<h1 style=\\\"font-size: 16pt; font-family: serif; color: #835a01; line-height: 120%; margin-top: 10pt; margin-bottom: 0pt; text-align: center;\\\">\\u00a0<\\/h1>\\r\\n<h1 style=\\\"font-size: 12pt; font-family: serif; color: black; line-height: 120%; margin-top: 10pt; margin-bottom: 0pt; text-align: center;\\\">If you want to give your event that extra kick, why not go with live music? Willis Entertainment offers live country music, from midnight campfire sing-alongs all the way to boot stomping dance hall tunes. We have the gear to handle up to 600 person halls, or the quiet family wedding in a rustic church. From contemporary country tunes to national anthems, our one-on-one consultation ensures that you will get the music you want for any occasion.<\\/h1>\\r\\n<h1 style=\\\"font-size: 16pt; font-family: serif; color: #835a01; line-height: 120%; margin-top: 10pt; margin-bottom: 0pt; text-align: center;\\\">\\u00a0<\\/h1>\\r\\n<h1 style=\\\"font-size: 16pt; font-family: serif; color: #835a01; line-height: 120%; margin-top: 10pt; margin-bottom: 0pt; text-align: center;\\\">\\u00a0<\\/h1>\\r\\n<h1 style=\\\"font-size: 16pt; font-family: serif; color: #835a01; line-height: 120%; margin-top: 10pt; margin-bottom: 0pt; text-align: center;\\\">MC Services\\u00a0<\\/h1>\\r\\n<h1 style=\\\"font-size: 16pt; font-family: serif; color: #835a01; line-height: 120%; margin-top: 10pt; margin-bottom: 0pt; text-align: center;\\\">\\u00a0<\\/h1>\\r\\n<h1 style=\\\"font-size: 12pt; font-family: serif; color: black; line-height: 120%; margin-top: 10pt; margin-bottom: 0pt; text-align: center;\\\">Have you ever been faced with the challenge of finding a competent announcer? Take advantage of our expertise. For many years Willis Entertainment has announced rodeos, bull ridings, banquets, gymkhanas, cattle shows and numerous other public events. Contact us to discuss your event needs - we can help! \\u00a0Our personalized consultations, modern equipment and years of practical experience will ensure that your event moves smoothly. Don\'t leave your events success to chance - try Willis Entertainment\'s brand of MC services. From the barnyard to the ballroom, we\'ve got you covered!<\\/h1>\\r\\n<h1 style=\\\"font-size: 16pt; font-family: serif; color: #835a01; line-height: 120%; margin-top: 10pt; margin-bottom: 0pt; text-align: center;\\\">\\u00a0<\\/h1>\\r\\n<h1 style=\\\"font-size: 16pt; font-family: serif; color: #835a01; line-height: 120%; margin-top: 10pt; margin-bottom: 0pt; text-align: center;\\\">DJ Services<\\/h1>\\r\\n<h1 style=\\\"font-size: 16pt; font-family: serif; color: #835a01; line-height: 120%; margin-top: 10pt; margin-bottom: 0pt; text-align: center;\\\">\\u00a0<\\/h1>\\r\\n<h1 style=\\\"font-size: 12pt; font-family: serif; color: black; line-height: 120%; margin-top: 10pt; margin-bottom: 0pt; text-align: center;\\\">Willis Entertainment offers reliable and prompt DJ services to a variety of indoor and outdoor venues. Our library of over 7,500 song titles is sure to cover your event\'s musical needs for both young and old. Dinner music, processionals, even grad marches are available with our comprehensive DJ service, and our personalized consultations will ensure we\'ll play what you want to hear. Our commitment to quality includes our equipment. Willis Entertainment takes pride in maintaining up-to-date digital music backed up by CD, played over modern portable sound systems. For your next event, try Willis Entertainment\'s brand of DJ service - you\'ll be glad you did. \\u00a0From the campfire to the cabaret, we\'ve got you covered!<\\/h1>\\r\\n<h1 style=\\\"font-size: 16pt; font-family: serif; color: #835a01; line-height: 120%; margin-top: 10pt; margin-bottom: 0pt; text-align: center;\\\">\\u00a0<\\/h1>\\r\\n<h1 style=\\\"font-size: 16pt; font-family: serif; color: #835a01; line-height: 120%; margin-top: 10pt; margin-bottom: 0pt; text-align: center;\\\">\\u00a0<\\/h1>\\r\\n<h1 style=\\\"font-size: 16pt; font-family: serif; color: #835a01; line-height: 120%; margin-top: 10pt; margin-bottom: 0pt; text-align: center;\\\">\\\"We Bring the Western to You\\\"<\\/h1>\",\"fulltext\":\"\",\"state\":1,\"catid\":\"8\",\"created\":\"2014-10-08 20:20:21\",\"created_by\":\"319\",\"created_by_alias\":\"\",\"modified\":\"2015-03-21 18:52:37\",\"modified_by\":\"320\",\"checked_out\":\"320\",\"checked_out_time\":\"2015-03-21 18:51:17\",\"publish_up\":\"2014-10-08 20:20:21\",\"publish_down\":\"0000-00-00 00:00:00\",\"images\":\"{\\\"image_intro\\\":\\\"\\\",\\\"float_intro\\\":\\\"\\\",\\\"image_intro_alt\\\":\\\"\\\",\\\"image_intro_caption\\\":\\\"\\\",\\\"image_fulltext\\\":\\\"\\\",\\\"float_fulltext\\\":\\\"\\\",\\\"image_fulltext_alt\\\":\\\"\\\",\\\"image_fulltext_caption\\\":\\\"\\\"}\",\"urls\":\"{\\\"urla\\\":false,\\\"urlatext\\\":\\\"\\\",\\\"targeta\\\":\\\"\\\",\\\"urlb\\\":false,\\\"urlbtext\\\":\\\"\\\",\\\"targetb\\\":\\\"\\\",\\\"urlc\\\":false,\\\"urlctext\\\":\\\"\\\",\\\"targetc\\\":\\\"\\\"}\",\"attribs\":\"{\\\"show_title\\\":\\\"\\\",\\\"link_titles\\\":\\\"\\\",\\\"show_tags\\\":\\\"\\\",\\\"show_intro\\\":\\\"\\\",\\\"info_block_position\\\":\\\"\\\",\\\"show_category\\\":\\\"\\\",\\\"link_category\\\":\\\"\\\",\\\"show_parent_category\\\":\\\"\\\",\\\"link_parent_category\\\":\\\"\\\",\\\"show_author\\\":\\\"\\\",\\\"link_author\\\":\\\"\\\",\\\"show_create_date\\\":\\\"\\\",\\\"show_modify_date\\\":\\\"\\\",\\\"show_publish_date\\\":\\\"\\\",\\\"show_item_navigation\\\":\\\"\\\",\\\"show_icons\\\":\\\"\\\",\\\"show_print_icon\\\":\\\"\\\",\\\"show_email_icon\\\":\\\"\\\",\\\"show_vote\\\":\\\"\\\",\\\"show_hits\\\":\\\"\\\",\\\"show_noauth\\\":\\\"\\\",\\\"urls_position\\\":\\\"\\\",\\\"alternative_readmore\\\":\\\"\\\",\\\"article_layout\\\":\\\"\\\",\\\"show_publishing_options\\\":\\\"\\\",\\\"show_article_options\\\":\\\"\\\",\\\"show_urls_images_backend\\\":\\\"\\\",\\\"show_urls_images_frontend\\\":\\\"\\\"}\",\"version\":3,\"ordering\":\"4\",\"metakey\":\"\",\"metadesc\":\"\",\"access\":\"1\",\"hits\":\"638\",\"metadata\":\"{\\\"robots\\\":\\\"\\\",\\\"author\\\":\\\"\\\",\\\"rights\\\":\\\"\\\",\\\"xreference\\\":\\\"\\\"}\",\"featured\":\"0\",\"language\":\"*\",\"xreference\":\"\"}', 0);
INSERT INTO `joom_ucm_history` (`version_id`, `ucm_item_id`, `ucm_type_id`, `version_note`, `save_date`, `editor_user_id`, `character_count`, `sha1_hash`, `version_data`, `keep_forever`) VALUES
(47, 2, 1, '', '2015-03-21 18:56:37', 320, 8177, '98279d87713fe541f6f88c8baa1478d17cbf001a', '{\"id\":2,\"asset_id\":\"64\",\"title\":\"Services\",\"alias\":\"services\",\"introtext\":\"<h1 style=\\\"font-size: 16pt; font-family: serif; color: #835a01; line-height: 120%; margin-top: 10pt; margin-bottom: 0pt; text-align: center;\\\">\\u00a0<\\/h1>\\r\\n<h1 style=\\\"font-size: 16pt; font-family: serif; color: #835a01; line-height: 120%; margin-top: 10pt; margin-bottom: 0pt; text-align: center;\\\">Jeremy Willis, as Willis Entertainment, will make your event a smooth running, enjoyable, and memorable occasion! Jeremy will personally meet with you to go over all your wishes, concerns, and details well in advance to ensure that your function goes exactly the way you want it to.<\\/h1>\\r\\n<h1 style=\\\"font-size: 16pt; font-family: serif; color: #835a01; line-height: 120%; margin-top: 10pt; margin-bottom: 0pt; text-align: center;\\\">\\u00a0<\\/h1>\\r\\n<h1 style=\\\"font-size: 12pt; font-family: serif; color: #835a01; line-height: 120%; margin-top: 10pt; margin-bottom: 0pt; text-align: center;\\\">Willis Entertainment has up-to-date digital music and modern efficient equipment to produce top quality sound for either indoor or outdoor events. This equipment can be set up to handle any size event from a small and quiet family campfire type sing-along to a dance or reception of up to 600 people. Sound reinforcement for any venue or event is also available with sufficient notice.<\\/h1>\\r\\n<h1 style=\\\"font-size: 12pt; font-family: serif; color: #835a01; line-height: 120%; margin-top: 10pt; margin-bottom: 0pt; text-align: center;\\\">\\u00a0<\\/h1>\\r\\n<h1 style=\\\"font-size: 12pt; font-family: serif; color: #835a01; line-height: 120%; margin-top: 10pt; margin-bottom: 0pt; text-align: center;\\\">\\u00a0<\\/h1>\\r\\n<h1 style=\\\"font-size: 12pt; font-family: serif; color: #835a01; line-height: 120%; margin-top: 10pt; margin-bottom: 0pt; text-align: center;\\\">\\u00a0<\\/h1>\\r\\n<h1 style=\\\"font-size: 12pt; font-family: serif; color: #835a01; line-height: 120%; margin-top: 10pt; margin-bottom: 0pt; text-align: center;\\\">Three Great Brands of Entertainment from Willis Entertainment<\\/h1>\\r\\n<h1 style=\\\"font-size: 12pt; font-family: serif; color: #835a01; line-height: 120%; margin-top: 10pt; margin-bottom: 0pt; text-align: center;\\\">\\u00a0\\u00a0<\\/h1>\\r\\n<h1 style=\\\"font-size: 12pt; font-family: serif; color: #835a01; line-height: 120%; margin-top: 10pt; margin-bottom: 0pt; text-align: center;\\\">\\u00a0<\\/h1>\\r\\n<h1 style=\\\"font-size: 12pt; font-family: serif; color: #835a01; line-height: 120%; margin-top: 10pt; margin-bottom: 0pt; text-align: center;\\\">Live Performance<\\/h1>\\r\\n<h1 style=\\\"font-size: 12pt; font-family: serif; color: #835a01; line-height: 120%; margin-top: 10pt; margin-bottom: 0pt; text-align: center;\\\">\\u00a0<\\/h1>\\r\\n<h1 style=\\\"font-size: 12pt; font-family: serif; color: black; line-height: 120%; margin-top: 10pt; margin-bottom: 0pt; text-align: center;\\\">If you want to give your event that extra kick, why not go with live music? Willis Entertainment offers live country music, from midnight campfire sing-alongs all the way to boot stomping dance hall tunes. We have the gear to handle up to 600 person halls, or the quiet family wedding in a rustic church. From contemporary country tunes to national anthems, our one-on-one consultation ensures that you will get the music you want for any occasion.<\\/h1>\\r\\n<h1 style=\\\"font-size: 12pt; font-family: serif; color: #835a01; line-height: 120%; margin-top: 10pt; margin-bottom: 0pt; text-align: center;\\\">\\u00a0<\\/h1>\\r\\n<h1 style=\\\"font-size: 12pt; font-family: serif; color: #835a01; line-height: 120%; margin-top: 10pt; margin-bottom: 0pt; text-align: center;\\\">\\u00a0<\\/h1>\\r\\n<h1 style=\\\"font-size: 12pt; font-family: serif; color: #835a01; line-height: 120%; margin-top: 10pt; margin-bottom: 0pt; text-align: center;\\\">MC Services\\u00a0<\\/h1>\\r\\n<h1 style=\\\"font-size: 12pt; font-family: serif; color: #835a01; line-height: 120%; margin-top: 10pt; margin-bottom: 0pt; text-align: center;\\\">\\u00a0<\\/h1>\\r\\n<h1 style=\\\"font-size: 12pt; font-family: serif; color: black; line-height: 120%; margin-top: 10pt; margin-bottom: 0pt; text-align: center;\\\">Have you ever been faced with the challenge of finding a competent announcer? Take advantage of our expertise. For many years Willis Entertainment has announced rodeos, bull ridings, banquets, gymkhanas, cattle shows and numerous other public events. Contact us to discuss your event needs - we can help! \\u00a0Our personalized consultations, modern equipment and years of practical experience will ensure that your event moves smoothly. Don\'t leave your events success to chance - try Willis Entertainment\'s brand of MC services. From the barnyard to the ballroom, we\'ve got you covered!<\\/h1>\\r\\n<h1 style=\\\"font-size: 12pt; font-family: serif; color: #835a01; line-height: 120%; margin-top: 10pt; margin-bottom: 0pt; text-align: center;\\\">\\u00a0<\\/h1>\\r\\n<h1 style=\\\"font-size: 12pt; font-family: serif; color: #835a01; line-height: 120%; margin-top: 10pt; margin-bottom: 0pt; text-align: center;\\\">DJ Services<\\/h1>\\r\\n<h1 style=\\\"font-size: 12pt; font-family: serif; color: #835a01; line-height: 120%; margin-top: 10pt; margin-bottom: 0pt; text-align: center;\\\">\\u00a0<\\/h1>\\r\\n<h1 style=\\\"font-size: 12pt; font-family: serif; color: black; line-height: 120%; margin-top: 10pt; margin-bottom: 0pt; text-align: center;\\\">Willis Entertainment offers reliable and prompt DJ services to a variety of indoor and outdoor venues. Our library of over 7,500 song titles is sure to cover your event\'s musical needs for both young and old. Dinner music, processionals, even grad marches are available with our comprehensive DJ service, and our personalized consultations will ensure we\'ll play what you want to hear. Our commitment to quality includes our equipment. Willis Entertainment takes pride in maintaining up-to-date digital music backed up by CD, played over modern portable sound systems. For your next event, try Willis Entertainment\'s brand of DJ service - you\'ll be glad you did. \\u00a0From the campfire to the cabaret, we\'ve got you covered!<\\/h1>\\r\\n<h1 style=\\\"font-size: 16pt; font-family: serif; color: #835a01; line-height: 120%; margin-top: 10pt; margin-bottom: 0pt; text-align: center;\\\">\\u00a0<\\/h1>\\r\\n<h1 style=\\\"font-size: 16pt; font-family: serif; color: #835a01; line-height: 120%; margin-top: 10pt; margin-bottom: 0pt; text-align: center;\\\">\\u00a0<\\/h1>\\r\\n<h1 style=\\\"font-size: 16pt; font-family: serif; color: #835a01; line-height: 120%; margin-top: 10pt; margin-bottom: 0pt; text-align: center;\\\">\\\"We Bring the Western to You\\\"<\\/h1>\",\"fulltext\":\"\",\"state\":1,\"catid\":\"8\",\"created\":\"2014-10-08 20:20:21\",\"created_by\":\"319\",\"created_by_alias\":\"\",\"modified\":\"2015-03-21 18:56:37\",\"modified_by\":\"320\",\"checked_out\":\"320\",\"checked_out_time\":\"2015-03-21 18:54:48\",\"publish_up\":\"2014-10-08 20:20:21\",\"publish_down\":\"0000-00-00 00:00:00\",\"images\":\"{\\\"image_intro\\\":\\\"\\\",\\\"float_intro\\\":\\\"\\\",\\\"image_intro_alt\\\":\\\"\\\",\\\"image_intro_caption\\\":\\\"\\\",\\\"image_fulltext\\\":\\\"\\\",\\\"float_fulltext\\\":\\\"\\\",\\\"image_fulltext_alt\\\":\\\"\\\",\\\"image_fulltext_caption\\\":\\\"\\\"}\",\"urls\":\"{\\\"urla\\\":false,\\\"urlatext\\\":\\\"\\\",\\\"targeta\\\":\\\"\\\",\\\"urlb\\\":false,\\\"urlbtext\\\":\\\"\\\",\\\"targetb\\\":\\\"\\\",\\\"urlc\\\":false,\\\"urlctext\\\":\\\"\\\",\\\"targetc\\\":\\\"\\\"}\",\"attribs\":\"{\\\"show_title\\\":\\\"\\\",\\\"link_titles\\\":\\\"\\\",\\\"show_tags\\\":\\\"\\\",\\\"show_intro\\\":\\\"\\\",\\\"info_block_position\\\":\\\"\\\",\\\"show_category\\\":\\\"\\\",\\\"link_category\\\":\\\"\\\",\\\"show_parent_category\\\":\\\"\\\",\\\"link_parent_category\\\":\\\"\\\",\\\"show_author\\\":\\\"\\\",\\\"link_author\\\":\\\"\\\",\\\"show_create_date\\\":\\\"\\\",\\\"show_modify_date\\\":\\\"\\\",\\\"show_publish_date\\\":\\\"\\\",\\\"show_item_navigation\\\":\\\"\\\",\\\"show_icons\\\":\\\"\\\",\\\"show_print_icon\\\":\\\"\\\",\\\"show_email_icon\\\":\\\"\\\",\\\"show_vote\\\":\\\"\\\",\\\"show_hits\\\":\\\"\\\",\\\"show_noauth\\\":\\\"\\\",\\\"urls_position\\\":\\\"\\\",\\\"alternative_readmore\\\":\\\"\\\",\\\"article_layout\\\":\\\"\\\",\\\"show_publishing_options\\\":\\\"\\\",\\\"show_article_options\\\":\\\"\\\",\\\"show_urls_images_backend\\\":\\\"\\\",\\\"show_urls_images_frontend\\\":\\\"\\\"}\",\"version\":4,\"ordering\":\"4\",\"metakey\":\"\",\"metadesc\":\"\",\"access\":\"1\",\"hits\":\"639\",\"metadata\":\"{\\\"robots\\\":\\\"\\\",\\\"author\\\":\\\"\\\",\\\"rights\\\":\\\"\\\",\\\"xreference\\\":\\\"\\\"}\",\"featured\":\"0\",\"language\":\"*\",\"xreference\":\"\"}', 0),
(48, 2, 1, '', '2015-03-21 19:04:59', 320, 8177, '88398ab11aa28c4f9b5558c3d4953083619d244f', '{\"id\":2,\"asset_id\":\"64\",\"title\":\"Services\",\"alias\":\"services\",\"introtext\":\"<h1 style=\\\"font-size: 16pt; font-family: serif; color: #835a01; line-height: 120%; margin-top: 10pt; margin-bottom: 0pt; text-align: center;\\\">\\u00a0<\\/h1>\\r\\n<h1 style=\\\"font-size: 16pt; font-family: serif; color: #835a01; line-height: 120%; margin-top: 10pt; margin-bottom: 0pt; text-align: center;\\\">Jeremy Willis, as Willis Entertainment, will make your event a smooth running, enjoyable, and memorable occasion! Jeremy will personally meet with you to go over all your wishes, concerns, and details well in advance to ensure that your function goes exactly the way you want it to.<\\/h1>\\r\\n<h1 style=\\\"font-size: 16pt; font-family: serif; color: #835a01; line-height: 120%; margin-top: 10pt; margin-bottom: 0pt; text-align: center;\\\">\\u00a0<\\/h1>\\r\\n<h1 style=\\\"font-size: 12pt; font-family: serif; color: #835a01; line-height: 120%; margin-top: 10pt; margin-bottom: 0pt; text-align: center;\\\">Willis Entertainment has up-to-date digital music and modern efficient equipment to produce top quality sound for either indoor or outdoor events. This equipment can be set up to handle any size event from a small and quiet family campfire type sing-along to a dance or reception of up to 600 people. Sound reinforcement for any venue or event is also available with sufficient notice.<\\/h1>\\r\\n<h1 style=\\\"font-size: 12pt; font-family: serif; color: #835a01; line-height: 120%; margin-top: 10pt; margin-bottom: 0pt; text-align: center;\\\">\\u00a0<\\/h1>\\r\\n<h1 style=\\\"font-size: 12pt; font-family: serif; color: #835a01; line-height: 120%; margin-top: 10pt; margin-bottom: 0pt; text-align: center;\\\">\\u00a0<\\/h1>\\r\\n<h1 style=\\\"font-size: 12pt; font-family: serif; color: #835a01; line-height: 120%; margin-top: 10pt; margin-bottom: 0pt; text-align: center;\\\">\\u00a0<\\/h1>\\r\\n<h1 style=\\\"font-size: 16pt; font-family: serif; color: #835a01; line-height: 120%; margin-top: 10pt; margin-bottom: 0pt; text-align: center;\\\">Three Great Brands of Entertainment from Willis Entertainment<\\/h1>\\r\\n<h1 style=\\\"font-size: 12pt; font-family: serif; color: #835a01; line-height: 120%; margin-top: 10pt; margin-bottom: 0pt; text-align: center;\\\">\\u00a0\\u00a0<\\/h1>\\r\\n<h1 style=\\\"font-size: 12pt; font-family: serif; color: #835a01; line-height: 120%; margin-top: 10pt; margin-bottom: 0pt; text-align: center;\\\">\\u00a0<\\/h1>\\r\\n<h1 style=\\\"font-size: 12pt; font-family: serif; color: #835a01; line-height: 120%; margin-top: 10pt; margin-bottom: 0pt; text-align: center;\\\">Live Performance<\\/h1>\\r\\n<h1 style=\\\"font-size: 12pt; font-family: serif; color: #835a01; line-height: 120%; margin-top: 10pt; margin-bottom: 0pt; text-align: center;\\\">\\u00a0<\\/h1>\\r\\n<h1 style=\\\"font-size: 12pt; font-family: serif; color: black; line-height: 120%; margin-top: 10pt; margin-bottom: 0pt; text-align: center;\\\">If you want to give your event that extra kick, why not go with live music? Willis Entertainment offers live country music, from midnight campfire sing-alongs all the way to boot stomping dance hall tunes. We have the gear to handle up to 600 person halls, or the quiet family wedding in a rustic church. From contemporary country tunes to national anthems, our one-on-one consultation ensures that you will get the music you want for any occasion.<\\/h1>\\r\\n<h1 style=\\\"font-size: 12pt; font-family: serif; color: #835a01; line-height: 120%; margin-top: 10pt; margin-bottom: 0pt; text-align: center;\\\">\\u00a0<\\/h1>\\r\\n<h1 style=\\\"font-size: 12pt; font-family: serif; color: #835a01; line-height: 120%; margin-top: 10pt; margin-bottom: 0pt; text-align: center;\\\">\\u00a0<\\/h1>\\r\\n<h1 style=\\\"font-size: 12pt; font-family: serif; color: #835a01; line-height: 120%; margin-top: 10pt; margin-bottom: 0pt; text-align: center;\\\">MC Services\\u00a0<\\/h1>\\r\\n<h1 style=\\\"font-size: 12pt; font-family: serif; color: #835a01; line-height: 120%; margin-top: 10pt; margin-bottom: 0pt; text-align: center;\\\">\\u00a0<\\/h1>\\r\\n<h1 style=\\\"font-size: 12pt; font-family: serif; color: black; line-height: 120%; margin-top: 10pt; margin-bottom: 0pt; text-align: center;\\\">Have you ever been faced with the challenge of finding a competent announcer? Take advantage of our expertise. For many years Willis Entertainment has announced rodeos, bull ridings, banquets, gymkhanas, cattle shows and numerous other public events. Contact us to discuss your event needs - we can help! \\u00a0Our personalized consultations, modern equipment and years of practical experience will ensure that your event moves smoothly. Don\'t leave your events success to chance - try Willis Entertainment\'s brand of MC services. From the barnyard to the ballroom, we\'ve got you covered!<\\/h1>\\r\\n<h1 style=\\\"font-size: 12pt; font-family: serif; color: #835a01; line-height: 120%; margin-top: 10pt; margin-bottom: 0pt; text-align: center;\\\">\\u00a0<\\/h1>\\r\\n<h1 style=\\\"font-size: 12pt; font-family: serif; color: #835a01; line-height: 120%; margin-top: 10pt; margin-bottom: 0pt; text-align: center;\\\">DJ Services<\\/h1>\\r\\n<h1 style=\\\"font-size: 12pt; font-family: serif; color: #835a01; line-height: 120%; margin-top: 10pt; margin-bottom: 0pt; text-align: center;\\\">\\u00a0<\\/h1>\\r\\n<h1 style=\\\"font-size: 12pt; font-family: serif; color: black; line-height: 120%; margin-top: 10pt; margin-bottom: 0pt; text-align: center;\\\">Willis Entertainment offers reliable and prompt DJ services to a variety of indoor and outdoor venues. Our library of over 7,500 song titles is sure to cover your event\'s musical needs for both young and old. Dinner music, processionals, even grad marches are available with our comprehensive DJ service, and our personalized consultations will ensure we\'ll play what you want to hear. Our commitment to quality includes our equipment. Willis Entertainment takes pride in maintaining up-to-date digital music backed up by CD, played over modern portable sound systems. For your next event, try Willis Entertainment\'s brand of DJ service - you\'ll be glad you did. \\u00a0From the campfire to the cabaret, we\'ve got you covered!<\\/h1>\\r\\n<h1 style=\\\"font-size: 16pt; font-family: serif; color: #835a01; line-height: 120%; margin-top: 10pt; margin-bottom: 0pt; text-align: center;\\\">\\u00a0<\\/h1>\\r\\n<h1 style=\\\"font-size: 16pt; font-family: serif; color: #835a01; line-height: 120%; margin-top: 10pt; margin-bottom: 0pt; text-align: center;\\\">\\u00a0<\\/h1>\\r\\n<h1 style=\\\"font-size: 16pt; font-family: serif; color: #835a01; line-height: 120%; margin-top: 10pt; margin-bottom: 0pt; text-align: center;\\\">\\\"We Bring the Western to You\\\"<\\/h1>\",\"fulltext\":\"\",\"state\":1,\"catid\":\"8\",\"created\":\"2014-10-08 20:20:21\",\"created_by\":\"319\",\"created_by_alias\":\"\",\"modified\":\"2015-03-21 19:04:59\",\"modified_by\":\"320\",\"checked_out\":\"320\",\"checked_out_time\":\"2015-03-21 19:04:12\",\"publish_up\":\"2014-10-08 20:20:21\",\"publish_down\":\"0000-00-00 00:00:00\",\"images\":\"{\\\"image_intro\\\":\\\"\\\",\\\"float_intro\\\":\\\"\\\",\\\"image_intro_alt\\\":\\\"\\\",\\\"image_intro_caption\\\":\\\"\\\",\\\"image_fulltext\\\":\\\"\\\",\\\"float_fulltext\\\":\\\"\\\",\\\"image_fulltext_alt\\\":\\\"\\\",\\\"image_fulltext_caption\\\":\\\"\\\"}\",\"urls\":\"{\\\"urla\\\":false,\\\"urlatext\\\":\\\"\\\",\\\"targeta\\\":\\\"\\\",\\\"urlb\\\":false,\\\"urlbtext\\\":\\\"\\\",\\\"targetb\\\":\\\"\\\",\\\"urlc\\\":false,\\\"urlctext\\\":\\\"\\\",\\\"targetc\\\":\\\"\\\"}\",\"attribs\":\"{\\\"show_title\\\":\\\"\\\",\\\"link_titles\\\":\\\"\\\",\\\"show_tags\\\":\\\"\\\",\\\"show_intro\\\":\\\"\\\",\\\"info_block_position\\\":\\\"\\\",\\\"show_category\\\":\\\"\\\",\\\"link_category\\\":\\\"\\\",\\\"show_parent_category\\\":\\\"\\\",\\\"link_parent_category\\\":\\\"\\\",\\\"show_author\\\":\\\"\\\",\\\"link_author\\\":\\\"\\\",\\\"show_create_date\\\":\\\"\\\",\\\"show_modify_date\\\":\\\"\\\",\\\"show_publish_date\\\":\\\"\\\",\\\"show_item_navigation\\\":\\\"\\\",\\\"show_icons\\\":\\\"\\\",\\\"show_print_icon\\\":\\\"\\\",\\\"show_email_icon\\\":\\\"\\\",\\\"show_vote\\\":\\\"\\\",\\\"show_hits\\\":\\\"\\\",\\\"show_noauth\\\":\\\"\\\",\\\"urls_position\\\":\\\"\\\",\\\"alternative_readmore\\\":\\\"\\\",\\\"article_layout\\\":\\\"\\\",\\\"show_publishing_options\\\":\\\"\\\",\\\"show_article_options\\\":\\\"\\\",\\\"show_urls_images_backend\\\":\\\"\\\",\\\"show_urls_images_frontend\\\":\\\"\\\"}\",\"version\":5,\"ordering\":\"4\",\"metakey\":\"\",\"metadesc\":\"\",\"access\":\"1\",\"hits\":\"641\",\"metadata\":\"{\\\"robots\\\":\\\"\\\",\\\"author\\\":\\\"\\\",\\\"rights\\\":\\\"\\\",\\\"xreference\\\":\\\"\\\"}\",\"featured\":\"0\",\"language\":\"*\",\"xreference\":\"\"}', 0),
(49, 3, 1, '', '2015-06-27 12:07:56', 320, 3294, 'a15ee5b2cb48b0365e3bfff6a2744ceff928a756', '{\"id\":3,\"asset_id\":\"65\",\"title\":\"Schedule\",\"alias\":\"schedule\",\"introtext\":\"<p><strong>Here\'s Jeremy\'s schedule to date for 2015. If you would like to book him, and the date appears to be open on the calendar, give him a shout - he\'d be glad to hear from you. \\u00a0Contact us for details!<\\/strong><\\/p>\\r\\n<p><strong>Some of these events may be private functions - they are not all public events. If you are interested in ticket information for any of them, please refer to the event web site or send an email to Jeremy and ask him for contact information.<\\/strong><\\/p>\\r\\n<p>\\u00a0<\\/p>\\r\\n<p><strong>February 6th- <\\/strong>Lac La Hache Coffee House [LP], Lac La Hache, BC.\\u00a0 This is a by donation evening of entertainment, come and enjoy the music.<\\/p>\\r\\n<p><strong>March 12-15th- <\\/strong>Kamloops Cowboy Festival [LP], Kamloops, BC.\\u00a0 Visit\\u00a0<a href=\\\"http:\\/\\/www.bcchs.com\\/index.html\\\">http:\\/\\/www.bcchs.com\\/index.html<\\/a>\\u00a0for more details and ticket information.<\\/p>\\r\\n<p><strong>July 15th-\\u00a0\\u00a0<\\/strong>Wassink\\/Bradford Wedding [LP\\/MC\\/DJ]- private function, Sun Peaks, BC<\\/p>\\r\\n<p><strong>July 24th-<\\/strong> Strimbold\\/Posnikoff Wedding [MC\\/DJ]- private function, 108 Mile House, BC<\\/p>\\r\\n<p><strong>August 1st<\\/strong>- Gentles Wedding [DJ]- private function, 108 Mile House, BC<\\/p>\\r\\n<p><strong>December 31st<\\/strong> - NYE Bullarama Fundraiser for Farm Kids Scholarship Fund [MC], NTFF Grounds, Barriere, BC. Tickets available at the Horse Barn and the North Thompson Star Journal. More information can be found at:\\u00a0<a href=\\\"http:\\/\\/www.farmkidsfund.ca\\\">www.farmkidsfund.ca<\\/a><\\/p>\\r\\n<p>\\u00a0<\\/p>\\r\\n<p>\\u00a0<\\/p>\",\"fulltext\":\"\",\"state\":1,\"catid\":\"8\",\"created\":\"2014-10-08 20:21:50\",\"created_by\":\"319\",\"created_by_alias\":\"\",\"modified\":\"2015-06-27 12:07:56\",\"modified_by\":\"320\",\"checked_out\":\"320\",\"checked_out_time\":\"2015-06-27 12:04:39\",\"publish_up\":\"2014-10-08 20:21:50\",\"publish_down\":\"0000-00-00 00:00:00\",\"images\":\"{\\\"image_intro\\\":\\\"\\\",\\\"float_intro\\\":\\\"\\\",\\\"image_intro_alt\\\":\\\"\\\",\\\"image_intro_caption\\\":\\\"\\\",\\\"image_fulltext\\\":\\\"\\\",\\\"float_fulltext\\\":\\\"\\\",\\\"image_fulltext_alt\\\":\\\"\\\",\\\"image_fulltext_caption\\\":\\\"\\\"}\",\"urls\":\"{\\\"urla\\\":false,\\\"urlatext\\\":\\\"\\\",\\\"targeta\\\":\\\"\\\",\\\"urlb\\\":false,\\\"urlbtext\\\":\\\"\\\",\\\"targetb\\\":\\\"\\\",\\\"urlc\\\":false,\\\"urlctext\\\":\\\"\\\",\\\"targetc\\\":\\\"\\\"}\",\"attribs\":\"{\\\"show_title\\\":\\\"\\\",\\\"link_titles\\\":\\\"\\\",\\\"show_tags\\\":\\\"\\\",\\\"show_intro\\\":\\\"\\\",\\\"info_block_position\\\":\\\"\\\",\\\"show_category\\\":\\\"\\\",\\\"link_category\\\":\\\"\\\",\\\"show_parent_category\\\":\\\"\\\",\\\"link_parent_category\\\":\\\"\\\",\\\"show_author\\\":\\\"\\\",\\\"link_author\\\":\\\"\\\",\\\"show_create_date\\\":\\\"\\\",\\\"show_modify_date\\\":\\\"\\\",\\\"show_publish_date\\\":\\\"\\\",\\\"show_item_navigation\\\":\\\"\\\",\\\"show_icons\\\":\\\"\\\",\\\"show_print_icon\\\":\\\"\\\",\\\"show_email_icon\\\":\\\"\\\",\\\"show_vote\\\":\\\"\\\",\\\"show_hits\\\":\\\"\\\",\\\"show_noauth\\\":\\\"\\\",\\\"urls_position\\\":\\\"\\\",\\\"alternative_readmore\\\":\\\"\\\",\\\"article_layout\\\":\\\"\\\",\\\"show_publishing_options\\\":\\\"\\\",\\\"show_article_options\\\":\\\"\\\",\\\"show_urls_images_backend\\\":\\\"\\\",\\\"show_urls_images_frontend\\\":\\\"\\\"}\",\"version\":12,\"ordering\":\"3\",\"metakey\":\"\",\"metadesc\":\"\",\"access\":\"1\",\"hits\":\"1088\",\"metadata\":\"{\\\"robots\\\":\\\"\\\",\\\"author\\\":\\\"\\\",\\\"rights\\\":\\\"\\\",\\\"xreference\\\":\\\"\\\"}\",\"featured\":\"0\",\"language\":\"*\",\"xreference\":\"\"}', 0),
(50, 3, 1, '', '2015-06-27 12:09:33', 320, 3446, '301c91d2f8d8e1114e5408ef5a188cc2c7173b67', '{\"id\":3,\"asset_id\":\"65\",\"title\":\"Schedule\",\"alias\":\"schedule\",\"introtext\":\"<p><strong>Here\'s Jeremy\'s schedule to date for 2015. If you would like to book him, and the date appears to be open on the calendar, give him a shout - he\'d be glad to hear from you. \\u00a0Contact us for details!<\\/strong><\\/p>\\r\\n<p><strong>Some of these events may be private functions - they are not all public events. If you are interested in ticket information for any of them, please refer to the event web site or send an email to Jeremy and ask him for contact information.<\\/strong><\\/p>\\r\\n<p>\\u00a0<\\/p>\\r\\n<p><strong>February 6th- <\\/strong>Lac La Hache Coffee House [LP], Lac La Hache, BC.\\u00a0 This is a by donation evening of entertainment, come and enjoy the music.<\\/p>\\r\\n<p><strong>March 12-15th- <\\/strong>Kamloops Cowboy Festival [LP], Kamloops, BC.\\u00a0 Visit\\u00a0<a href=\\\"http:\\/\\/www.bcchs.com\\/index.html\\\">http:\\/\\/www.bcchs.com\\/index.html<\\/a>\\u00a0for more details and ticket information.<\\/p>\\r\\n<p><strong>July 15th-\\u00a0\\u00a0<\\/strong>Wassink\\/Bradford Wedding [LP\\/MC\\/DJ]- private function, Sun Peaks, BC<\\/p>\\r\\n<p><strong>July 24th-<\\/strong> Strimbold\\/Posnikoff Wedding [MC\\/DJ]- private function, 108 Mile House, BC<\\/p>\\r\\n<p><strong>August 1st<\\/strong>- Gentles Wedding [DJ]- private function, 108 Mile House, BC<\\/p>\\r\\n<p><strong>August 14-<\\/strong> Music in the Park [LP]- join me at the Barriere Bandshell for live country and cowboy music, admission is free.<\\/p>\\r\\n<p><strong>December 31st<\\/strong> - NYE Bullarama Fundraiser for Farm Kids Scholarship Fund [MC], NTFF Grounds, Barriere, BC. Tickets available at the Horse Barn and the North Thompson Star Journal. More information can be found at:\\u00a0<a href=\\\"http:\\/\\/www.farmkidsfund.ca\\\">www.farmkidsfund.ca<\\/a><\\/p>\\r\\n<p>\\u00a0<\\/p>\\r\\n<p>\\u00a0<\\/p>\",\"fulltext\":\"\",\"state\":1,\"catid\":\"8\",\"created\":\"2014-10-08 20:21:50\",\"created_by\":\"319\",\"created_by_alias\":\"\",\"modified\":\"2015-06-27 12:09:33\",\"modified_by\":\"320\",\"checked_out\":\"320\",\"checked_out_time\":\"2015-06-27 12:07:56\",\"publish_up\":\"2014-10-08 20:21:50\",\"publish_down\":\"0000-00-00 00:00:00\",\"images\":\"{\\\"image_intro\\\":\\\"\\\",\\\"float_intro\\\":\\\"\\\",\\\"image_intro_alt\\\":\\\"\\\",\\\"image_intro_caption\\\":\\\"\\\",\\\"image_fulltext\\\":\\\"\\\",\\\"float_fulltext\\\":\\\"\\\",\\\"image_fulltext_alt\\\":\\\"\\\",\\\"image_fulltext_caption\\\":\\\"\\\"}\",\"urls\":\"{\\\"urla\\\":false,\\\"urlatext\\\":\\\"\\\",\\\"targeta\\\":\\\"\\\",\\\"urlb\\\":false,\\\"urlbtext\\\":\\\"\\\",\\\"targetb\\\":\\\"\\\",\\\"urlc\\\":false,\\\"urlctext\\\":\\\"\\\",\\\"targetc\\\":\\\"\\\"}\",\"attribs\":\"{\\\"show_title\\\":\\\"\\\",\\\"link_titles\\\":\\\"\\\",\\\"show_tags\\\":\\\"\\\",\\\"show_intro\\\":\\\"\\\",\\\"info_block_position\\\":\\\"\\\",\\\"show_category\\\":\\\"\\\",\\\"link_category\\\":\\\"\\\",\\\"show_parent_category\\\":\\\"\\\",\\\"link_parent_category\\\":\\\"\\\",\\\"show_author\\\":\\\"\\\",\\\"link_author\\\":\\\"\\\",\\\"show_create_date\\\":\\\"\\\",\\\"show_modify_date\\\":\\\"\\\",\\\"show_publish_date\\\":\\\"\\\",\\\"show_item_navigation\\\":\\\"\\\",\\\"show_icons\\\":\\\"\\\",\\\"show_print_icon\\\":\\\"\\\",\\\"show_email_icon\\\":\\\"\\\",\\\"show_vote\\\":\\\"\\\",\\\"show_hits\\\":\\\"\\\",\\\"show_noauth\\\":\\\"\\\",\\\"urls_position\\\":\\\"\\\",\\\"alternative_readmore\\\":\\\"\\\",\\\"article_layout\\\":\\\"\\\",\\\"show_publishing_options\\\":\\\"\\\",\\\"show_article_options\\\":\\\"\\\",\\\"show_urls_images_backend\\\":\\\"\\\",\\\"show_urls_images_frontend\\\":\\\"\\\"}\",\"version\":13,\"ordering\":\"3\",\"metakey\":\"\",\"metadesc\":\"\",\"access\":\"1\",\"hits\":\"1088\",\"metadata\":\"{\\\"robots\\\":\\\"\\\",\\\"author\\\":\\\"\\\",\\\"rights\\\":\\\"\\\",\\\"xreference\\\":\\\"\\\"}\",\"featured\":\"0\",\"language\":\"*\",\"xreference\":\"\"}', 0),
(51, 1, 1, '', '2015-06-27 12:12:50', 320, 4828, '1aa3f01b12e9d5ec4c66939117128d0594cffea6', '{\"id\":1,\"asset_id\":\"59\",\"title\":\"Welcome\",\"alias\":\"welcome\",\"introtext\":\"<center>\\r\\n<h1 style=\\\"font-size: 16pt; font-family: serif; color: #835a01; line-height: 120%; margin-top: 10pt; margin-bottom: 0pt; text-align: center;\\\">Willis Entertainment\\u00a0<\\/h1>\\r\\n<h1 style=\\\"font-size: 12pt; font-family: serif; color: #835a01; line-height: 110%; margin-top: 5pt; margin-bottom: 10pt; text-align: center;\\\">A lifetime of music, entertainment, &amp; public speaking.<\\/h1>\\r\\n<p style=\\\"text-align: left;\\\">\\u00a0<\\/p>\\r\\n<p style=\\\"text-align: left;\\\"><strong>Jeremy Willis<\\/strong> brings a lifetime of public speaking and music to you as <strong>Willis Entertainment<\\/strong>. Never one to turn down an opportunity to use a microphone, Jeremy rapidly developed a unique and\\u00a0humorous style in both his music and his announcing at a young age. A longtime association with country music and the Country Thunder DJ Company allowed him to branch out into DJ duties in 1990, and from these beginnings Willis Entertainment was born. Successful performances at talent shows, open mics, and numerous appearances at rodeos and western events have encouraged him to make the live performance a permanent part of the business. \\u00a0Currently Jeremy is writing and developing his second studio album, but remains available for performance, sound reinforcement, announcing, DJ, and event planning to ensure your event will be a success. Contact Jeremy at Willis Entertainment - he\'ll be pleased to help you.<\\/p>\\r\\n<p style=\\\"text-align: left;\\\">\\u00a0<\\/p>\\r\\n<p style=\\\"text-align: center;\\\"><b><i>If you would like to see and hear a bit of what I do and why I do it, click here:<\\/i><\\/b><\\/p>\\r\\n<p style=\\\"text-align: center;\\\"><a href=\\\"https:\\/\\/www.youtube.com\\/watch?v=sbzSn12p1Kc\\\">https:\\/\\/www.youtube.com\\/watch?v=sbzSn12p1Kc<\\/a><\\/p>\\r\\n<p style=\\\"text-align: center;\\\">\\u00a0<\\/p>\\r\\n<p style=\\\"text-align: left;\\\">News from Jeremy! \\u00a0\\u00a0<\\/p>\\r\\n<p style=\\\"text-align: left;\\\">\\u00a0<\\/p>\\r\\n<p style=\\\"text-align: left;\\\">\\u00a0 \\u00a0 <strong>\\u00a0\\\"Shaping up to be a hot few weeks ahead, and for me that isn\'t just the weather here.\\u00a0 A collaboration is finally nearing completion in the studio, and we are into the summer wedding schedule which means I\'m out making miles between work and ranch.\\u00a0 I have room in late September if you are looking for a house concert and I do have weekdays open here and there if you would like some tunes, just drop me a line and we can compare calendars until we find a match!\\u00a0 Until next time, \\u00a0Stay Western!\\\"<\\/strong><\\/p>\\r\\n<p style=\\\"text-align: left;\\\">\\u00a0<\\/p>\\r\\n<p style=\\\"text-align: center;\\\"><a href=\\\"https:\\/\\/www.facebook.com\\/WillisEntertainment?pnref=story\\\">Join me on Facebook<\\/a><\\/p>\\r\\n<p style=\\\"text-align: center;\\\"><a href=\\\"https:\\/\\/twitter.com\\/jn_willis\\\">Find me on Twitter<\\/a><\\/p>\\r\\n<p style=\\\"text-align: center;\\\"><a href=\\\"https:\\/\\/www.youtube.com\\/user\\/JeremyNealWillis\\\">Watch Me on YouTube<\\/a><\\/p>\\r\\n<p style=\\\"text-align: left;\\\">\\u00a0<\\/p>\\r\\n<p>\\u00a0<\\/p>\\r\\n<p style=\\\"text-align: center;\\\"><img src=\\\"images\\/perform1.jpg\\\" alt=\\\"\\\" \\/>\\u00a0<\\/p>\\r\\n<center><\\/center><\\/center>\",\"fulltext\":\"\",\"state\":1,\"catid\":\"8\",\"created\":\"2014-10-06 22:29:36\",\"created_by\":\"319\",\"created_by_alias\":\"\",\"modified\":\"2015-06-27 12:12:50\",\"modified_by\":\"320\",\"checked_out\":\"320\",\"checked_out_time\":\"2015-06-27 12:09:44\",\"publish_up\":\"2014-10-06 22:29:36\",\"publish_down\":\"0000-00-00 00:00:00\",\"images\":\"{\\\"image_intro\\\":\\\"\\\",\\\"float_intro\\\":\\\"right\\\",\\\"image_intro_alt\\\":\\\"\\\",\\\"image_intro_caption\\\":\\\"\\\",\\\"image_fulltext\\\":\\\"\\\",\\\"float_fulltext\\\":\\\"\\\",\\\"image_fulltext_alt\\\":\\\"\\\",\\\"image_fulltext_caption\\\":\\\"\\\"}\",\"urls\":\"{\\\"urla\\\":false,\\\"urlatext\\\":\\\"\\\",\\\"targeta\\\":\\\"\\\",\\\"urlb\\\":false,\\\"urlbtext\\\":\\\"\\\",\\\"targetb\\\":\\\"\\\",\\\"urlc\\\":false,\\\"urlctext\\\":\\\"\\\",\\\"targetc\\\":\\\"\\\"}\",\"attribs\":\"{\\\"show_title\\\":\\\"\\\",\\\"link_titles\\\":\\\"\\\",\\\"show_tags\\\":\\\"\\\",\\\"show_intro\\\":\\\"\\\",\\\"info_block_position\\\":\\\"\\\",\\\"show_category\\\":\\\"\\\",\\\"link_category\\\":\\\"\\\",\\\"show_parent_category\\\":\\\"\\\",\\\"link_parent_category\\\":\\\"\\\",\\\"show_author\\\":\\\"\\\",\\\"link_author\\\":\\\"\\\",\\\"show_create_date\\\":\\\"\\\",\\\"show_modify_date\\\":\\\"\\\",\\\"show_publish_date\\\":\\\"\\\",\\\"show_item_navigation\\\":\\\"\\\",\\\"show_icons\\\":\\\"\\\",\\\"show_print_icon\\\":\\\"\\\",\\\"show_email_icon\\\":\\\"\\\",\\\"show_vote\\\":\\\"\\\",\\\"show_hits\\\":\\\"\\\",\\\"show_noauth\\\":\\\"\\\",\\\"urls_position\\\":\\\"\\\",\\\"alternative_readmore\\\":\\\"\\\",\\\"article_layout\\\":\\\"\\\",\\\"show_publishing_options\\\":\\\"\\\",\\\"show_article_options\\\":\\\"\\\",\\\"show_urls_images_backend\\\":\\\"\\\",\\\"show_urls_images_frontend\\\":\\\"\\\"}\",\"version\":25,\"ordering\":\"5\",\"metakey\":\"\",\"metadesc\":\"\",\"access\":\"1\",\"hits\":\"359\",\"metadata\":\"{\\\"robots\\\":\\\"\\\",\\\"author\\\":\\\"\\\",\\\"rights\\\":\\\"\\\",\\\"xreference\\\":\\\"\\\"}\",\"featured\":\"1\",\"language\":\"*\",\"xreference\":\"\"}', 0),
(52, 1, 1, '', '2015-10-19 23:23:35', 320, 5308, '5986bb478cd59a8e003244549fc39253296c138b', '{\"id\":1,\"asset_id\":\"59\",\"title\":\"Welcome\",\"alias\":\"welcome\",\"introtext\":\"<center>\\r\\n<h1 style=\\\"font-size: 16pt; font-family: serif; color: #835a01; line-height: 120%; margin-top: 10pt; margin-bottom: 0pt; text-align: center;\\\">Willis Entertainment\\u00a0<\\/h1>\\r\\n<h1 style=\\\"font-size: 12pt; font-family: serif; color: #835a01; line-height: 110%; margin-top: 5pt; margin-bottom: 10pt; text-align: center;\\\">A lifetime of music, entertainment, &amp; public speaking.<\\/h1>\\r\\n<p style=\\\"text-align: left;\\\">\\u00a0<\\/p>\\r\\n<p style=\\\"text-align: left;\\\"><strong>Jeremy Willis<\\/strong> brings a lifetime of public speaking and music to you as <strong>Willis Entertainment<\\/strong>. Never one to turn down an opportunity to use a microphone, Jeremy rapidly developed a unique and\\u00a0humorous style in both his music and his announcing at a young age. A longtime association with country music and the Country Thunder DJ Company allowed him to branch out into DJ duties in 1990, and from these beginnings Willis Entertainment was born. Successful performances at talent shows, open mics, and numerous appearances at rodeos and western events have encouraged him to make the live performance a permanent part of the business. \\u00a0Currently Jeremy is writing and developing his second studio album, but remains available for performance, sound reinforcement, announcing, DJ, and event planning to ensure your event will be a success. Contact Jeremy at Willis Entertainment - he\'ll be pleased to help you.<\\/p>\\r\\n<p style=\\\"text-align: left;\\\">\\u00a0<\\/p>\\r\\n<p style=\\\"text-align: center;\\\"><b><i>If you would like to see and hear a bit of what I do and why I do it, click here:<\\/i><\\/b><\\/p>\\r\\n<p style=\\\"text-align: center;\\\"><a href=\\\"https:\\/\\/www.youtube.com\\/watch?v=sbzSn12p1Kc\\\">https:\\/\\/www.youtube.com\\/watch?v=sbzSn12p1Kc<\\/a><\\/p>\\r\\n<p style=\\\"text-align: center;\\\">\\u00a0<\\/p>\\r\\n<p style=\\\"text-align: left;\\\">News from Jeremy! \\u00a0\\u00a0<\\/p>\\r\\n<p style=\\\"text-align: left;\\\">\\u00a0<\\/p>\\r\\n<p style=\\\"text-align: left;\\\">\\u00a0 \\u00a0 <strong>\\u00a0\\\"Good day friends, thanks for stopping by. \\u00a0It has been a fall of change for me, as it appears I need to take another musical hiatus while I get a lingering hip injury repaired. \\u00a0The surgery is going to keep me on crutches for more than a few weeks and there will be a significant amount of rehab involved before I\'m able to get back on stage and in the studio. \\u00a0This means a postponement of my proposed release \\\"Crossbred\\\" until I\'m able to finish it and support it via a tour. \\u00a0My intent is\\u00a0to spend my time \\\"on the shelf\\\" writing and practicing [nothing wrong with my hands or mind!] and ensuring that I come back\\u00a0stronger and better than before! \\u00a0So, feel free to stop by the YouTube link below, I\'ll be sharing little snippets of my road to recovery and the tunes I\'m preparing via video and Facebook- please join me while I get rid of this little \\\"hitch in my git-a-long\\\" and get back doing what I do best.\\u00a0 Until next time, \\u00a0Stay Western!\\\"<\\/strong><\\/p>\\r\\n<p style=\\\"text-align: left;\\\">\\u00a0<\\/p>\\r\\n<p style=\\\"text-align: center;\\\"><a href=\\\"https:\\/\\/www.facebook.com\\/WillisEntertainment?pnref=story\\\">Join me on Facebook<\\/a><\\/p>\\r\\n<p style=\\\"text-align: center;\\\"><a href=\\\"https:\\/\\/twitter.com\\/jn_willis\\\">Find me on Twitter<\\/a><\\/p>\\r\\n<p style=\\\"text-align: center;\\\"><a href=\\\"https:\\/\\/www.youtube.com\\/user\\/JeremyNealWillis\\\">Watch Me on YouTube<\\/a><\\/p>\\r\\n<p style=\\\"text-align: left;\\\">\\u00a0<\\/p>\\r\\n<p>\\u00a0<\\/p>\\r\\n<p style=\\\"text-align: center;\\\"><img src=\\\"images\\/perform1.jpg\\\" alt=\\\"\\\" \\/>\\u00a0<\\/p>\\r\\n<center><\\/center><\\/center>\",\"fulltext\":\"\",\"state\":1,\"catid\":\"8\",\"created\":\"2014-10-06 22:29:36\",\"created_by\":\"319\",\"created_by_alias\":\"\",\"modified\":\"2015-10-19 23:23:35\",\"modified_by\":\"320\",\"checked_out\":\"320\",\"checked_out_time\":\"2015-10-19 23:15:02\",\"publish_up\":\"2014-10-06 22:29:36\",\"publish_down\":\"0000-00-00 00:00:00\",\"images\":\"{\\\"image_intro\\\":\\\"\\\",\\\"float_intro\\\":\\\"right\\\",\\\"image_intro_alt\\\":\\\"\\\",\\\"image_intro_caption\\\":\\\"\\\",\\\"image_fulltext\\\":\\\"\\\",\\\"float_fulltext\\\":\\\"\\\",\\\"image_fulltext_alt\\\":\\\"\\\",\\\"image_fulltext_caption\\\":\\\"\\\"}\",\"urls\":\"{\\\"urla\\\":false,\\\"urlatext\\\":\\\"\\\",\\\"targeta\\\":\\\"\\\",\\\"urlb\\\":false,\\\"urlbtext\\\":\\\"\\\",\\\"targetb\\\":\\\"\\\",\\\"urlc\\\":false,\\\"urlctext\\\":\\\"\\\",\\\"targetc\\\":\\\"\\\"}\",\"attribs\":\"{\\\"show_title\\\":\\\"\\\",\\\"link_titles\\\":\\\"\\\",\\\"show_tags\\\":\\\"\\\",\\\"show_intro\\\":\\\"\\\",\\\"info_block_position\\\":\\\"\\\",\\\"show_category\\\":\\\"\\\",\\\"link_category\\\":\\\"\\\",\\\"show_parent_category\\\":\\\"\\\",\\\"link_parent_category\\\":\\\"\\\",\\\"show_author\\\":\\\"\\\",\\\"link_author\\\":\\\"\\\",\\\"show_create_date\\\":\\\"\\\",\\\"show_modify_date\\\":\\\"\\\",\\\"show_publish_date\\\":\\\"\\\",\\\"show_item_navigation\\\":\\\"\\\",\\\"show_icons\\\":\\\"\\\",\\\"show_print_icon\\\":\\\"\\\",\\\"show_email_icon\\\":\\\"\\\",\\\"show_vote\\\":\\\"\\\",\\\"show_hits\\\":\\\"\\\",\\\"show_noauth\\\":\\\"\\\",\\\"urls_position\\\":\\\"\\\",\\\"alternative_readmore\\\":\\\"\\\",\\\"article_layout\\\":\\\"\\\",\\\"show_publishing_options\\\":\\\"\\\",\\\"show_article_options\\\":\\\"\\\",\\\"show_urls_images_backend\\\":\\\"\\\",\\\"show_urls_images_frontend\\\":\\\"\\\"}\",\"version\":26,\"ordering\":\"5\",\"metakey\":\"\",\"metadesc\":\"\",\"access\":\"1\",\"hits\":\"548\",\"metadata\":\"{\\\"robots\\\":\\\"\\\",\\\"author\\\":\\\"\\\",\\\"rights\\\":\\\"\\\",\\\"xreference\\\":\\\"\\\"}\",\"featured\":\"1\",\"language\":\"*\",\"xreference\":\"\"}', 0),
(53, 1, 1, '', '2015-11-17 06:49:23', 320, 5972, '5bff6150043458cdac848702f189da54109cfd1c', '{\"id\":1,\"asset_id\":\"59\",\"title\":\"Welcome\",\"alias\":\"welcome\",\"introtext\":\"<center>\\r\\n<h1 style=\\\"font-size: 16pt; font-family: serif; color: #835a01; line-height: 120%; margin-top: 10pt; margin-bottom: 0pt; text-align: center;\\\">Willis Entertainment\\u00a0<\\/h1>\\r\\n<h1 style=\\\"font-size: 12pt; font-family: serif; color: #835a01; line-height: 110%; margin-top: 5pt; margin-bottom: 10pt; text-align: center;\\\">A lifetime of music, entertainment, &amp; public speaking.<\\/h1>\\r\\n<p style=\\\"text-align: left;\\\">\\u00a0<\\/p>\\r\\n<p style=\\\"text-align: left;\\\"><strong>Jeremy Willis<\\/strong> brings a lifetime of public speaking and music to you as <strong>Willis Entertainment<\\/strong>. Never one to turn down an opportunity to use a microphone, Jeremy rapidly developed a unique and\\u00a0humorous style in both his music and his announcing at a young age. A longtime association with country music and the Country Thunder DJ Company allowed him to branch out into DJ duties in 1990, and from these beginnings Willis Entertainment was born. Successful performances at talent shows, open mics, and numerous appearances at rodeos and western events have encouraged him to make the live performance a permanent part of the business. \\u00a0Currently Jeremy is writing and developing his second studio album, but remains available for performance, sound reinforcement, announcing, DJ, and event planning to ensure your event will be a success. Contact Jeremy at Willis Entertainment - he\'ll be pleased to help you.<\\/p>\\r\\n<p style=\\\"text-align: left;\\\">\\u00a0<\\/p>\\r\\n<p style=\\\"text-align: center;\\\"><b><i>If you would like to see and hear a bit of what I do and why I do it, click here:<\\/i><\\/b><\\/p>\\r\\n<p style=\\\"text-align: center;\\\"><a href=\\\"https:\\/\\/www.youtube.com\\/watch?v=sbzSn12p1Kc\\\">https:\\/\\/www.youtube.com\\/watch?v=sbzSn12p1Kc<\\/a><\\/p>\\r\\n<p style=\\\"text-align: center;\\\">\\u00a0<\\/p>\\r\\n<p style=\\\"text-align: left;\\\">News from Jeremy! \\u00a0\\u00a0<\\/p>\\r\\n<p style=\\\"text-align: left;\\\">\\u00a0<\\/p>\\r\\n<p style=\\\"text-align: left;\\\">\\u00a0 \\u00a0 <strong>\\u00a0\\\"Good day friends, thanks for stopping by. \\u00a0It has been a fall of change for me, as it appears I need to take another musical hiatus while I get a lingering hip injury repaired. \\u00a0The surgery is going to keep me on crutches for more than a few weeks and there will be a significant amount of rehab involved before I\'m able to get back on stage and in the studio. \\u00a0This means a postponement of my proposed release \\\"Crossbred\\\" until I\'m able to finish it and support it via a tour. \\u00a0My intent is\\u00a0to spend my time \\\"on the shelf\\\" writing and practicing [nothing wrong with my hands or mind!] and ensuring that I come back\\u00a0stronger and better than before! \\u00a0So, feel free to stop by the YouTube link below, I\'ll be sharing little snippets of my road to recovery and the tunes I\'m preparing via video and Facebook- please join me while I get rid of this little \\\"hitch in my git-a-long\\\" and get back doing what I do best.\\u00a0 Until next time, \\u00a0Stay Western!\\\"<\\/strong><\\/p>\\r\\n<p style=\\\"text-align: left;\\\">\\u00a0<\\/p>\\r\\n<p style=\\\"text-align: center;\\\"><a href=\\\"https:\\/\\/www.facebook.com\\/WillisEntertainment?pnref=story\\\">Join me on Facebook<\\/a><\\/p>\\r\\n<p style=\\\"text-align: center;\\\"><a href=\\\"https:\\/\\/twitter.com\\/jn_willis\\\">Find me on Twitter<\\/a><\\/p>\\r\\n<p style=\\\"text-align: center;\\\"><a href=\\\"https:\\/\\/www.youtube.com\\/user\\/JeremyNealWillis\\\">Watch Me on YouTube<\\/a><\\/p>\\r\\n<p style=\\\"text-align: center;\\\">\\u00a0<\\/p>\\r\\n<p style=\\\"text-align: center;\\\">Try before you buy- feel free to enjoy the album below!<\\/p>\\r\\n<p style=\\\"text-align: center;\\\">&lt;div style=\\\"max-width:600px;max-height:645px;min-width:180px;\\\"&gt;&lt;div style=\\\"position: relative;height: 0;overflow: hidden;padding-bottom:100%;padding-top:30px;\\\"&gt;&lt;iframe name=\\\"square\\\" style=\\\"position:absolute;top:0px;left:0px;width:100%;height:100%;border:0px;\\\" src=\\\"http:\\/\\/widget.cdbaby.com\\/748a3f48-7296-40d4-b1d8-6513c440f1ac\\/square\\/light\\/transparent\\\"&gt;&lt;\\/iframe&gt;&lt;\\/div&gt;&lt;\\/div&gt;<\\/p>\\r\\n<p style=\\\"text-align: center;\\\">\\u00a0<\\/p>\\r\\n<p style=\\\"text-align: left;\\\">\\u00a0<\\/p>\\r\\n<p>\\u00a0<\\/p>\\r\\n<p style=\\\"text-align: center;\\\"><img src=\\\"images\\/perform1.jpg\\\" alt=\\\"\\\" \\/>\\u00a0<\\/p>\\r\\n<center><\\/center><\\/center>\",\"fulltext\":\"\",\"state\":1,\"catid\":\"8\",\"created\":\"2014-10-06 22:29:36\",\"created_by\":\"319\",\"created_by_alias\":\"\",\"modified\":\"2015-11-17 06:49:23\",\"modified_by\":\"320\",\"checked_out\":\"320\",\"checked_out_time\":\"2015-11-17 06:47:44\",\"publish_up\":\"2014-10-06 22:29:36\",\"publish_down\":\"0000-00-00 00:00:00\",\"images\":\"{\\\"image_intro\\\":\\\"\\\",\\\"float_intro\\\":\\\"right\\\",\\\"image_intro_alt\\\":\\\"\\\",\\\"image_intro_caption\\\":\\\"\\\",\\\"image_fulltext\\\":\\\"\\\",\\\"float_fulltext\\\":\\\"\\\",\\\"image_fulltext_alt\\\":\\\"\\\",\\\"image_fulltext_caption\\\":\\\"\\\"}\",\"urls\":\"{\\\"urla\\\":false,\\\"urlatext\\\":\\\"\\\",\\\"targeta\\\":\\\"\\\",\\\"urlb\\\":false,\\\"urlbtext\\\":\\\"\\\",\\\"targetb\\\":\\\"\\\",\\\"urlc\\\":false,\\\"urlctext\\\":\\\"\\\",\\\"targetc\\\":\\\"\\\"}\",\"attribs\":\"{\\\"show_title\\\":\\\"\\\",\\\"link_titles\\\":\\\"\\\",\\\"show_tags\\\":\\\"\\\",\\\"show_intro\\\":\\\"\\\",\\\"info_block_position\\\":\\\"\\\",\\\"show_category\\\":\\\"\\\",\\\"link_category\\\":\\\"\\\",\\\"show_parent_category\\\":\\\"\\\",\\\"link_parent_category\\\":\\\"\\\",\\\"show_author\\\":\\\"\\\",\\\"link_author\\\":\\\"\\\",\\\"show_create_date\\\":\\\"\\\",\\\"show_modify_date\\\":\\\"\\\",\\\"show_publish_date\\\":\\\"\\\",\\\"show_item_navigation\\\":\\\"\\\",\\\"show_icons\\\":\\\"\\\",\\\"show_print_icon\\\":\\\"\\\",\\\"show_email_icon\\\":\\\"\\\",\\\"show_vote\\\":\\\"\\\",\\\"show_hits\\\":\\\"\\\",\\\"show_noauth\\\":\\\"\\\",\\\"urls_position\\\":\\\"\\\",\\\"alternative_readmore\\\":\\\"\\\",\\\"article_layout\\\":\\\"\\\",\\\"show_publishing_options\\\":\\\"\\\",\\\"show_article_options\\\":\\\"\\\",\\\"show_urls_images_backend\\\":\\\"\\\",\\\"show_urls_images_frontend\\\":\\\"\\\"}\",\"version\":28,\"ordering\":\"5\",\"metakey\":\"\",\"metadesc\":\"\",\"access\":\"1\",\"hits\":\"597\",\"metadata\":\"{\\\"robots\\\":\\\"\\\",\\\"author\\\":\\\"\\\",\\\"rights\\\":\\\"\\\",\\\"xreference\\\":\\\"\\\"}\",\"featured\":\"1\",\"language\":\"*\",\"xreference\":\"\"}', 0);
INSERT INTO `joom_ucm_history` (`version_id`, `ucm_item_id`, `ucm_type_id`, `version_note`, `save_date`, `editor_user_id`, `character_count`, `sha1_hash`, `version_data`, `keep_forever`) VALUES
(54, 1, 1, '', '2015-11-17 06:50:08', 320, 5362, '99ffe262dc258c9ffd38b4edb4c41deac73c9dc3', '{\"id\":1,\"asset_id\":\"59\",\"title\":\"Welcome\",\"alias\":\"welcome\",\"introtext\":\"<center>\\r\\n<h1 style=\\\"font-size: 16pt; font-family: serif; color: #835a01; line-height: 120%; margin-top: 10pt; margin-bottom: 0pt; text-align: center;\\\">Willis Entertainment\\u00a0<\\/h1>\\r\\n<h1 style=\\\"font-size: 12pt; font-family: serif; color: #835a01; line-height: 110%; margin-top: 5pt; margin-bottom: 10pt; text-align: center;\\\">A lifetime of music, entertainment, &amp; public speaking.<\\/h1>\\r\\n<p style=\\\"text-align: left;\\\">\\u00a0<\\/p>\\r\\n<p style=\\\"text-align: left;\\\"><strong>Jeremy Willis<\\/strong> brings a lifetime of public speaking and music to you as <strong>Willis Entertainment<\\/strong>. Never one to turn down an opportunity to use a microphone, Jeremy rapidly developed a unique and\\u00a0humorous style in both his music and his announcing at a young age. A longtime association with country music and the Country Thunder DJ Company allowed him to branch out into DJ duties in 1990, and from these beginnings Willis Entertainment was born. Successful performances at talent shows, open mics, and numerous appearances at rodeos and western events have encouraged him to make the live performance a permanent part of the business. \\u00a0Currently Jeremy is writing and developing his second studio album, but remains available for performance, sound reinforcement, announcing, DJ, and event planning to ensure your event will be a success. Contact Jeremy at Willis Entertainment - he\'ll be pleased to help you.<\\/p>\\r\\n<p style=\\\"text-align: left;\\\">\\u00a0<\\/p>\\r\\n<p style=\\\"text-align: center;\\\"><b><i>If you would like to see and hear a bit of what I do and why I do it, click here:<\\/i><\\/b><\\/p>\\r\\n<p style=\\\"text-align: center;\\\"><a href=\\\"https:\\/\\/www.youtube.com\\/watch?v=sbzSn12p1Kc\\\">https:\\/\\/www.youtube.com\\/watch?v=sbzSn12p1Kc<\\/a><\\/p>\\r\\n<p style=\\\"text-align: center;\\\">\\u00a0<\\/p>\\r\\n<p style=\\\"text-align: left;\\\">News from Jeremy! \\u00a0\\u00a0<\\/p>\\r\\n<p style=\\\"text-align: left;\\\">\\u00a0<\\/p>\\r\\n<p style=\\\"text-align: left;\\\">\\u00a0 \\u00a0 <strong>\\u00a0\\\"Good day friends, thanks for stopping by. \\u00a0It has been a fall of change for me, as it appears I need to take another musical hiatus while I get a lingering hip injury repaired. \\u00a0The surgery is going to keep me on crutches for more than a few weeks and there will be a significant amount of rehab involved before I\'m able to get back on stage and in the studio. \\u00a0This means a postponement of my proposed release \\\"Crossbred\\\" until I\'m able to finish it and support it via a tour. \\u00a0My intent is\\u00a0to spend my time \\\"on the shelf\\\" writing and practicing [nothing wrong with my hands or mind!] and ensuring that I come back\\u00a0stronger and better than before! \\u00a0So, feel free to stop by the YouTube link below, I\'ll be sharing little snippets of my road to recovery and the tunes I\'m preparing via video and Facebook- please join me while I get rid of this little \\\"hitch in my git-a-long\\\" and get back doing what I do best.\\u00a0 Until next time, \\u00a0Stay Western!\\\"<\\/strong><\\/p>\\r\\n<p style=\\\"text-align: left;\\\">\\u00a0<\\/p>\\r\\n<p style=\\\"text-align: center;\\\"><a href=\\\"https:\\/\\/www.facebook.com\\/WillisEntertainment?pnref=story\\\">Join me on Facebook<\\/a><\\/p>\\r\\n<p style=\\\"text-align: center;\\\"><a href=\\\"https:\\/\\/twitter.com\\/jn_willis\\\">Find me on Twitter<\\/a><\\/p>\\r\\n<p style=\\\"text-align: center;\\\"><a href=\\\"https:\\/\\/www.youtube.com\\/user\\/JeremyNealWillis\\\">Watch Me on YouTube<\\/a><\\/p>\\r\\n<p style=\\\"text-align: center;\\\">\\u00a0\\u00a0<\\/p>\\r\\n<p style=\\\"text-align: left;\\\">\\u00a0<\\/p>\\r\\n<p>\\u00a0<\\/p>\\r\\n<p style=\\\"text-align: center;\\\"><img src=\\\"images\\/perform1.jpg\\\" alt=\\\"\\\" \\/>\\u00a0<\\/p>\\r\\n<center><\\/center><\\/center>\",\"fulltext\":\"\",\"state\":1,\"catid\":\"8\",\"created\":\"2014-10-06 22:29:36\",\"created_by\":\"319\",\"created_by_alias\":\"\",\"modified\":\"2015-11-17 06:50:08\",\"modified_by\":\"320\",\"checked_out\":\"320\",\"checked_out_time\":\"2015-11-17 06:49:23\",\"publish_up\":\"2014-10-06 22:29:36\",\"publish_down\":\"0000-00-00 00:00:00\",\"images\":\"{\\\"image_intro\\\":\\\"\\\",\\\"float_intro\\\":\\\"right\\\",\\\"image_intro_alt\\\":\\\"\\\",\\\"image_intro_caption\\\":\\\"\\\",\\\"image_fulltext\\\":\\\"\\\",\\\"float_fulltext\\\":\\\"\\\",\\\"image_fulltext_alt\\\":\\\"\\\",\\\"image_fulltext_caption\\\":\\\"\\\"}\",\"urls\":\"{\\\"urla\\\":false,\\\"urlatext\\\":\\\"\\\",\\\"targeta\\\":\\\"\\\",\\\"urlb\\\":false,\\\"urlbtext\\\":\\\"\\\",\\\"targetb\\\":\\\"\\\",\\\"urlc\\\":false,\\\"urlctext\\\":\\\"\\\",\\\"targetc\\\":\\\"\\\"}\",\"attribs\":\"{\\\"show_title\\\":\\\"\\\",\\\"link_titles\\\":\\\"\\\",\\\"show_tags\\\":\\\"\\\",\\\"show_intro\\\":\\\"\\\",\\\"info_block_position\\\":\\\"\\\",\\\"show_category\\\":\\\"\\\",\\\"link_category\\\":\\\"\\\",\\\"show_parent_category\\\":\\\"\\\",\\\"link_parent_category\\\":\\\"\\\",\\\"show_author\\\":\\\"\\\",\\\"link_author\\\":\\\"\\\",\\\"show_create_date\\\":\\\"\\\",\\\"show_modify_date\\\":\\\"\\\",\\\"show_publish_date\\\":\\\"\\\",\\\"show_item_navigation\\\":\\\"\\\",\\\"show_icons\\\":\\\"\\\",\\\"show_print_icon\\\":\\\"\\\",\\\"show_email_icon\\\":\\\"\\\",\\\"show_vote\\\":\\\"\\\",\\\"show_hits\\\":\\\"\\\",\\\"show_noauth\\\":\\\"\\\",\\\"urls_position\\\":\\\"\\\",\\\"alternative_readmore\\\":\\\"\\\",\\\"article_layout\\\":\\\"\\\",\\\"show_publishing_options\\\":\\\"\\\",\\\"show_article_options\\\":\\\"\\\",\\\"show_urls_images_backend\\\":\\\"\\\",\\\"show_urls_images_frontend\\\":\\\"\\\"}\",\"version\":29,\"ordering\":\"5\",\"metakey\":\"\",\"metadesc\":\"\",\"access\":\"1\",\"hits\":\"597\",\"metadata\":\"{\\\"robots\\\":\\\"\\\",\\\"author\\\":\\\"\\\",\\\"rights\\\":\\\"\\\",\\\"xreference\\\":\\\"\\\"}\",\"featured\":\"1\",\"language\":\"*\",\"xreference\":\"\"}', 0),
(55, 1, 1, '', '2018-01-15 06:59:44', 320, 4875, '6271a67018e19c14df881e34946a23443f4f9d64', '{\"id\":1,\"asset_id\":\"59\",\"title\":\"Welcome\",\"alias\":\"welcome\",\"introtext\":\"<center>\\r\\n<h1 style=\\\"font-size: 16pt; font-family: serif; color: #835a01; line-height: 120%; margin-top: 10pt; margin-bottom: 0pt; text-align: center;\\\">Willis Entertainment\\u00a0<\\/h1>\\r\\n<h1 style=\\\"font-size: 12pt; font-family: serif; color: #835a01; line-height: 110%; margin-top: 5pt; margin-bottom: 10pt; text-align: center;\\\">A lifetime of music, entertainment, &amp; public speaking.<\\/h1>\\r\\n<p style=\\\"text-align: left;\\\">\\u00a0<\\/p>\\r\\n<p style=\\\"text-align: left;\\\"><strong>Jeremy Willis<\\/strong> brings a lifetime of public speaking and music to you as <strong>Willis Entertainment<\\/strong>. Never one to turn down an opportunity to use a microphone, Jeremy rapidly developed a unique and\\u00a0humorous style in both his music and his announcing at a young age. A longtime association with country music and the Country Thunder DJ Company allowed him to branch out into DJ duties in 1990, and from these beginnings Willis Entertainment was born. Successful performances at talent shows, open mics, and numerous appearances at rodeos and western events have encouraged him to make the live performance a permanent part of the business. \\u00a0Currently Jeremy is writing and developing his second studio album, but remains available for performance, sound reinforcement, announcing, DJ, and event planning to ensure your event will be a success. Contact Jeremy at Willis Entertainment - he\'ll be pleased to help you.<\\/p>\\r\\n<p style=\\\"text-align: left;\\\">\\u00a0<\\/p>\\r\\n<p style=\\\"text-align: center;\\\"><b><i>If you would like to see and hear a bit of what I do and why I do it, click here:<\\/i><\\/b><\\/p>\\r\\n<p style=\\\"text-align: center;\\\"><a href=\\\"https:\\/\\/www.youtube.com\\/watch?v=sbzSn12p1Kc\\\">https:\\/\\/www.youtube.com\\/watch?v=sbzSn12p1Kc<\\/a><\\/p>\\r\\n<p style=\\\"text-align: center;\\\">\\u00a0<\\/p>\\r\\n<p style=\\\"text-align: left;\\\">News from Jeremy! \\u00a0\\u00a0<\\/p>\\r\\n<p style=\\\"text-align: left;\\\">\\u00a0<\\/p>\\r\\n<p style=\\\"text-align: left;\\\">\\u00a0 \\u00a0 <strong>\\u00a0\\\"Good day friends, thanks for stopping by. \\u00a0Just getting back into the swing of things now that I\'m the Bionic Redneck and am all healed up from my new hip! \\u00a0I\'ll be doing a private show on the 20th to knock the rust off, and then hopefully making some summer travel plans around shows around BC and Alberta, and possibly a charity event in the US. \\u00a0I\'ll keep you posted, drop me a line if you are looking for tunes over the next while and we will see if our schedules mesh!\\u00a0 Until next time, \\u00a0Stay Western!\\\"<\\/strong><\\/p>\\r\\n<p style=\\\"text-align: left;\\\">\\u00a0<\\/p>\\r\\n<p style=\\\"text-align: center;\\\"><a href=\\\"https:\\/\\/www.facebook.com\\/WillisEntertainment?pnref=story\\\">Join me on Facebook<\\/a><\\/p>\\r\\n<p style=\\\"text-align: center;\\\"><a href=\\\"https:\\/\\/www.youtube.com\\/user\\/JeremyNealWillis\\\">Watch Me on YouTube<\\/a><\\/p>\\r\\n<p style=\\\"text-align: center;\\\">\\u00a0\\u00a0<\\/p>\\r\\n<p style=\\\"text-align: left;\\\">\\u00a0<\\/p>\\r\\n<p>\\u00a0<\\/p>\\r\\n<p style=\\\"text-align: center;\\\"><img src=\\\"images\\/perform1.jpg\\\" alt=\\\"\\\" \\/>\\u00a0<\\/p>\\r\\n<center><\\/center><\\/center>\",\"fulltext\":\"\",\"state\":1,\"catid\":\"8\",\"created\":\"2014-10-06 22:29:36\",\"created_by\":\"319\",\"created_by_alias\":\"\",\"modified\":\"2018-01-15 06:59:44\",\"modified_by\":\"320\",\"checked_out\":\"320\",\"checked_out_time\":\"2018-01-15 06:56:08\",\"publish_up\":\"2014-10-06 22:29:36\",\"publish_down\":\"0000-00-00 00:00:00\",\"images\":\"{\\\"image_intro\\\":\\\"\\\",\\\"float_intro\\\":\\\"right\\\",\\\"image_intro_alt\\\":\\\"\\\",\\\"image_intro_caption\\\":\\\"\\\",\\\"image_fulltext\\\":\\\"\\\",\\\"float_fulltext\\\":\\\"\\\",\\\"image_fulltext_alt\\\":\\\"\\\",\\\"image_fulltext_caption\\\":\\\"\\\"}\",\"urls\":\"{\\\"urla\\\":false,\\\"urlatext\\\":\\\"\\\",\\\"targeta\\\":\\\"\\\",\\\"urlb\\\":false,\\\"urlbtext\\\":\\\"\\\",\\\"targetb\\\":\\\"\\\",\\\"urlc\\\":false,\\\"urlctext\\\":\\\"\\\",\\\"targetc\\\":\\\"\\\"}\",\"attribs\":\"{\\\"article_layout\\\":\\\"\\\",\\\"show_title\\\":\\\"\\\",\\\"link_titles\\\":\\\"\\\",\\\"show_tags\\\":\\\"\\\",\\\"show_intro\\\":\\\"\\\",\\\"info_block_position\\\":\\\"\\\",\\\"info_block_show_title\\\":\\\"\\\",\\\"show_category\\\":\\\"\\\",\\\"link_category\\\":\\\"\\\",\\\"show_parent_category\\\":\\\"\\\",\\\"link_parent_category\\\":\\\"\\\",\\\"show_associations\\\":\\\"\\\",\\\"show_author\\\":\\\"\\\",\\\"link_author\\\":\\\"\\\",\\\"show_create_date\\\":\\\"\\\",\\\"show_modify_date\\\":\\\"\\\",\\\"show_publish_date\\\":\\\"\\\",\\\"show_item_navigation\\\":\\\"\\\",\\\"show_icons\\\":\\\"\\\",\\\"show_print_icon\\\":\\\"\\\",\\\"show_email_icon\\\":\\\"\\\",\\\"show_vote\\\":\\\"\\\",\\\"show_hits\\\":\\\"\\\",\\\"show_noauth\\\":\\\"\\\",\\\"urls_position\\\":\\\"\\\",\\\"alternative_readmore\\\":\\\"\\\",\\\"article_page_title\\\":\\\"\\\",\\\"show_publishing_options\\\":\\\"\\\",\\\"show_article_options\\\":\\\"\\\",\\\"show_urls_images_backend\\\":\\\"\\\",\\\"show_urls_images_frontend\\\":\\\"\\\"}\",\"version\":31,\"ordering\":\"5\",\"metakey\":\"\",\"metadesc\":\"\",\"access\":\"1\",\"hits\":\"2146\",\"metadata\":\"{\\\"robots\\\":\\\"\\\",\\\"author\\\":\\\"\\\",\\\"rights\\\":\\\"\\\",\\\"xreference\\\":\\\"\\\"}\",\"featured\":\"1\",\"language\":\"*\",\"xreference\":\"\"}', 0),
(56, 3, 1, '', '2018-01-15 07:03:17', 320, 2827, 'd8aecb34bd2ea24eea1e57b6aca762e1cfb0daf8', '{\"id\":3,\"asset_id\":\"65\",\"title\":\"Schedule\",\"alias\":\"schedule\",\"introtext\":\"<p><strong>Here\'s Jeremy\'s schedule to date for 2018. If you would like to book him, and the date appears to be open on the calendar, give him a shout - he\'d be glad to hear from you. \\u00a0Contact us for details!<\\/strong><\\/p>\\r\\n<p><strong>Some of these events may be private functions - they are not all public events. If you are interested in ticket information for any of them, please refer to the event web site or send an email to Jeremy and ask him for contact information.<\\/strong><\\/p>\\r\\n<p>\\u00a0<\\/p>\\r\\n<p><strong>January 20th-\\u00a0<\\/strong>Private House Concert - the Bakker Residence, Kamloops BC. \\u00a0A charity will be benefitting from this event as per the hostess! \\u00a0Good times!!<\\/p>\\r\\n<p><strong>December 31st<\\/strong> - NYE Bullarama Fundraiser for Farm Kids Scholarship Fund [MC], NTFF Grounds, Barriere, BC. Tickets available at the Horse Barn and the North Thompson Star Journal. More information can be found at:\\u00a0<a href=\\\"http:\\/\\/www.farmkidsfund.ca\\\">www.farmkidsfund.ca<\\/a><\\/p>\\r\\n<p>\\u00a0<\\/p>\\r\\n<p>\\u00a0<\\/p>\",\"fulltext\":\"\",\"state\":1,\"catid\":\"8\",\"created\":\"2014-10-08 20:21:50\",\"created_by\":\"319\",\"created_by_alias\":\"\",\"modified\":\"2018-01-15 07:03:17\",\"modified_by\":\"320\",\"checked_out\":\"320\",\"checked_out_time\":\"2018-01-15 07:01:06\",\"publish_up\":\"2014-10-08 20:21:50\",\"publish_down\":\"0000-00-00 00:00:00\",\"images\":\"{\\\"image_intro\\\":\\\"\\\",\\\"float_intro\\\":\\\"\\\",\\\"image_intro_alt\\\":\\\"\\\",\\\"image_intro_caption\\\":\\\"\\\",\\\"image_fulltext\\\":\\\"\\\",\\\"float_fulltext\\\":\\\"\\\",\\\"image_fulltext_alt\\\":\\\"\\\",\\\"image_fulltext_caption\\\":\\\"\\\"}\",\"urls\":\"{\\\"urla\\\":false,\\\"urlatext\\\":\\\"\\\",\\\"targeta\\\":\\\"\\\",\\\"urlb\\\":false,\\\"urlbtext\\\":\\\"\\\",\\\"targetb\\\":\\\"\\\",\\\"urlc\\\":false,\\\"urlctext\\\":\\\"\\\",\\\"targetc\\\":\\\"\\\"}\",\"attribs\":\"{\\\"article_layout\\\":\\\"\\\",\\\"show_title\\\":\\\"\\\",\\\"link_titles\\\":\\\"\\\",\\\"show_tags\\\":\\\"\\\",\\\"show_intro\\\":\\\"\\\",\\\"info_block_position\\\":\\\"\\\",\\\"info_block_show_title\\\":\\\"\\\",\\\"show_category\\\":\\\"\\\",\\\"link_category\\\":\\\"\\\",\\\"show_parent_category\\\":\\\"\\\",\\\"link_parent_category\\\":\\\"\\\",\\\"show_associations\\\":\\\"\\\",\\\"show_author\\\":\\\"\\\",\\\"link_author\\\":\\\"\\\",\\\"show_create_date\\\":\\\"\\\",\\\"show_modify_date\\\":\\\"\\\",\\\"show_publish_date\\\":\\\"\\\",\\\"show_item_navigation\\\":\\\"\\\",\\\"show_icons\\\":\\\"\\\",\\\"show_print_icon\\\":\\\"\\\",\\\"show_email_icon\\\":\\\"\\\",\\\"show_vote\\\":\\\"\\\",\\\"show_hits\\\":\\\"\\\",\\\"show_noauth\\\":\\\"\\\",\\\"urls_position\\\":\\\"\\\",\\\"alternative_readmore\\\":\\\"\\\",\\\"article_page_title\\\":\\\"\\\",\\\"show_publishing_options\\\":\\\"\\\",\\\"show_article_options\\\":\\\"\\\",\\\"show_urls_images_backend\\\":\\\"\\\",\\\"show_urls_images_frontend\\\":\\\"\\\"}\",\"version\":14,\"ordering\":\"3\",\"metakey\":\"\",\"metadesc\":\"\",\"access\":\"1\",\"hits\":\"3905\",\"metadata\":\"{\\\"robots\\\":\\\"\\\",\\\"author\\\":\\\"\\\",\\\"rights\\\":\\\"\\\",\\\"xreference\\\":\\\"\\\"}\",\"featured\":\"0\",\"language\":\"*\",\"xreference\":\"\"}', 0),
(57, 6, 1, '', '2018-01-15 07:03:56', 320, 7419, 'b0421b043e6c5434691b08d5e0577ee9db4354d6', '{\"id\":6,\"asset_id\":\"69\",\"title\":\"Links\",\"alias\":\"links\",\"introtext\":\"<p>\\u00a0<\\/p>\\r\\n<p><strong>\\u00a0MUSICIANS AND POETS<\\/strong><\\/p>\\r\\n<p><strong>Alan Moberg<\\/strong> is a true entertainer - He is country. He is cowboy. He is folk. He is gospel. He is Western roots. This musician writes wonderful originals and also sings cover songs by heroes like Johnny Cash and Guy Clark. He has released 15 recordings over three decades of music and song.\\u00a0<a href=\\\"http:\\/\\/www.alanmoberg.com\\\">www.alanmoberg.com<\\/a><\\/p>\\r\\n<p>\\u00a0<\\/p>\\r\\n<p><strong>The Gordie West Band<\\/strong> plays memorable country &amp; western music - good old cowboy songs from the past. Gordie West and Mike Dygert are a delightful duo that make the music come alive! They are performers and entertainers, not just singers, and when they are on stage their audience will be entertained!\\u00a0<a href=\\\"http:\\/\\/www.gordiewestband.com\\\">www.gordiewestband.com<\\/a><\\/p>\\r\\n<p>\\u00a0<\\/p>\\r\\n<p><strong>Mike Puhallo<\\/strong>\\u00a0was a widely published cowboy poet and was one of the very few Cowboy Poets in the world to actually make a big part of his living from his cowboy poetry. You can visit Mike\'s web site at <a href=\\\"http:\\/\\/www.mikepuhallo.com\\\">www.mikepuhallo.com<\\/a>. Mike also has CDs, tapes, and books of cowboy poetry for sale!<\\/p>\\r\\n<p>\\u00a0<\\/p>\\r\\n<p><strong>Hugh McLennan<\\/strong> - the voice of \\\"The Spirit of the West\\\" radio show! Hugh delivers keynote addresses, speeches, and inspirational messages to audiences all over North America! You can hear the radio show on-line, read about Hugh, and\\/or find out how you can join him and his wife Billie on a Cruise! You can also listen to the \\\"Spirit of the West\\\" radio show in Windows Media right here at: <a href=\\\"http:\\/\\/www.hugh-mclennan.com\\\">www.hugh-mclennan.com<\\/a>.<\\/p>\\r\\n<p>\\u00a0<\\/p>\\r\\n<p>The <strong>Alberta Cowboy Poetry Association<\\/strong> was established in 1987 to promote and preserve our rich western heritage through cowboy poetry, western music, and story telling. If you\'re looking for good clean Western \\/ Cowboy Entertainment for a private function, gathering or festival, or any kind of event, then you\'ll find it here. You\'ll also find a good selection of CDs, books and DVDs in the General Store and a list of events on the Gatherings Page ... all at:\\u00a0<a href=\\\"http:\\/\\/www.albertacowboypoetry.com\\\">www.albertacowboypoetry.com<\\/a><\\/p>\\r\\n<p>\\u00a0<\\/p>\\r\\n<p><strong>\\u00a0 PHOTOGRAPHY AND VIDEO PRODUCTION<\\/strong><\\/p>\\r\\n<p>\\u00a0<\\/p>\\r\\n<p>For the best in pet, livestock, and animal performance photography, look for our friends at <strong>Creature Focus Photography<\\/strong>. \\u00a0Check out their portfolio at\\u00a0<a href=\\\"http:\\/\\/creaturefocusphotography.org\\\">http:\\/\\/creaturefocusphotography.org<\\/a><\\/p>\\r\\n<p>\\u00a0<\\/p>\\r\\n<p>Want to launch your business, or improve it\'s market share? \\u00a0If you\'d like to showcase you and your interests with video, call <strong>MTMB Productions<\\/strong>! \\u00a0Their site is full of info and ideas, as well as links to their work so you can see what you are getting- world class videography! \\u00a0<a href=\\\"http:\\/\\/www.mtmbproductions.com\\\">www.mtmbproductions.com<\\/a><\\/p>\\r\\n<p>\\u00a0<\\/p>\\r\\n<p>\\u00a0\\u00a0<strong>SOCIETIES AND NON-PROFIT GROUPS<\\/strong><\\/p>\\r\\n<p>\\u00a0<\\/p>\\r\\n<p><strong>The Farm Kids Scholarship Fund<\\/strong> is a not for profit organization whose purpose is the creation of a scholarship fund for rural youth in British Columbia. \\u00a0We are very proud to support this group- see what they are all about at\\u00a0<a href=\\\"http:\\/\\/www.farmkidsfund.ca\\\">http:\\/\\/www.farmkidsfund.ca<\\/a><\\/p>\\r\\n<p>\\u00a0<\\/p>\\r\\n<p>\\u00a0<strong>The BC Cowboy Heritage Society<\\/strong> - <a href=\\\"http:\\/\\/www.bcchs.com\\\">www.bcchs.com<\\/a>\\u00a0- has a mandate to preserve and promote cowboy heritage in BC. The Society also puts on the Kamloops Cowboy Festival and they started and run the BC Cowboy Hall of Fame!<\\/p>\\r\\n<p>\\u00a0<\\/p>\\r\\n<p><strong>Museum of ther Cariboo Chilcotin\\u00a0<\\/strong>-\\u00a0A BC Cowboy, Ranching, and Rodeo Museum! One of the few museums that is dedicated to featuring cowboys, ranching, and rodeo. It also has sections on Williams Lake, BC. <a href=\\\"http:\\/\\/www.cowboy-museum.com\\\">www.cowboy-museum.com<\\/a>.<\\/p>\\r\\n<p>\\u00a0<\\/p>\\r\\n<p><strong>\\u00a0RANCHES<\\/strong><\\/p>\\r\\n<p>\\u00a0<\\/p>\\r\\n<p><strong>Meadow Springs Ranch<\\/strong> is a small working ranch that takes in guests in the South Cariboo, BC. They do trail rides and other horseback riding and have cabins to rent. See their wesite at:\\u00a0<a href=\\\"http:\\/\\/www.meadowsprings.com\\\">www.meadowsprings.com<\\/a><\\/p>\\r\\n<p>\\u00a0<\\/p>\\r\\n<p><strong>Watch Lake Lodge and Guest Ranch<\\/strong> - more than just a Dude Ranch. They rent original log cabins, have great rainbow trout fishing available, and do Trail Rides and Horseback Riding. Located at Watch Lake in the beautiful South Cariboo, British Columbia, Canada!\\u00a0<a href=\\\"http:\\/\\/www.watchlake.com\\\">www.watchlake.com<\\/a><\\/p>\\r\\n<p>\\u00a0<\\/p>\\r\\n<p><strong>\\u00a0VENUES<\\/strong><\\/p>\\r\\n<p><strong>The Westbank Country Opry<\\/strong>\\u00a0is the longest running live music show in Canada\'s Okanagan Valley- a great time with great musicians. \\u00a0Visit their site for dates and times!\\u00a0<a href=\\\"http:\\/\\/www.westbankcountryopry.com\\\">http:\\/\\/www.westbankcountryopry.com<\\/a><\\/p>\\r\\n<p>Refreshments for the heat of summer and\\/or the cold of winter at the <strong>Dusty Rose Pub<\\/strong>! They\'re right at the turn off to Green Lake and cater to lake goers in the summer and snowmobiles in the winter as well as locals all year round. \\u00a0Live music too!<\\/p>\",\"fulltext\":\"\",\"state\":1,\"catid\":\"8\",\"created\":\"2014-10-08 20:35:22\",\"created_by\":\"319\",\"created_by_alias\":\"\",\"modified\":\"2018-01-15 07:03:56\",\"modified_by\":\"320\",\"checked_out\":\"320\",\"checked_out_time\":\"2018-01-15 07:03:25\",\"publish_up\":\"2014-10-08 20:35:22\",\"publish_down\":\"0000-00-00 00:00:00\",\"images\":\"{\\\"image_intro\\\":\\\"\\\",\\\"float_intro\\\":\\\"\\\",\\\"image_intro_alt\\\":\\\"\\\",\\\"image_intro_caption\\\":\\\"\\\",\\\"image_fulltext\\\":\\\"\\\",\\\"float_fulltext\\\":\\\"\\\",\\\"image_fulltext_alt\\\":\\\"\\\",\\\"image_fulltext_caption\\\":\\\"\\\"}\",\"urls\":\"{\\\"urla\\\":false,\\\"urlatext\\\":\\\"\\\",\\\"targeta\\\":\\\"\\\",\\\"urlb\\\":false,\\\"urlbtext\\\":\\\"\\\",\\\"targetb\\\":\\\"\\\",\\\"urlc\\\":false,\\\"urlctext\\\":\\\"\\\",\\\"targetc\\\":\\\"\\\"}\",\"attribs\":\"{\\\"article_layout\\\":\\\"\\\",\\\"show_title\\\":\\\"\\\",\\\"link_titles\\\":\\\"\\\",\\\"show_tags\\\":\\\"\\\",\\\"show_intro\\\":\\\"\\\",\\\"info_block_position\\\":\\\"\\\",\\\"info_block_show_title\\\":\\\"\\\",\\\"show_category\\\":\\\"\\\",\\\"link_category\\\":\\\"\\\",\\\"show_parent_category\\\":\\\"\\\",\\\"link_parent_category\\\":\\\"\\\",\\\"show_associations\\\":\\\"\\\",\\\"show_author\\\":\\\"\\\",\\\"link_author\\\":\\\"\\\",\\\"show_create_date\\\":\\\"\\\",\\\"show_modify_date\\\":\\\"\\\",\\\"show_publish_date\\\":\\\"\\\",\\\"show_item_navigation\\\":\\\"\\\",\\\"show_icons\\\":\\\"\\\",\\\"show_print_icon\\\":\\\"\\\",\\\"show_email_icon\\\":\\\"\\\",\\\"show_vote\\\":\\\"\\\",\\\"show_hits\\\":\\\"\\\",\\\"show_noauth\\\":\\\"\\\",\\\"urls_position\\\":\\\"\\\",\\\"alternative_readmore\\\":\\\"\\\",\\\"article_page_title\\\":\\\"\\\",\\\"show_publishing_options\\\":\\\"\\\",\\\"show_article_options\\\":\\\"\\\",\\\"show_urls_images_backend\\\":\\\"\\\",\\\"show_urls_images_frontend\\\":\\\"\\\"}\",\"version\":7,\"ordering\":\"0\",\"metakey\":\"\",\"metadesc\":\"\",\"access\":\"1\",\"hits\":\"3940\",\"metadata\":\"{\\\"robots\\\":\\\"\\\",\\\"author\\\":\\\"\\\",\\\"rights\\\":\\\"\\\",\\\"xreference\\\":\\\"\\\"}\",\"featured\":\"0\",\"language\":\"*\",\"xreference\":\"\"}', 0);

-- --------------------------------------------------------

--
-- Table structure for table `joom_updates`
--

CREATE TABLE `joom_updates` (
  `update_id` int(11) NOT NULL,
  `update_site_id` int(11) DEFAULT '0',
  `extension_id` int(11) DEFAULT '0',
  `name` varchar(100) COLLATE utf8mb4_unicode_ci DEFAULT '',
  `description` mediumtext COLLATE utf8mb4_unicode_ci NOT NULL,
  `element` varchar(100) COLLATE utf8mb4_unicode_ci DEFAULT '',
  `type` varchar(20) COLLATE utf8mb4_unicode_ci DEFAULT '',
  `folder` varchar(20) COLLATE utf8mb4_unicode_ci DEFAULT '',
  `client_id` tinyint(3) DEFAULT '0',
  `version` varchar(32) COLLATE utf8mb4_unicode_ci DEFAULT '',
  `data` mediumtext COLLATE utf8mb4_unicode_ci NOT NULL,
  `detailsurl` mediumtext COLLATE utf8mb4_unicode_ci NOT NULL,
  `infourl` mediumtext COLLATE utf8mb4_unicode_ci NOT NULL,
  `extra_query` varchar(1000) COLLATE utf8mb4_unicode_ci DEFAULT ''
) ENGINE=InnoDB DEFAULT CHARSET=utf8mb4 COLLATE=utf8mb4_unicode_ci COMMENT='Available Updates';

--
-- Dumping data for table `joom_updates`
--

INSERT INTO `joom_updates` (`update_id`, `update_site_id`, `extension_id`, `name`, `description`, `element`, `type`, `folder`, `client_id`, `version`, `data`, `detailsurl`, `infourl`, `extra_query`) VALUES
(5, 16, 0, 'FOF 3.x Stable', 'FOF 3.x Stable', 'lib_fof30', 'library', '', 1, '3.3.9', '', 'http://cdn.akeebabackup.com/updates/fof3.xml', 'https://www.akeebabackup.com/component/ars/?view=Items&release_id=2966', ''),
(1296, 3, 0, 'Armenian', '', 'pkg_hy-AM', 'package', '', 0, '3.4.4.1', '', 'https://update.joomla.org/language/details3/hy-AM_details.xml', '', ''),
(1297, 3, 0, 'Malay', '', 'pkg_ms-MY', 'package', '', 0, '3.4.1.2', '', 'https://update.joomla.org/language/details3/ms-MY_details.xml', '', ''),
(1298, 3, 0, 'Romanian', '', 'pkg_ro-RO', 'package', '', 0, '3.9.25.1', '', 'https://update.joomla.org/language/details3/ro-RO_details.xml', '', ''),
(1299, 3, 0, 'Flemish', '', 'pkg_nl-BE', 'package', '', 0, '3.9.26.1', '', 'https://update.joomla.org/language/details3/nl-BE_details.xml', '', ''),
(1300, 3, 0, 'Chinese Traditional', '', 'pkg_zh-TW', 'package', '', 0, '3.8.0.1', '', 'https://update.joomla.org/language/details3/zh-TW_details.xml', '', ''),
(1301, 3, 0, 'French', '', 'pkg_fr-FR', 'package', '', 0, '3.9.26.1', '', 'https://update.joomla.org/language/details3/fr-FR_details.xml', '', ''),
(1302, 3, 0, 'Galician', '', 'pkg_gl-ES', 'package', '', 0, '3.3.1.2', '', 'https://update.joomla.org/language/details3/gl-ES_details.xml', '', ''),
(1303, 3, 0, 'Georgian', '', 'pkg_ka-GE', 'package', '', 0, '3.9.26.1', '', 'https://update.joomla.org/language/details3/ka-GE_details.xml', '', ''),
(1304, 3, 0, 'Greek', '', 'pkg_el-GR', 'package', '', 0, '3.9.26.1', '', 'https://update.joomla.org/language/details3/el-GR_details.xml', '', ''),
(1305, 3, 0, 'Japanese', '', 'pkg_ja-JP', 'package', '', 0, '3.9.26.1', '', 'https://update.joomla.org/language/details3/ja-JP_details.xml', '', ''),
(1306, 3, 0, 'Hebrew', '', 'pkg_he-IL', 'package', '', 0, '3.1.1.2', '', 'https://update.joomla.org/language/details3/he-IL_details.xml', '', ''),
(1307, 3, 0, 'Bengali', '', 'pkg_bn-BD', 'package', '', 0, '3.8.10.1', '', 'https://update.joomla.org/language/details3/bn-BD_details.xml', '', ''),
(1308, 3, 0, 'Hungarian', '', 'pkg_hu-HU', 'package', '', 0, '3.9.19.1', '', 'https://update.joomla.org/language/details3/hu-HU_details.xml', '', ''),
(1309, 3, 0, 'Afrikaans', '', 'pkg_af-ZA', 'package', '', 0, '3.9.16.1', '', 'https://update.joomla.org/language/details3/af-ZA_details.xml', '', ''),
(1310, 3, 0, 'Arabic Unitag', '', 'pkg_ar-AA', 'package', '', 0, '3.9.25.1', '', 'https://update.joomla.org/language/details3/ar-AA_details.xml', '', ''),
(1311, 3, 0, 'Belarusian', '', 'pkg_be-BY', 'package', '', 0, '3.2.1.2', '', 'https://update.joomla.org/language/details3/be-BY_details.xml', '', ''),
(1312, 3, 0, 'Bulgarian', '', 'pkg_bg-BG', 'package', '', 0, '3.6.5.2', '', 'https://update.joomla.org/language/details3/bg-BG_details.xml', '', ''),
(1313, 3, 0, 'Catalan', '', 'pkg_ca-ES', 'package', '', 0, '3.9.23.1', '', 'https://update.joomla.org/language/details3/ca-ES_details.xml', '', ''),
(1314, 3, 0, 'Chinese Simplified', '', 'pkg_zh-CN', 'package', '', 0, '3.9.26.1', '', 'https://update.joomla.org/language/details3/zh-CN_details.xml', '', ''),
(1315, 3, 0, 'Croatian', '', 'pkg_hr-HR', 'package', '', 0, '3.9.26.1', '', 'https://update.joomla.org/language/details3/hr-HR_details.xml', '', ''),
(1316, 3, 0, 'Czech', '', 'pkg_cs-CZ', 'package', '', 0, '3.9.26.1', '', 'https://update.joomla.org/language/details3/cs-CZ_details.xml', '', ''),
(1317, 3, 0, 'Danish', '', 'pkg_da-DK', 'package', '', 0, '3.9.26.1', '', 'https://update.joomla.org/language/details3/da-DK_details.xml', '', ''),
(1318, 3, 0, 'Dutch', '', 'pkg_nl-NL', 'package', '', 0, '3.9.26.1', '', 'https://update.joomla.org/language/details3/nl-NL_details.xml', '', ''),
(1319, 3, 0, 'Esperanto', '', 'pkg_eo-XX', 'package', '', 0, '3.8.11.1', '', 'https://update.joomla.org/language/details3/eo-XX_details.xml', '', ''),
(1320, 3, 0, 'Estonian', '', 'pkg_et-EE', 'package', '', 0, '3.9.21.1', '', 'https://update.joomla.org/language/details3/et-EE_details.xml', '', ''),
(1321, 3, 0, 'Italian', '', 'pkg_it-IT', 'package', '', 0, '3.9.26.1', '', 'https://update.joomla.org/language/details3/it-IT_details.xml', '', ''),
(1322, 3, 0, 'Khmer', '', 'pkg_km-KH', 'package', '', 0, '3.4.5.1', '', 'https://update.joomla.org/language/details3/km-KH_details.xml', '', ''),
(1323, 3, 0, 'Korean', '', 'pkg_ko-KR', 'package', '', 0, '3.8.9.1', '', 'https://update.joomla.org/language/details3/ko-KR_details.xml', '', ''),
(1324, 3, 0, 'Latvian', '', 'pkg_lv-LV', 'package', '', 0, '3.9.25.2', '', 'https://update.joomla.org/language/details3/lv-LV_details.xml', '', ''),
(1325, 3, 0, 'Lithuanian', '', 'pkg_lt-LT', 'package', '', 0, '3.9.16.1', '', 'https://update.joomla.org/language/details3/lt-LT_details.xml', '', ''),
(1326, 3, 0, 'Macedonian', '', 'pkg_mk-MK', 'package', '', 0, '3.6.5.1', '', 'https://update.joomla.org/language/details3/mk-MK_details.xml', '', ''),
(1327, 3, 0, 'Norwegian Bokmal', '', 'pkg_nb-NO', 'package', '', 0, '3.9.26.1', '', 'https://update.joomla.org/language/details3/nb-NO_details.xml', '', ''),
(1328, 3, 0, 'Norwegian Nynorsk', '', 'pkg_nn-NO', 'package', '', 0, '3.4.2.1', '', 'https://update.joomla.org/language/details3/nn-NO_details.xml', '', ''),
(1329, 3, 0, 'Persian', '', 'pkg_fa-IR', 'package', '', 0, '3.9.26.1', '', 'https://update.joomla.org/language/details3/fa-IR_details.xml', '', ''),
(1330, 3, 0, 'Polish', '', 'pkg_pl-PL', 'package', '', 0, '3.9.25.2', '', 'https://update.joomla.org/language/details3/pl-PL_details.xml', '', ''),
(1331, 3, 0, 'Portuguese', '', 'pkg_pt-PT', 'package', '', 0, '3.9.15.1', '', 'https://update.joomla.org/language/details3/pt-PT_details.xml', '', ''),
(1332, 3, 0, 'Russian', '', 'pkg_ru-RU', 'package', '', 0, '3.9.24.1', '', 'https://update.joomla.org/language/details3/ru-RU_details.xml', '', ''),
(1333, 3, 0, 'English AU', '', 'pkg_en-AU', 'package', '', 0, '3.9.26.1', '', 'https://update.joomla.org/language/details3/en-AU_details.xml', '', ''),
(1334, 3, 0, 'Slovak', '', 'pkg_sk-SK', 'package', '', 0, '3.9.26.1', '', 'https://update.joomla.org/language/details3/sk-SK_details.xml', '', ''),
(1335, 3, 0, 'English US', '', 'pkg_en-US', 'package', '', 0, '3.9.26.1', '', 'https://update.joomla.org/language/details3/en-US_details.xml', '', ''),
(1336, 3, 0, 'Swedish', '', 'pkg_sv-SE', 'package', '', 0, '3.9.26.1', '', 'https://update.joomla.org/language/details3/sv-SE_details.xml', '', ''),
(1337, 3, 0, 'Syriac', '', 'pkg_sy-IQ', 'package', '', 0, '3.4.5.1', '', 'https://update.joomla.org/language/details3/sy-IQ_details.xml', '', ''),
(1338, 3, 0, 'Tamil', '', 'pkg_ta-IN', 'package', '', 0, '3.9.26.1', '', 'https://update.joomla.org/language/details3/ta-IN_details.xml', '', ''),
(1339, 3, 0, 'Thai', '', 'pkg_th-TH', 'package', '', 0, '3.9.26.1', '', 'https://update.joomla.org/language/details3/th-TH_details.xml', '', ''),
(1340, 3, 0, 'Turkish', '', 'pkg_tr-TR', 'package', '', 0, '3.9.4.1', '', 'https://update.joomla.org/language/details3/tr-TR_details.xml', '', ''),
(1341, 3, 0, 'Ukrainian', '', 'pkg_uk-UA', 'package', '', 0, '3.9.24.1', '', 'https://update.joomla.org/language/details3/uk-UA_details.xml', '', ''),
(1342, 3, 0, 'Uyghur', '', 'pkg_ug-CN', 'package', '', 0, '3.7.5.2', '', 'https://update.joomla.org/language/details3/ug-CN_details.xml', '', ''),
(1343, 3, 0, 'Albanian', '', 'pkg_sq-AL', 'package', '', 0, '3.1.1.2', '', 'https://update.joomla.org/language/details3/sq-AL_details.xml', '', ''),
(1344, 3, 0, 'Basque', '', 'pkg_eu-ES', 'package', '', 0, '3.9.24.1', '', 'https://update.joomla.org/language/details3/eu-ES_details.xml', '', ''),
(1345, 3, 0, 'Hindi', '', 'pkg_hi-IN', 'package', '', 0, '3.3.6.2', '', 'https://update.joomla.org/language/details3/hi-IN_details.xml', '', ''),
(1346, 3, 0, 'German DE', '', 'pkg_de-DE', 'package', '', 0, '3.9.26.2', '', 'https://update.joomla.org/language/details3/de-DE_details.xml', '', ''),
(1347, 3, 0, 'Portuguese Brazil', '', 'pkg_pt-BR', 'package', '', 0, '3.9.21.1', '', 'https://update.joomla.org/language/details3/pt-BR_details.xml', '', ''),
(1348, 3, 0, 'Serbian Latin', '', 'pkg_sr-YU', 'package', '', 0, '3.9.26.1', '', 'https://update.joomla.org/language/details3/sr-YU_details.xml', '', ''),
(1349, 3, 0, 'Spanish', '', 'pkg_es-ES', 'package', '', 0, '3.9.18.1', '', 'https://update.joomla.org/language/details3/es-ES_details.xml', '', ''),
(1350, 3, 0, 'Bosnian', '', 'pkg_bs-BA', 'package', '', 0, '3.9.24.1', '', 'https://update.joomla.org/language/details3/bs-BA_details.xml', '', ''),
(1351, 3, 0, 'Serbian Cyrillic', '', 'pkg_sr-RS', 'package', '', 0, '3.9.26.1', '', 'https://update.joomla.org/language/details3/sr-RS_details.xml', '', ''),
(1352, 3, 0, 'Vietnamese', '', 'pkg_vi-VN', 'package', '', 0, '3.2.1.2', '', 'https://update.joomla.org/language/details3/vi-VN_details.xml', '', ''),
(1353, 3, 0, 'Bahasa Indonesia', '', 'pkg_id-ID', 'package', '', 0, '3.6.2.1', '', 'https://update.joomla.org/language/details3/id-ID_details.xml', '', ''),
(1354, 3, 0, 'Finnish', '', 'pkg_fi-FI', 'package', '', 0, '3.9.16.1', '', 'https://update.joomla.org/language/details3/fi-FI_details.xml', '', ''),
(1355, 3, 0, 'Swahili', '', 'pkg_sw-KE', 'package', '', 0, '3.9.26.1', '', 'https://update.joomla.org/language/details3/sw-KE_details.xml', '', ''),
(1356, 3, 0, 'Montenegrin', '', 'pkg_srp-ME', 'package', '', 0, '3.3.1.2', '', 'https://update.joomla.org/language/details3/srp-ME_details.xml', '', ''),
(1357, 3, 0, 'English CA', '', 'pkg_en-CA', 'package', '', 0, '3.9.26.1', '', 'https://update.joomla.org/language/details3/en-CA_details.xml', '', ''),
(1358, 3, 0, 'French CA', '', 'pkg_fr-CA', 'package', '', 0, '3.6.5.1', '', 'https://update.joomla.org/language/details3/fr-CA_details.xml', '', ''),
(1359, 3, 0, 'Welsh', '', 'pkg_cy-GB', 'package', '', 0, '3.9.26.1', '', 'https://update.joomla.org/language/details3/cy-GB_details.xml', '', ''),
(1360, 3, 0, 'Sinhala', '', 'pkg_si-LK', 'package', '', 0, '3.3.1.2', '', 'https://update.joomla.org/language/details3/si-LK_details.xml', '', ''),
(1361, 3, 0, 'Dari Persian', '', 'pkg_prs-AF', 'package', '', 0, '3.4.4.3', '', 'https://update.joomla.org/language/details3/prs-AF_details.xml', '', ''),
(1362, 3, 0, 'Turkmen', '', 'pkg_tk-TM', 'package', '', 0, '3.5.0.2', '', 'https://update.joomla.org/language/details3/tk-TM_details.xml', '', ''),
(1363, 3, 0, 'Irish', '', 'pkg_ga-IE', 'package', '', 0, '3.8.13.1', '', 'https://update.joomla.org/language/details3/ga-IE_details.xml', '', ''),
(1364, 3, 0, 'Dzongkha', '', 'pkg_dz-BT', 'package', '', 0, '3.6.2.1', '', 'https://update.joomla.org/language/details3/dz-BT_details.xml', '', ''),
(1365, 3, 0, 'Slovenian', '', 'pkg_sl-SI', 'package', '', 0, '3.9.26.1', '', 'https://update.joomla.org/language/details3/sl-SI_details.xml', '', ''),
(1366, 3, 0, 'Spanish CO', '', 'pkg_es-CO', 'package', '', 0, '3.9.15.1', '', 'https://update.joomla.org/language/details3/es-CO_details.xml', '', ''),
(1367, 3, 0, 'German CH', '', 'pkg_de-CH', 'package', '', 0, '3.9.26.2', '', 'https://update.joomla.org/language/details3/de-CH_details.xml', '', ''),
(1368, 3, 0, 'German AT', '', 'pkg_de-AT', 'package', '', 0, '3.9.26.2', '', 'https://update.joomla.org/language/details3/de-AT_details.xml', '', ''),
(1369, 3, 0, 'German LI', '', 'pkg_de-LI', 'package', '', 0, '3.9.26.2', '', 'https://update.joomla.org/language/details3/de-LI_details.xml', '', ''),
(1370, 3, 0, 'German LU', '', 'pkg_de-LU', 'package', '', 0, '3.9.26.2', '', 'https://update.joomla.org/language/details3/de-LU_details.xml', '', ''),
(1371, 3, 0, 'English NZ', '', 'pkg_en-NZ', 'package', '', 0, '3.9.26.1', '', 'https://update.joomla.org/language/details3/en-NZ_details.xml', '', ''),
(1372, 3, 0, 'Kazakh', '', 'pkg_kk-KZ', 'package', '', 0, '3.9.23.1', '', 'https://update.joomla.org/language/details3/kk-KZ_details.xml', '', ''),
(1373, 5, 0, 'RokSprocket Module', '', 'mod_roksprocket', 'module', '', 0, '2.1.28', '0802', 'http://updates.rockettheme.com/joomla/138/b61e70db', '', ''),
(1374, 5, 0, 'RokCommon Plugin', '', '', 'plugin', '', 0, '3.2.9', '0802', 'http://updates.rockettheme.com/joomla/138/2084920890', '', ''),
(1375, 5, 10011, 'RokGallery Extension', '', 'mod_rokgallery', 'module', '', 0, '2.46', '0802', 'http://updates.rockettheme.com/joomla/286/21ffe006', '', ''),
(1376, 5, 0, 'RokCommon Plugin', '', '', 'plugin', '', 0, '3.2.9', '0802', 'http://updates.rockettheme.com/joomla/286/326466299', '', ''),
(1377, 5, 0, 'RokBooster Plugin', '', 'rokbooster', 'plugin', 'system', 0, '1.1.19', '0802', 'http://updates.rockettheme.com/joomla/287/cb577720', '', ''),
(1378, 5, 0, 'RokAjaxSearch Module', '', 'mod_rokajaxsearch', 'module', '', 0, '2.0.6', '0802', 'http://updates.rockettheme.com/joomla/290/1d5a0af1', '', ''),
(1379, 5, 0, 'RokWeather Module', '', 'mod_rokweather', 'module', '', 0, '2.0.4', '0802', 'http://updates.rockettheme.com/joomla/292/a0cbba72', '', ''),
(1380, 5, 0, 'RokStock Module', '', 'mod_rokstock', 'module', '', 0, '2.0.3', '0802', 'http://updates.rockettheme.com/joomla/295/87c1121c', '', ''),
(1381, 5, 0, 'RokMiniEvents3 Module', '', 'mod_rokminievents3', 'module', '', 0, '3.0.3', '0802', 'http://updates.rockettheme.com/joomla/297/1686051690', '', ''),
(1382, 5, 0, 'RokQuickCart Extension', '', 'com_rokquickcart', 'component', '', 1, '2.1.5', '0802', 'http://updates.rockettheme.com/joomla/298/ddfa10eb', '', ''),
(1383, 5, 0, 'RokPad Plugin', '', 'rokpad', 'plugin', 'editors', 0, '2.1.10', '0802', 'http://updates.rockettheme.com/joomla/299/e07875c9', '', ''),
(1384, 5, 0, 'RokBox Plugin', '', 'rokbox', 'plugin', 'system', 0, '2.0.16', '0802', 'http://updates.rockettheme.com/joomla/301/dfc993d8', '', ''),
(1385, 5, 0, 'RokCandy Extension', '', 'rokcandy', 'plugin', 'system', 0, '2.0.4', '0802', 'http://updates.rockettheme.com/joomla/302/2df8a4e2', '', ''),
(1386, 5, 0, 'RokComments Plugin', '', 'rokcomments', 'plugin', 'content', 0, '2.0.3', '0802', 'http://updates.rockettheme.com/joomla/303/d1fd7b76', '', ''),
(1387, 5, 0, 'RokGallery', '', '', 'component', '', 0, '2.46', '0802', 'http://updates.rockettheme.com/joomla/313/1985305838', '', ''),
(1388, 5, 0, 'RokStories Module', '', 'mod_rokstories', 'module', '', 0, '1.15', '0802', 'http://updates.rockettheme.com/joomla/313/1724592219', '', ''),
(1389, 5, 0, 'RokFeatureTable Module', '', 'mod_rokfeaturetable', 'module', '', 0, '1.7', '0802', 'http://updates.rockettheme.com/joomla/313/1929450724', '', ''),
(1390, 5, 0, 'RokTabs Module', '', 'mod_roktabs', 'module', '', 0, '1.14', '0802', 'http://updates.rockettheme.com/joomla/313/1338024578', '', ''),
(1391, 5, 0, 'RokNewsPager Module', '', 'mod_roknewspager', 'module', '', 0, '2.0.2', '0802', 'http://updates.rockettheme.com/joomla/313/632659459', '', ''),
(1392, 5, 0, 'RokNewsFlash Module', '', 'mod_roknewsflash', 'module', '', 0, '2.0.1', '0802', 'http://updates.rockettheme.com/joomla/313/902599661', '', ''),
(1393, 5, 0, 'RokContentRotator Module', '', 'mod_rokcontentrotator', 'module', '', 0, '2.0.2', '0802', 'http://updates.rockettheme.com/joomla/313/483184226', '', ''),
(1394, 5, 0, 'RokIntroScroller Module', '', 'mod_rokintroscroller', 'module', '', 0, '1.1', '0802', 'http://updates.rockettheme.com/joomla/313/1559131823', '', ''),
(1395, 5, 0, 'RokStock', '', '', 'module', '', 0, '2.0.3', '0802', 'http://updates.rockettheme.com/joomla/313/983093075', '', ''),
(1396, 5, 0, 'RokWeather', '', '', 'module', '', 0, '2.0.4', '0802', 'http://updates.rockettheme.com/joomla/313/1307741342', '', ''),
(1397, 5, 0, 'RokQuickCart', '', '', 'component', '', 0, '2.1.5', '0802', 'http://updates.rockettheme.com/joomla/313/1089655497', '', ''),
(1398, 5, 0, 'RokMiniEvents', '', '', 'module', '', 0, '3.0.3', '0802', 'http://updates.rockettheme.com/joomla/313/1301311221', '', ''),
(1399, 5, 0, 'RokComments', '', '', 'plugin', '', 0, '2.0.3', '0802', 'http://updates.rockettheme.com/joomla/313/2049982768', '', ''),
(1400, 5, 0, 'RokCheck (Template Version Check)', '', '', 'module', '', 1, '1.0.0', '0802', 'http://updates.rockettheme.com/joomla/381/791616223', '', ''),
(1401, 5, 0, 'RokCommon Plugin', '', '', 'plugin', '', 0, '3.2.9', '0802', 'http://updates.rockettheme.com/joomla/381/337128173', '', ''),
(1402, 5, 0, 'RokSocialButtons Plugin', '', 'roksocialbuttons', 'plugin', 'content', 0, '1.5.3', '0802', 'http://updates.rockettheme.com/joomla/381/269989291', '', ''),
(1403, 5, 0, 'RokCommon', '', 'pkg_rokcommon', 'package', '', 0, '3.2.9', '0802', 'http://updates.rockettheme.com/joomla/559/1033ef39', '', ''),
(1404, 11, 801, 'Weblinks Extension Package', 'Joomla! CMS Weblinks Package', 'pkg_weblinks', 'package', '', 0, '3.7.0', '', 'https://raw.githubusercontent.com/joomla-extensions/weblinks/master/manifest.xml', 'https://github.com/joomla-extensions/weblinks/releases/tag/3.7.0', ''),
(1405, 12, 0, 'Gantry 4', 'Gantry 4 Framework', 'pkg_gantry', 'package', '', 0, '4.1.43', '', 'http://updates.gantry.org/4.0/joomla/pkg_gantry.xml', 'http://www.gantry.org', ''),
(1406, 15, 10022, 'Akeeba Backup Core package', '', 'pkg_akeeba', 'package', '', 0, '8.0.4', '', 'https://cdn.akeebabackup.com/updates/pkgakeebacore.xml', 'https://www.akeeba.com/download/akeeba-backup/8-0-4.html', ''),
(1407, 17, 10029, 'Akeeba Frontend Framework (FEF)', '', 'file_fef', 'file', '', 0, '2.0.2', '', 'http://cdn.akeebabackup.com/updates/fef.xml', 'https://www.akeeba.com/download/fef/2-0-2.html', ''),
(1408, 18, 10030, 'FOF 3.x Stable', '', 'file_fof30', 'file', '', 0, '3.7.4', '', 'http://cdn.akeebabackup.com/updates/fof3_file.xml', 'https://www.akeeba.com/download/fof3/3-7-4.html', ''),
(1432, 1, 700, 'Joomla', '', 'joomla', 'file', '', 0, '3.9.26', '', 'https://update.joomla.org/core/sts/extension_sts.xml', '', '');

-- --------------------------------------------------------

--
-- Table structure for table `joom_update_sites`
--

CREATE TABLE `joom_update_sites` (
  `update_site_id` int(11) NOT NULL,
  `name` varchar(100) COLLATE utf8mb4_unicode_ci DEFAULT '',
  `type` varchar(20) COLLATE utf8mb4_unicode_ci DEFAULT '',
  `location` mediumtext COLLATE utf8mb4_unicode_ci NOT NULL,
  `enabled` int(11) DEFAULT '0',
  `last_check_timestamp` bigint(20) DEFAULT '0',
  `extra_query` varchar(1000) COLLATE utf8mb4_unicode_ci DEFAULT ''
) ENGINE=InnoDB DEFAULT CHARSET=utf8mb4 COLLATE=utf8mb4_unicode_ci COMMENT='Update Sites';

--
-- Dumping data for table `joom_update_sites`
--

INSERT INTO `joom_update_sites` (`update_site_id`, `name`, `type`, `location`, `enabled`, `last_check_timestamp`, `extra_query`) VALUES
(1, 'Joomla! Core', 'collection', 'https://update.joomla.org/core/list.xml', 1, 1620674354, ''),
(3, 'Accredited Joomla! Translations', 'collection', 'https://update.joomla.org/language/translationlist_3.xml', 1, 1620162591, ''),
(5, 'RocketTheme Update Directory', 'collection', 'http://updates.rockettheme.com/joomla/updates.xml', 1, 1620162592, ''),
(6, 'Joomla! Update Component Update Site', 'extension', 'https://update.joomla.org/core/extensions/com_joomlaupdate.xml', 1, 1620162592, ''),
(8, 'PLG_JSCSSCONTROL', 'extension', 'https://check.kubik-rubik.de/updates/jscsscontrol.xml', 1, 1620162593, ''),
(11, 'Weblinks Update Site', 'extension', 'https://raw.githubusercontent.com/joomla-extensions/weblinks/master/manifest.xml', 1, 1620162593, ''),
(12, 'Gantry', 'extension', 'http://updates.gantry.org/4.0/joomla/pkg_gantry.xml', 1, 1620162594, ''),
(13, 'Gantry', 'collection', 'http://updates.gantry.org/4.0/joomla/list.xml', 1, 1620162594, ''),
(15, 'Akeeba Backup Core', 'extension', 'https://cdn.akeebabackup.com/updates/pkgakeebacore.xml', 1, 1620162595, ''),
(17, 'Akeeba FEF', 'extension', 'http://cdn.akeebabackup.com/updates/fef.xml', 1, 1620162595, ''),
(18, 'FOF 3.x', 'extension', 'http://cdn.akeebabackup.com/updates/fof3_file.xml', 1, 1620162595, ''),
(19, 'FOF 3.x', 'extension', 'http://cdn.akeeba.com/updates/fof3_file.xml', 1, 1620162595, ''),
(20, 'Akeeba FEF', 'extension', 'http://cdn.akeeba.com/updates/fef.xml', 1, 1620162595, ''),
(21, 'Akeeba Backup Core', 'extension', 'https://cdn.akeeba.com/updates/pkgakeebacore.xml', 1, 1620162596, '');

-- --------------------------------------------------------

--
-- Table structure for table `joom_update_sites_extensions`
--

CREATE TABLE `joom_update_sites_extensions` (
  `update_site_id` int(11) NOT NULL DEFAULT '0',
  `extension_id` int(11) NOT NULL DEFAULT '0'
) ENGINE=MyISAM DEFAULT CHARSET=utf8mb4 COLLATE=utf8mb4_unicode_ci COMMENT='Links extensions to update sites';

--
-- Dumping data for table `joom_update_sites_extensions`
--

INSERT INTO `joom_update_sites_extensions` (`update_site_id`, `extension_id`) VALUES
(1, 700),
(3, 802),
(5, 10006),
(5, 10026),
(6, 28),
(8, 10016),
(11, 801),
(12, 10024),
(13, 10024),
(15, 10022),
(17, 10029),
(18, 10030),
(19, 10030),
(20, 10029),
(21, 10022);

-- --------------------------------------------------------

--
-- Table structure for table `joom_usergroups`
--

CREATE TABLE `joom_usergroups` (
  `id` int(10) UNSIGNED NOT NULL COMMENT 'Primary Key',
  `parent_id` int(10) UNSIGNED NOT NULL DEFAULT '0' COMMENT 'Adjacency List Reference Id',
  `lft` int(11) NOT NULL DEFAULT '0' COMMENT 'Nested set lft.',
  `rgt` int(11) NOT NULL DEFAULT '0' COMMENT 'Nested set rgt.',
  `title` varchar(100) COLLATE utf8mb4_unicode_ci NOT NULL DEFAULT ''
) ENGINE=InnoDB DEFAULT CHARSET=utf8mb4 COLLATE=utf8mb4_unicode_ci;

--
-- Dumping data for table `joom_usergroups`
--

INSERT INTO `joom_usergroups` (`id`, `parent_id`, `lft`, `rgt`, `title`) VALUES
(1, 0, 1, 18, 'Public'),
(2, 1, 8, 15, 'Registered'),
(3, 2, 9, 14, 'Author'),
(4, 3, 10, 13, 'Editor'),
(5, 4, 11, 12, 'Publisher'),
(6, 1, 4, 7, 'Manager'),
(7, 6, 5, 6, 'Administrator'),
(8, 1, 16, 17, 'Super Users'),
(9, 1, 2, 3, 'Guest');

-- --------------------------------------------------------

--
-- Table structure for table `joom_users`
--

CREATE TABLE `joom_users` (
  `id` int(11) NOT NULL,
  `name` varchar(400) COLLATE utf8mb4_unicode_ci NOT NULL DEFAULT '',
  `username` varchar(150) COLLATE utf8mb4_unicode_ci NOT NULL DEFAULT '',
  `email` varchar(100) COLLATE utf8mb4_unicode_ci NOT NULL DEFAULT '',
  `password` varchar(100) COLLATE utf8mb4_unicode_ci NOT NULL DEFAULT '',
  `block` tinyint(4) NOT NULL DEFAULT '0',
  `sendEmail` tinyint(4) DEFAULT '0',
  `registerDate` datetime NOT NULL DEFAULT '0000-00-00 00:00:00',
  `lastvisitDate` datetime NOT NULL DEFAULT '0000-00-00 00:00:00',
  `activation` varchar(100) COLLATE utf8mb4_unicode_ci NOT NULL DEFAULT '',
  `params` mediumtext COLLATE utf8mb4_unicode_ci NOT NULL,
  `lastResetTime` datetime NOT NULL DEFAULT '0000-00-00 00:00:00' COMMENT 'Date of last password reset',
  `resetCount` int(11) NOT NULL DEFAULT '0' COMMENT 'Count of password resets since lastResetTime',
  `otpKey` varchar(1000) COLLATE utf8mb4_unicode_ci NOT NULL DEFAULT '' COMMENT 'Two factor authentication encrypted keys',
  `otep` varchar(1000) COLLATE utf8mb4_unicode_ci NOT NULL DEFAULT '' COMMENT 'One time emergency passwords',
  `requireReset` tinyint(4) NOT NULL DEFAULT '0' COMMENT 'Require user to reset password on next login'
) ENGINE=InnoDB DEFAULT CHARSET=utf8mb4 COLLATE=utf8mb4_unicode_ci;

--
-- Dumping data for table `joom_users`
--

INSERT INTO `joom_users` (`id`, `name`, `username`, `email`, `password`, `block`, `sendEmail`, `registerDate`, `lastvisitDate`, `activation`, `params`, `lastResetTime`, `resetCount`, `otpKey`, `otep`, `requireReset`) VALUES
(319, 'Super User', 'admin', 'james@fontispublishing.com', '$2y$10$LdsTqZOHyoTepO91rRqA/OSqgFhdZ8kOiqGX319khLd4Oj/ZYbHfG', 0, 1, '2014-07-24 21:29:11', '2020-12-30 19:52:22', '0', '', '0000-00-00 00:00:00', 0, '', '', 0),
(320, 'Jeremy Willis', 'jeremy', 'jn_willis@mac.com', '$2y$10$GgMHN4XFnCXId/evtWZN5uSvbNys4/7RwnhhCyvTnnhwRFGtGpVM2', 0, 0, '2014-10-08 20:50:00', '2021-05-04 21:13:12', '', '{\"admin_style\":\"\",\"admin_language\":\"\",\"language\":\"\",\"editor\":\"\",\"helpsite\":\"\",\"timezone\":\"\"}', '0000-00-00 00:00:00', 0, '', '', 0);

-- --------------------------------------------------------

--
-- Table structure for table `joom_user_keys`
--

CREATE TABLE `joom_user_keys` (
  `id` int(10) UNSIGNED NOT NULL,
  `user_id` varchar(150) COLLATE utf8mb4_unicode_ci NOT NULL,
  `token` varchar(255) COLLATE utf8mb4_unicode_ci NOT NULL,
  `series` varchar(191) COLLATE utf8mb4_unicode_ci NOT NULL,
  `invalid` tinyint(4) NOT NULL,
  `time` varchar(200) COLLATE utf8mb4_unicode_ci NOT NULL,
  `uastring` varchar(255) COLLATE utf8mb4_unicode_ci NOT NULL
) ENGINE=InnoDB DEFAULT CHARSET=utf8mb4 COLLATE=utf8mb4_unicode_ci;

-- --------------------------------------------------------

--
-- Table structure for table `joom_user_notes`
--

CREATE TABLE `joom_user_notes` (
  `id` int(10) UNSIGNED NOT NULL,
  `user_id` int(10) UNSIGNED NOT NULL DEFAULT '0',
  `catid` int(10) UNSIGNED NOT NULL DEFAULT '0',
  `subject` varchar(100) COLLATE utf8mb4_unicode_ci NOT NULL DEFAULT '',
  `body` mediumtext COLLATE utf8mb4_unicode_ci NOT NULL,
  `state` tinyint(3) NOT NULL DEFAULT '0',
  `checked_out` int(10) UNSIGNED NOT NULL DEFAULT '0',
  `checked_out_time` datetime NOT NULL DEFAULT '0000-00-00 00:00:00',
  `created_user_id` int(10) UNSIGNED NOT NULL DEFAULT '0',
  `created_time` datetime NOT NULL DEFAULT '0000-00-00 00:00:00',
  `modified_user_id` int(10) UNSIGNED NOT NULL,
  `modified_time` datetime NOT NULL DEFAULT '0000-00-00 00:00:00',
  `review_time` datetime NOT NULL DEFAULT '0000-00-00 00:00:00',
  `publish_up` datetime NOT NULL DEFAULT '0000-00-00 00:00:00',
  `publish_down` datetime NOT NULL DEFAULT '0000-00-00 00:00:00'
) ENGINE=InnoDB DEFAULT CHARSET=utf8mb4 COLLATE=utf8mb4_unicode_ci;

-- --------------------------------------------------------

--
-- Table structure for table `joom_user_profiles`
--

CREATE TABLE `joom_user_profiles` (
  `user_id` int(11) NOT NULL,
  `profile_key` varchar(100) COLLATE utf8mb4_unicode_ci NOT NULL,
  `profile_value` mediumtext COLLATE utf8mb4_unicode_ci NOT NULL,
  `ordering` int(11) NOT NULL DEFAULT '0'
) ENGINE=InnoDB DEFAULT CHARSET=utf8mb4 COLLATE=utf8mb4_unicode_ci COMMENT='Simple user profile storage table';

-- --------------------------------------------------------

--
-- Table structure for table `joom_user_usergroup_map`
--

CREATE TABLE `joom_user_usergroup_map` (
  `user_id` int(10) UNSIGNED NOT NULL DEFAULT '0' COMMENT 'Foreign Key to #__users.id',
  `group_id` int(10) UNSIGNED NOT NULL DEFAULT '0' COMMENT 'Foreign Key to #__usergroups.id'
) ENGINE=InnoDB DEFAULT CHARSET=utf8mb4 COLLATE=utf8mb4_unicode_ci;

--
-- Dumping data for table `joom_user_usergroup_map`
--

INSERT INTO `joom_user_usergroup_map` (`user_id`, `group_id`) VALUES
(319, 8),
(320, 2),
(320, 3),
(320, 4),
(320, 5),
(320, 7),
(320, 8);

-- --------------------------------------------------------

--
-- Table structure for table `joom_utf8_conversion`
--

CREATE TABLE `joom_utf8_conversion` (
  `converted` tinyint(4) NOT NULL DEFAULT '0'
) ENGINE=InnoDB DEFAULT CHARSET=utf8mb4 COLLATE=utf8mb4_unicode_ci;

--
-- Dumping data for table `joom_utf8_conversion`
--

INSERT INTO `joom_utf8_conversion` (`converted`) VALUES
(5);

-- --------------------------------------------------------

--
-- Table structure for table `joom_viewlevels`
--

CREATE TABLE `joom_viewlevels` (
  `id` int(10) UNSIGNED NOT NULL COMMENT 'Primary Key',
  `title` varchar(100) COLLATE utf8mb4_unicode_ci NOT NULL DEFAULT '',
  `ordering` int(11) NOT NULL DEFAULT '0',
  `rules` varchar(5120) COLLATE utf8mb4_unicode_ci NOT NULL COMMENT 'JSON encoded access control.'
) ENGINE=InnoDB DEFAULT CHARSET=utf8mb4 COLLATE=utf8mb4_unicode_ci;

--
-- Dumping data for table `joom_viewlevels`
--

INSERT INTO `joom_viewlevels` (`id`, `title`, `ordering`, `rules`) VALUES
(1, 'Public', 0, '[1]'),
(2, 'Registered', 1, '[6,2,8]'),
(3, 'Special', 2, '[6,3,8]'),
(5, 'Guest', 0, '[9]'),
(6, 'Super Users', 0, '[8]');

-- --------------------------------------------------------

--
-- Table structure for table `joom_weblinks`
--

CREATE TABLE `joom_weblinks` (
  `id` int(10) UNSIGNED NOT NULL,
  `catid` int(11) NOT NULL DEFAULT '0',
  `title` varchar(250) COLLATE utf8mb4_unicode_ci NOT NULL DEFAULT '',
  `alias` varchar(400) CHARACTER SET utf8mb4 COLLATE utf8mb4_bin NOT NULL DEFAULT '',
  `url` varchar(250) COLLATE utf8mb4_unicode_ci NOT NULL DEFAULT '',
  `description` mediumtext COLLATE utf8mb4_unicode_ci NOT NULL,
  `hits` int(11) NOT NULL DEFAULT '0',
  `state` tinyint(1) NOT NULL DEFAULT '0',
  `checked_out` int(11) NOT NULL DEFAULT '0',
  `checked_out_time` datetime NOT NULL DEFAULT '0000-00-00 00:00:00',
  `ordering` int(11) NOT NULL DEFAULT '0',
  `access` int(11) NOT NULL DEFAULT '1',
  `params` mediumtext COLLATE utf8mb4_unicode_ci NOT NULL,
  `language` char(7) COLLATE utf8mb4_unicode_ci NOT NULL DEFAULT '',
  `created` datetime NOT NULL DEFAULT '0000-00-00 00:00:00',
  `created_by` int(10) UNSIGNED NOT NULL DEFAULT '0',
  `created_by_alias` varchar(255) COLLATE utf8mb4_unicode_ci NOT NULL DEFAULT '',
  `modified` datetime NOT NULL DEFAULT '0000-00-00 00:00:00',
  `modified_by` int(10) UNSIGNED NOT NULL DEFAULT '0',
  `metakey` mediumtext COLLATE utf8mb4_unicode_ci NOT NULL,
  `metadesc` mediumtext COLLATE utf8mb4_unicode_ci NOT NULL,
  `metadata` mediumtext COLLATE utf8mb4_unicode_ci NOT NULL,
  `featured` tinyint(3) UNSIGNED NOT NULL DEFAULT '0' COMMENT 'Set if link is featured.',
  `xreference` varchar(50) COLLATE utf8mb4_unicode_ci NOT NULL COMMENT 'A reference to enable linkages to external data sets.',
  `publish_up` datetime NOT NULL DEFAULT '0000-00-00 00:00:00',
  `publish_down` datetime NOT NULL DEFAULT '0000-00-00 00:00:00',
  `version` int(10) UNSIGNED NOT NULL DEFAULT '1',
  `images` mediumtext COLLATE utf8mb4_unicode_ci NOT NULL
) ENGINE=InnoDB DEFAULT CHARSET=utf8mb4 COLLATE=utf8mb4_unicode_ci;

--
-- Indexes for dumped tables
--

--
-- Indexes for table `bak_joom_assets`
--
ALTER TABLE `bak_joom_assets`
  ADD PRIMARY KEY (`id`),
  ADD UNIQUE KEY `idx_asset_name` (`name`),
  ADD KEY `idx_lft_rgt` (`lft`,`rgt`),
  ADD KEY `idx_parent_id` (`parent_id`);

--
-- Indexes for table `bak_joom_associations`
--
ALTER TABLE `bak_joom_associations`
  ADD PRIMARY KEY (`context`,`id`),
  ADD KEY `idx_key` (`key`);

--
-- Indexes for table `bak_joom_banners`
--
ALTER TABLE `bak_joom_banners`
  ADD PRIMARY KEY (`id`),
  ADD KEY `idx_state` (`state`),
  ADD KEY `idx_own_prefix` (`own_prefix`),
  ADD KEY `idx_metakey_prefix` (`metakey_prefix`),
  ADD KEY `idx_banner_catid` (`catid`),
  ADD KEY `idx_language` (`language`);

--
-- Indexes for table `bak_joom_banner_clients`
--
ALTER TABLE `bak_joom_banner_clients`
  ADD PRIMARY KEY (`id`),
  ADD KEY `idx_own_prefix` (`own_prefix`),
  ADD KEY `idx_metakey_prefix` (`metakey_prefix`);

--
-- Indexes for table `bak_joom_banner_tracks`
--
ALTER TABLE `bak_joom_banner_tracks`
  ADD PRIMARY KEY (`track_date`,`track_type`,`banner_id`),
  ADD KEY `idx_track_date` (`track_date`),
  ADD KEY `idx_track_type` (`track_type`),
  ADD KEY `idx_banner_id` (`banner_id`);

--
-- Indexes for table `bak_joom_categories`
--
ALTER TABLE `bak_joom_categories`
  ADD PRIMARY KEY (`id`),
  ADD KEY `cat_idx` (`extension`,`published`,`access`),
  ADD KEY `idx_access` (`access`),
  ADD KEY `idx_checkout` (`checked_out`),
  ADD KEY `idx_path` (`path`),
  ADD KEY `idx_left_right` (`lft`,`rgt`),
  ADD KEY `idx_alias` (`alias`),
  ADD KEY `idx_language` (`language`);

--
-- Indexes for table `bak_joom_contact_details`
--
ALTER TABLE `bak_joom_contact_details`
  ADD PRIMARY KEY (`id`),
  ADD KEY `idx_access` (`access`),
  ADD KEY `idx_checkout` (`checked_out`),
  ADD KEY `idx_state` (`published`),
  ADD KEY `idx_catid` (`catid`),
  ADD KEY `idx_createdby` (`created_by`),
  ADD KEY `idx_featured_catid` (`featured`,`catid`),
  ADD KEY `idx_language` (`language`),
  ADD KEY `idx_xreference` (`xreference`);

--
-- Indexes for table `bak_joom_content`
--
ALTER TABLE `bak_joom_content`
  ADD PRIMARY KEY (`id`),
  ADD KEY `idx_access` (`access`),
  ADD KEY `idx_checkout` (`checked_out`),
  ADD KEY `idx_state` (`state`),
  ADD KEY `idx_catid` (`catid`),
  ADD KEY `idx_createdby` (`created_by`),
  ADD KEY `idx_featured_catid` (`featured`,`catid`),
  ADD KEY `idx_language` (`language`),
  ADD KEY `idx_xreference` (`xreference`);

--
-- Indexes for table `bak_joom_content_frontpage`
--
ALTER TABLE `bak_joom_content_frontpage`
  ADD PRIMARY KEY (`content_id`);

--
-- Indexes for table `bak_joom_content_rating`
--
ALTER TABLE `bak_joom_content_rating`
  ADD PRIMARY KEY (`content_id`);

--
-- Indexes for table `bak_joom_extensions`
--
ALTER TABLE `bak_joom_extensions`
  ADD PRIMARY KEY (`extension_id`),
  ADD KEY `element_clientid` (`element`,`client_id`),
  ADD KEY `element_folder_clientid` (`element`,`folder`,`client_id`),
  ADD KEY `extension` (`type`,`element`,`folder`,`client_id`);

--
-- Indexes for table `bak_joom_finder_filters`
--
ALTER TABLE `bak_joom_finder_filters`
  ADD PRIMARY KEY (`filter_id`);

--
-- Indexes for table `bak_joom_finder_links`
--
ALTER TABLE `bak_joom_finder_links`
  ADD PRIMARY KEY (`link_id`),
  ADD KEY `idx_type` (`type_id`),
  ADD KEY `idx_title` (`title`),
  ADD KEY `idx_md5` (`md5sum`),
  ADD KEY `idx_url` (`url`(75)),
  ADD KEY `idx_published_list` (`published`,`state`,`access`,`publish_start_date`,`publish_end_date`,`list_price`),
  ADD KEY `idx_published_sale` (`published`,`state`,`access`,`publish_start_date`,`publish_end_date`,`sale_price`);

--
-- Indexes for table `bak_joom_finder_links_terms0`
--
ALTER TABLE `bak_joom_finder_links_terms0`
  ADD PRIMARY KEY (`link_id`,`term_id`),
  ADD KEY `idx_term_weight` (`term_id`,`weight`),
  ADD KEY `idx_link_term_weight` (`link_id`,`term_id`,`weight`);

--
-- Indexes for table `bak_joom_finder_links_terms1`
--
ALTER TABLE `bak_joom_finder_links_terms1`
  ADD PRIMARY KEY (`link_id`,`term_id`),
  ADD KEY `idx_term_weight` (`term_id`,`weight`),
  ADD KEY `idx_link_term_weight` (`link_id`,`term_id`,`weight`);

--
-- Indexes for table `bak_joom_finder_links_terms2`
--
ALTER TABLE `bak_joom_finder_links_terms2`
  ADD PRIMARY KEY (`link_id`,`term_id`),
  ADD KEY `idx_term_weight` (`term_id`,`weight`),
  ADD KEY `idx_link_term_weight` (`link_id`,`term_id`,`weight`);

--
-- Indexes for table `bak_joom_finder_links_terms3`
--
ALTER TABLE `bak_joom_finder_links_terms3`
  ADD PRIMARY KEY (`link_id`,`term_id`),
  ADD KEY `idx_term_weight` (`term_id`,`weight`),
  ADD KEY `idx_link_term_weight` (`link_id`,`term_id`,`weight`);

--
-- Indexes for table `bak_joom_finder_links_terms4`
--
ALTER TABLE `bak_joom_finder_links_terms4`
  ADD PRIMARY KEY (`link_id`,`term_id`),
  ADD KEY `idx_term_weight` (`term_id`,`weight`),
  ADD KEY `idx_link_term_weight` (`link_id`,`term_id`,`weight`);

--
-- Indexes for table `bak_joom_finder_links_terms5`
--
ALTER TABLE `bak_joom_finder_links_terms5`
  ADD PRIMARY KEY (`link_id`,`term_id`),
  ADD KEY `idx_term_weight` (`term_id`,`weight`),
  ADD KEY `idx_link_term_weight` (`link_id`,`term_id`,`weight`);

--
-- Indexes for table `bak_joom_finder_links_terms6`
--
ALTER TABLE `bak_joom_finder_links_terms6`
  ADD PRIMARY KEY (`link_id`,`term_id`),
  ADD KEY `idx_term_weight` (`term_id`,`weight`),
  ADD KEY `idx_link_term_weight` (`link_id`,`term_id`,`weight`);

--
-- Indexes for table `bak_joom_finder_links_terms7`
--
ALTER TABLE `bak_joom_finder_links_terms7`
  ADD PRIMARY KEY (`link_id`,`term_id`),
  ADD KEY `idx_term_weight` (`term_id`,`weight`),
  ADD KEY `idx_link_term_weight` (`link_id`,`term_id`,`weight`);

--
-- Indexes for table `bak_joom_finder_links_terms8`
--
ALTER TABLE `bak_joom_finder_links_terms8`
  ADD PRIMARY KEY (`link_id`,`term_id`),
  ADD KEY `idx_term_weight` (`term_id`,`weight`),
  ADD KEY `idx_link_term_weight` (`link_id`,`term_id`,`weight`);

--
-- Indexes for table `bak_joom_finder_links_terms9`
--
ALTER TABLE `bak_joom_finder_links_terms9`
  ADD PRIMARY KEY (`link_id`,`term_id`),
  ADD KEY `idx_term_weight` (`term_id`,`weight`),
  ADD KEY `idx_link_term_weight` (`link_id`,`term_id`,`weight`);

--
-- Indexes for table `bak_joom_finder_links_termsa`
--
ALTER TABLE `bak_joom_finder_links_termsa`
  ADD PRIMARY KEY (`link_id`,`term_id`),
  ADD KEY `idx_term_weight` (`term_id`,`weight`),
  ADD KEY `idx_link_term_weight` (`link_id`,`term_id`,`weight`);

--
-- Indexes for table `bak_joom_finder_links_termsb`
--
ALTER TABLE `bak_joom_finder_links_termsb`
  ADD PRIMARY KEY (`link_id`,`term_id`),
  ADD KEY `idx_term_weight` (`term_id`,`weight`),
  ADD KEY `idx_link_term_weight` (`link_id`,`term_id`,`weight`);

--
-- Indexes for table `bak_joom_finder_links_termsc`
--
ALTER TABLE `bak_joom_finder_links_termsc`
  ADD PRIMARY KEY (`link_id`,`term_id`),
  ADD KEY `idx_term_weight` (`term_id`,`weight`),
  ADD KEY `idx_link_term_weight` (`link_id`,`term_id`,`weight`);

--
-- Indexes for table `bak_joom_finder_links_termsd`
--
ALTER TABLE `bak_joom_finder_links_termsd`
  ADD PRIMARY KEY (`link_id`,`term_id`),
  ADD KEY `idx_term_weight` (`term_id`,`weight`),
  ADD KEY `idx_link_term_weight` (`link_id`,`term_id`,`weight`);

--
-- Indexes for table `bak_joom_finder_links_termse`
--
ALTER TABLE `bak_joom_finder_links_termse`
  ADD PRIMARY KEY (`link_id`,`term_id`),
  ADD KEY `idx_term_weight` (`term_id`,`weight`),
  ADD KEY `idx_link_term_weight` (`link_id`,`term_id`,`weight`);

--
-- Indexes for table `bak_joom_finder_links_termsf`
--
ALTER TABLE `bak_joom_finder_links_termsf`
  ADD PRIMARY KEY (`link_id`,`term_id`),
  ADD KEY `idx_term_weight` (`term_id`,`weight`),
  ADD KEY `idx_link_term_weight` (`link_id`,`term_id`,`weight`);

--
-- Indexes for table `bak_joom_finder_taxonomy`
--
ALTER TABLE `bak_joom_finder_taxonomy`
  ADD PRIMARY KEY (`id`),
  ADD KEY `parent_id` (`parent_id`),
  ADD KEY `state` (`state`),
  ADD KEY `ordering` (`ordering`),
  ADD KEY `access` (`access`),
  ADD KEY `idx_parent_published` (`parent_id`,`state`,`access`);

--
-- Indexes for table `bak_joom_finder_taxonomy_map`
--
ALTER TABLE `bak_joom_finder_taxonomy_map`
  ADD PRIMARY KEY (`link_id`,`node_id`),
  ADD KEY `link_id` (`link_id`),
  ADD KEY `node_id` (`node_id`);

--
-- Indexes for table `bak_joom_finder_terms`
--
ALTER TABLE `bak_joom_finder_terms`
  ADD PRIMARY KEY (`term_id`),
  ADD UNIQUE KEY `idx_term` (`term`),
  ADD KEY `idx_term_phrase` (`term`,`phrase`),
  ADD KEY `idx_stem_phrase` (`stem`,`phrase`),
  ADD KEY `idx_soundex_phrase` (`soundex`,`phrase`);

--
-- Indexes for table `bak_joom_finder_terms_common`
--
ALTER TABLE `bak_joom_finder_terms_common`
  ADD KEY `idx_word_lang` (`term`,`language`),
  ADD KEY `idx_lang` (`language`);

--
-- Indexes for table `bak_joom_finder_tokens`
--
ALTER TABLE `bak_joom_finder_tokens`
  ADD KEY `idx_word` (`term`),
  ADD KEY `idx_context` (`context`);

--
-- Indexes for table `bak_joom_finder_tokens_aggregate`
--
ALTER TABLE `bak_joom_finder_tokens_aggregate`
  ADD KEY `token` (`term`),
  ADD KEY `keyword_id` (`term_id`);

--
-- Indexes for table `bak_joom_finder_types`
--
ALTER TABLE `bak_joom_finder_types`
  ADD PRIMARY KEY (`id`),
  ADD UNIQUE KEY `title` (`title`);

--
-- Indexes for table `bak_joom_languages`
--
ALTER TABLE `bak_joom_languages`
  ADD PRIMARY KEY (`lang_id`),
  ADD UNIQUE KEY `idx_sef` (`sef`),
  ADD UNIQUE KEY `idx_image` (`image`),
  ADD UNIQUE KEY `idx_langcode` (`lang_code`),
  ADD KEY `idx_access` (`access`),
  ADD KEY `idx_ordering` (`ordering`);

--
-- Indexes for table `bak_joom_menu`
--
ALTER TABLE `bak_joom_menu`
  ADD PRIMARY KEY (`id`),
  ADD UNIQUE KEY `idx_client_id_parent_id_alias_language` (`client_id`,`parent_id`,`alias`,`language`),
  ADD KEY `idx_componentid` (`component_id`,`menutype`,`published`,`access`),
  ADD KEY `idx_menutype` (`menutype`),
  ADD KEY `idx_left_right` (`lft`,`rgt`),
  ADD KEY `idx_alias` (`alias`),
  ADD KEY `idx_path` (`path`(255)),
  ADD KEY `idx_language` (`language`);

--
-- Indexes for table `bak_joom_menu_types`
--
ALTER TABLE `bak_joom_menu_types`
  ADD PRIMARY KEY (`id`),
  ADD UNIQUE KEY `idx_menutype` (`menutype`);

--
-- Indexes for table `bak_joom_messages`
--
ALTER TABLE `bak_joom_messages`
  ADD PRIMARY KEY (`message_id`),
  ADD KEY `useridto_state` (`user_id_to`,`state`);

--
-- Indexes for table `bak_joom_messages_cfg`
--
ALTER TABLE `bak_joom_messages_cfg`
  ADD UNIQUE KEY `idx_user_var_name` (`user_id`,`cfg_name`);

--
-- Indexes for table `bak_joom_modules`
--
ALTER TABLE `bak_joom_modules`
  ADD PRIMARY KEY (`id`),
  ADD KEY `published` (`published`,`access`),
  ADD KEY `newsfeeds` (`module`,`published`),
  ADD KEY `idx_language` (`language`);

--
-- Indexes for table `bak_joom_modules_menu`
--
ALTER TABLE `bak_joom_modules_menu`
  ADD PRIMARY KEY (`moduleid`,`menuid`);

--
-- Indexes for table `bak_joom_newsfeeds`
--
ALTER TABLE `bak_joom_newsfeeds`
  ADD PRIMARY KEY (`id`),
  ADD KEY `idx_access` (`access`),
  ADD KEY `idx_checkout` (`checked_out`),
  ADD KEY `idx_state` (`published`),
  ADD KEY `idx_catid` (`catid`),
  ADD KEY `idx_createdby` (`created_by`),
  ADD KEY `idx_language` (`language`),
  ADD KEY `idx_xreference` (`xreference`);

--
-- Indexes for table `bak_joom_overrider`
--
ALTER TABLE `bak_joom_overrider`
  ADD PRIMARY KEY (`id`);

--
-- Indexes for table `bak_joom_redirect_links`
--
ALTER TABLE `bak_joom_redirect_links`
  ADD PRIMARY KEY (`id`),
  ADD UNIQUE KEY `idx_link_old` (`old_url`),
  ADD KEY `idx_link_modifed` (`modified_date`);

--
-- Indexes for table `bak_joom_schemas`
--
ALTER TABLE `bak_joom_schemas`
  ADD PRIMARY KEY (`extension_id`,`version_id`);

--
-- Indexes for table `bak_joom_session`
--
ALTER TABLE `bak_joom_session`
  ADD PRIMARY KEY (`session_id`),
  ADD KEY `whosonline` (`guest`,`usertype`),
  ADD KEY `userid` (`userid`),
  ADD KEY `time` (`time`);

--
-- Indexes for table `bak_joom_template_styles`
--
ALTER TABLE `bak_joom_template_styles`
  ADD PRIMARY KEY (`id`),
  ADD KEY `idx_template` (`template`),
  ADD KEY `idx_home` (`home`);

--
-- Indexes for table `bak_joom_updates`
--
ALTER TABLE `bak_joom_updates`
  ADD PRIMARY KEY (`update_id`);

--
-- Indexes for table `bak_joom_update_categories`
--
ALTER TABLE `bak_joom_update_categories`
  ADD PRIMARY KEY (`categoryid`);

--
-- Indexes for table `bak_joom_update_sites`
--
ALTER TABLE `bak_joom_update_sites`
  ADD PRIMARY KEY (`update_site_id`);

--
-- Indexes for table `bak_joom_update_sites_extensions`
--
ALTER TABLE `bak_joom_update_sites_extensions`
  ADD PRIMARY KEY (`update_site_id`,`extension_id`);

--
-- Indexes for table `bak_joom_usergroups`
--
ALTER TABLE `bak_joom_usergroups`
  ADD PRIMARY KEY (`id`),
  ADD UNIQUE KEY `idx_usergroup_parent_title_lookup` (`parent_id`,`title`),
  ADD KEY `idx_usergroup_title_lookup` (`title`),
  ADD KEY `idx_usergroup_adjacency_lookup` (`parent_id`),
  ADD KEY `idx_usergroup_nested_set_lookup` (`lft`,`rgt`) USING BTREE;

--
-- Indexes for table `bak_joom_users`
--
ALTER TABLE `bak_joom_users`
  ADD PRIMARY KEY (`id`),
  ADD KEY `usertype` (`usertype`),
  ADD KEY `idx_name` (`name`),
  ADD KEY `idx_block` (`block`),
  ADD KEY `username` (`username`),
  ADD KEY `email` (`email`);

--
-- Indexes for table `bak_joom_user_notes`
--
ALTER TABLE `bak_joom_user_notes`
  ADD PRIMARY KEY (`id`),
  ADD KEY `idx_user_id` (`user_id`),
  ADD KEY `idx_category_id` (`catid`);

--
-- Indexes for table `bak_joom_user_profiles`
--
ALTER TABLE `bak_joom_user_profiles`
  ADD UNIQUE KEY `idx_user_id_profile_key` (`user_id`,`profile_key`);

--
-- Indexes for table `bak_joom_user_usergroup_map`
--
ALTER TABLE `bak_joom_user_usergroup_map`
  ADD PRIMARY KEY (`user_id`,`group_id`);

--
-- Indexes for table `bak_joom_viewlevels`
--
ALTER TABLE `bak_joom_viewlevels`
  ADD PRIMARY KEY (`id`),
  ADD UNIQUE KEY `idx_assetgroup_title_lookup` (`title`);

--
-- Indexes for table `bak_joom_weblinks`
--
ALTER TABLE `bak_joom_weblinks`
  ADD PRIMARY KEY (`id`),
  ADD KEY `idx_access` (`access`),
  ADD KEY `idx_checkout` (`checked_out`),
  ADD KEY `idx_state` (`state`),
  ADD KEY `idx_catid` (`catid`),
  ADD KEY `idx_createdby` (`created_by`),
  ADD KEY `idx_featured_catid` (`featured`,`catid`),
  ADD KEY `idx_language` (`language`),
  ADD KEY `idx_xreference` (`xreference`);

--
-- Indexes for table `joom_action_logs`
--
ALTER TABLE `joom_action_logs`
  ADD PRIMARY KEY (`id`),
  ADD KEY `idx_user_id` (`user_id`),
  ADD KEY `idx_user_id_logdate` (`user_id`,`log_date`),
  ADD KEY `idx_user_id_extension` (`user_id`,`extension`),
  ADD KEY `idx_extension_item_id` (`extension`,`item_id`);

--
-- Indexes for table `joom_action_logs_extensions`
--
ALTER TABLE `joom_action_logs_extensions`
  ADD PRIMARY KEY (`id`);

--
-- Indexes for table `joom_action_logs_users`
--
ALTER TABLE `joom_action_logs_users`
  ADD PRIMARY KEY (`user_id`),
  ADD KEY `idx_notify` (`notify`);

--
-- Indexes for table `joom_action_log_config`
--
ALTER TABLE `joom_action_log_config`
  ADD PRIMARY KEY (`id`);

--
-- Indexes for table `joom_akeeba_common`
--
ALTER TABLE `joom_akeeba_common`
  ADD PRIMARY KEY (`key`);

--
-- Indexes for table `joom_ak_profiles`
--
ALTER TABLE `joom_ak_profiles`
  ADD PRIMARY KEY (`id`);

--
-- Indexes for table `joom_ak_stats`
--
ALTER TABLE `joom_ak_stats`
  ADD PRIMARY KEY (`id`),
  ADD KEY `idx_fullstatus` (`filesexist`,`status`),
  ADD KEY `idx_stale` (`status`,`origin`);

--
-- Indexes for table `joom_ak_storage`
--
ALTER TABLE `joom_ak_storage`
  ADD PRIMARY KEY (`tag`(100));

--
-- Indexes for table `joom_assets`
--
ALTER TABLE `joom_assets`
  ADD PRIMARY KEY (`id`),
  ADD UNIQUE KEY `idx_asset_name` (`name`),
  ADD KEY `idx_lft_rgt` (`lft`,`rgt`),
  ADD KEY `idx_parent_id` (`parent_id`);

--
-- Indexes for table `joom_associations`
--
ALTER TABLE `joom_associations`
  ADD PRIMARY KEY (`context`,`id`),
  ADD KEY `idx_key` (`key`);

--
-- Indexes for table `joom_banners`
--
ALTER TABLE `joom_banners`
  ADD PRIMARY KEY (`id`),
  ADD KEY `idx_state` (`state`),
  ADD KEY `idx_own_prefix` (`own_prefix`),
  ADD KEY `idx_banner_catid` (`catid`),
  ADD KEY `idx_language` (`language`),
  ADD KEY `idx_metakey_prefix` (`metakey_prefix`(100));

--
-- Indexes for table `joom_banner_clients`
--
ALTER TABLE `joom_banner_clients`
  ADD PRIMARY KEY (`id`),
  ADD KEY `idx_own_prefix` (`own_prefix`),
  ADD KEY `idx_metakey_prefix` (`metakey_prefix`(100));

--
-- Indexes for table `joom_banner_tracks`
--
ALTER TABLE `joom_banner_tracks`
  ADD PRIMARY KEY (`track_date`,`track_type`,`banner_id`),
  ADD KEY `idx_track_date` (`track_date`),
  ADD KEY `idx_track_type` (`track_type`),
  ADD KEY `idx_banner_id` (`banner_id`);

--
-- Indexes for table `joom_categories`
--
ALTER TABLE `joom_categories`
  ADD PRIMARY KEY (`id`),
  ADD KEY `cat_idx` (`extension`,`published`,`access`),
  ADD KEY `idx_access` (`access`),
  ADD KEY `idx_checkout` (`checked_out`),
  ADD KEY `idx_left_right` (`lft`,`rgt`),
  ADD KEY `idx_language` (`language`),
  ADD KEY `idx_path` (`path`(100)),
  ADD KEY `idx_alias` (`alias`(100));

--
-- Indexes for table `joom_contact_details`
--
ALTER TABLE `joom_contact_details`
  ADD PRIMARY KEY (`id`),
  ADD KEY `idx_access` (`access`),
  ADD KEY `idx_checkout` (`checked_out`),
  ADD KEY `idx_state` (`published`),
  ADD KEY `idx_catid` (`catid`),
  ADD KEY `idx_createdby` (`created_by`),
  ADD KEY `idx_featured_catid` (`featured`,`catid`),
  ADD KEY `idx_language` (`language`),
  ADD KEY `idx_xreference` (`xreference`);

--
-- Indexes for table `joom_content`
--
ALTER TABLE `joom_content`
  ADD PRIMARY KEY (`id`),
  ADD KEY `idx_access` (`access`),
  ADD KEY `idx_checkout` (`checked_out`),
  ADD KEY `idx_state` (`state`),
  ADD KEY `idx_catid` (`catid`),
  ADD KEY `idx_createdby` (`created_by`),
  ADD KEY `idx_featured_catid` (`featured`,`catid`),
  ADD KEY `idx_language` (`language`),
  ADD KEY `idx_xreference` (`xreference`),
  ADD KEY `idx_alias` (`alias`(191));

--
-- Indexes for table `joom_contentitem_tag_map`
--
ALTER TABLE `joom_contentitem_tag_map`
  ADD UNIQUE KEY `uc_ItemnameTagid` (`type_id`,`content_item_id`,`tag_id`),
  ADD KEY `idx_tag_type` (`tag_id`,`type_id`),
  ADD KEY `idx_date_id` (`tag_date`,`tag_id`),
  ADD KEY `idx_core_content_id` (`core_content_id`);

--
-- Indexes for table `joom_content_frontpage`
--
ALTER TABLE `joom_content_frontpage`
  ADD PRIMARY KEY (`content_id`);

--
-- Indexes for table `joom_content_rating`
--
ALTER TABLE `joom_content_rating`
  ADD PRIMARY KEY (`content_id`);

--
-- Indexes for table `joom_content_types`
--
ALTER TABLE `joom_content_types`
  ADD PRIMARY KEY (`type_id`),
  ADD KEY `idx_alias` (`type_alias`(100));

--
-- Indexes for table `joom_extensions`
--
ALTER TABLE `joom_extensions`
  ADD PRIMARY KEY (`extension_id`),
  ADD KEY `element_clientid` (`element`,`client_id`),
  ADD KEY `element_folder_clientid` (`element`,`folder`,`client_id`),
  ADD KEY `extension` (`type`,`element`,`folder`,`client_id`);

--
-- Indexes for table `joom_fields`
--
ALTER TABLE `joom_fields`
  ADD PRIMARY KEY (`id`),
  ADD KEY `idx_checkout` (`checked_out`),
  ADD KEY `idx_state` (`state`),
  ADD KEY `idx_created_user_id` (`created_user_id`),
  ADD KEY `idx_access` (`access`),
  ADD KEY `idx_language` (`language`),
  ADD KEY `idx_context` (`context`(191));

--
-- Indexes for table `joom_fields_categories`
--
ALTER TABLE `joom_fields_categories`
  ADD PRIMARY KEY (`field_id`,`category_id`);

--
-- Indexes for table `joom_fields_groups`
--
ALTER TABLE `joom_fields_groups`
  ADD PRIMARY KEY (`id`),
  ADD KEY `idx_checkout` (`checked_out`),
  ADD KEY `idx_state` (`state`),
  ADD KEY `idx_created_by` (`created_by`),
  ADD KEY `idx_access` (`access`),
  ADD KEY `idx_language` (`language`),
  ADD KEY `idx_context` (`context`(191));

--
-- Indexes for table `joom_fields_values`
--
ALTER TABLE `joom_fields_values`
  ADD KEY `idx_field_id` (`field_id`),
  ADD KEY `idx_item_id` (`item_id`(191));

--
-- Indexes for table `joom_finder_filters`
--
ALTER TABLE `joom_finder_filters`
  ADD PRIMARY KEY (`filter_id`);

--
-- Indexes for table `joom_finder_links`
--
ALTER TABLE `joom_finder_links`
  ADD PRIMARY KEY (`link_id`),
  ADD KEY `idx_type` (`type_id`),
  ADD KEY `idx_md5` (`md5sum`),
  ADD KEY `idx_url` (`url`(75)),
  ADD KEY `idx_published_list` (`published`,`state`,`access`,`publish_start_date`,`publish_end_date`,`list_price`),
  ADD KEY `idx_published_sale` (`published`,`state`,`access`,`publish_start_date`,`publish_end_date`,`sale_price`),
  ADD KEY `idx_title` (`title`(100));

--
-- Indexes for table `joom_finder_links_terms0`
--
ALTER TABLE `joom_finder_links_terms0`
  ADD PRIMARY KEY (`link_id`,`term_id`),
  ADD KEY `idx_term_weight` (`term_id`,`weight`),
  ADD KEY `idx_link_term_weight` (`link_id`,`term_id`,`weight`);

--
-- Indexes for table `joom_finder_links_terms1`
--
ALTER TABLE `joom_finder_links_terms1`
  ADD PRIMARY KEY (`link_id`,`term_id`),
  ADD KEY `idx_term_weight` (`term_id`,`weight`),
  ADD KEY `idx_link_term_weight` (`link_id`,`term_id`,`weight`);

--
-- Indexes for table `joom_finder_links_terms2`
--
ALTER TABLE `joom_finder_links_terms2`
  ADD PRIMARY KEY (`link_id`,`term_id`),
  ADD KEY `idx_term_weight` (`term_id`,`weight`),
  ADD KEY `idx_link_term_weight` (`link_id`,`term_id`,`weight`);

--
-- Indexes for table `joom_finder_links_terms3`
--
ALTER TABLE `joom_finder_links_terms3`
  ADD PRIMARY KEY (`link_id`,`term_id`),
  ADD KEY `idx_term_weight` (`term_id`,`weight`),
  ADD KEY `idx_link_term_weight` (`link_id`,`term_id`,`weight`);

--
-- Indexes for table `joom_finder_links_terms4`
--
ALTER TABLE `joom_finder_links_terms4`
  ADD PRIMARY KEY (`link_id`,`term_id`),
  ADD KEY `idx_term_weight` (`term_id`,`weight`),
  ADD KEY `idx_link_term_weight` (`link_id`,`term_id`,`weight`);

--
-- Indexes for table `joom_finder_links_terms5`
--
ALTER TABLE `joom_finder_links_terms5`
  ADD PRIMARY KEY (`link_id`,`term_id`),
  ADD KEY `idx_term_weight` (`term_id`,`weight`),
  ADD KEY `idx_link_term_weight` (`link_id`,`term_id`,`weight`);

--
-- Indexes for table `joom_finder_links_terms6`
--
ALTER TABLE `joom_finder_links_terms6`
  ADD PRIMARY KEY (`link_id`,`term_id`),
  ADD KEY `idx_term_weight` (`term_id`,`weight`),
  ADD KEY `idx_link_term_weight` (`link_id`,`term_id`,`weight`);

--
-- Indexes for table `joom_finder_links_terms7`
--
ALTER TABLE `joom_finder_links_terms7`
  ADD PRIMARY KEY (`link_id`,`term_id`),
  ADD KEY `idx_term_weight` (`term_id`,`weight`),
  ADD KEY `idx_link_term_weight` (`link_id`,`term_id`,`weight`);

--
-- Indexes for table `joom_finder_links_terms8`
--
ALTER TABLE `joom_finder_links_terms8`
  ADD PRIMARY KEY (`link_id`,`term_id`),
  ADD KEY `idx_term_weight` (`term_id`,`weight`),
  ADD KEY `idx_link_term_weight` (`link_id`,`term_id`,`weight`);

--
-- Indexes for table `joom_finder_links_terms9`
--
ALTER TABLE `joom_finder_links_terms9`
  ADD PRIMARY KEY (`link_id`,`term_id`),
  ADD KEY `idx_term_weight` (`term_id`,`weight`),
  ADD KEY `idx_link_term_weight` (`link_id`,`term_id`,`weight`);

--
-- Indexes for table `joom_finder_links_termsa`
--
ALTER TABLE `joom_finder_links_termsa`
  ADD PRIMARY KEY (`link_id`,`term_id`),
  ADD KEY `idx_term_weight` (`term_id`,`weight`),
  ADD KEY `idx_link_term_weight` (`link_id`,`term_id`,`weight`);

--
-- Indexes for table `joom_finder_links_termsb`
--
ALTER TABLE `joom_finder_links_termsb`
  ADD PRIMARY KEY (`link_id`,`term_id`),
  ADD KEY `idx_term_weight` (`term_id`,`weight`),
  ADD KEY `idx_link_term_weight` (`link_id`,`term_id`,`weight`);

--
-- Indexes for table `joom_finder_links_termsc`
--
ALTER TABLE `joom_finder_links_termsc`
  ADD PRIMARY KEY (`link_id`,`term_id`),
  ADD KEY `idx_term_weight` (`term_id`,`weight`),
  ADD KEY `idx_link_term_weight` (`link_id`,`term_id`,`weight`);

--
-- Indexes for table `joom_finder_links_termsd`
--
ALTER TABLE `joom_finder_links_termsd`
  ADD PRIMARY KEY (`link_id`,`term_id`),
  ADD KEY `idx_term_weight` (`term_id`,`weight`),
  ADD KEY `idx_link_term_weight` (`link_id`,`term_id`,`weight`);

--
-- Indexes for table `joom_finder_links_termse`
--
ALTER TABLE `joom_finder_links_termse`
  ADD PRIMARY KEY (`link_id`,`term_id`),
  ADD KEY `idx_term_weight` (`term_id`,`weight`),
  ADD KEY `idx_link_term_weight` (`link_id`,`term_id`,`weight`);

--
-- Indexes for table `joom_finder_links_termsf`
--
ALTER TABLE `joom_finder_links_termsf`
  ADD PRIMARY KEY (`link_id`,`term_id`),
  ADD KEY `idx_term_weight` (`term_id`,`weight`),
  ADD KEY `idx_link_term_weight` (`link_id`,`term_id`,`weight`);

--
-- Indexes for table `joom_finder_taxonomy`
--
ALTER TABLE `joom_finder_taxonomy`
  ADD PRIMARY KEY (`id`),
  ADD KEY `parent_id` (`parent_id`),
  ADD KEY `state` (`state`),
  ADD KEY `ordering` (`ordering`),
  ADD KEY `access` (`access`),
  ADD KEY `idx_parent_published` (`parent_id`,`state`,`access`);

--
-- Indexes for table `joom_finder_taxonomy_map`
--
ALTER TABLE `joom_finder_taxonomy_map`
  ADD PRIMARY KEY (`link_id`,`node_id`),
  ADD KEY `link_id` (`link_id`),
  ADD KEY `node_id` (`node_id`);

--
-- Indexes for table `joom_finder_terms`
--
ALTER TABLE `joom_finder_terms`
  ADD PRIMARY KEY (`term_id`),
  ADD UNIQUE KEY `idx_term` (`term`),
  ADD KEY `idx_term_phrase` (`term`,`phrase`),
  ADD KEY `idx_stem_phrase` (`stem`,`phrase`),
  ADD KEY `idx_soundex_phrase` (`soundex`,`phrase`);

--
-- Indexes for table `joom_finder_terms_common`
--
ALTER TABLE `joom_finder_terms_common`
  ADD KEY `idx_word_lang` (`term`,`language`),
  ADD KEY `idx_lang` (`language`);

--
-- Indexes for table `joom_finder_tokens`
--
ALTER TABLE `joom_finder_tokens`
  ADD KEY `idx_word` (`term`),
  ADD KEY `idx_context` (`context`);

--
-- Indexes for table `joom_finder_tokens_aggregate`
--
ALTER TABLE `joom_finder_tokens_aggregate`
  ADD KEY `token` (`term`),
  ADD KEY `keyword_id` (`term_id`);

--
-- Indexes for table `joom_finder_types`
--
ALTER TABLE `joom_finder_types`
  ADD PRIMARY KEY (`id`),
  ADD UNIQUE KEY `title` (`title`);

--
-- Indexes for table `joom_languages`
--
ALTER TABLE `joom_languages`
  ADD PRIMARY KEY (`lang_id`),
  ADD UNIQUE KEY `idx_sef` (`sef`),
  ADD UNIQUE KEY `idx_langcode` (`lang_code`),
  ADD KEY `idx_access` (`access`),
  ADD KEY `idx_ordering` (`ordering`);

--
-- Indexes for table `joom_menu`
--
ALTER TABLE `joom_menu`
  ADD PRIMARY KEY (`id`),
  ADD UNIQUE KEY `idx_client_id_parent_id_alias_language` (`client_id`,`parent_id`,`alias`(100),`language`),
  ADD KEY `idx_componentid` (`component_id`,`menutype`,`published`,`access`),
  ADD KEY `idx_menutype` (`menutype`),
  ADD KEY `idx_left_right` (`lft`,`rgt`),
  ADD KEY `idx_language` (`language`),
  ADD KEY `idx_alias` (`alias`(100)),
  ADD KEY `idx_path` (`path`(100));

--
-- Indexes for table `joom_menu_types`
--
ALTER TABLE `joom_menu_types`
  ADD PRIMARY KEY (`id`),
  ADD UNIQUE KEY `idx_menutype` (`menutype`);

--
-- Indexes for table `joom_messages`
--
ALTER TABLE `joom_messages`
  ADD PRIMARY KEY (`message_id`),
  ADD KEY `useridto_state` (`user_id_to`,`state`);

--
-- Indexes for table `joom_messages_cfg`
--
ALTER TABLE `joom_messages_cfg`
  ADD UNIQUE KEY `idx_user_var_name` (`user_id`,`cfg_name`);

--
-- Indexes for table `joom_modules`
--
ALTER TABLE `joom_modules`
  ADD PRIMARY KEY (`id`),
  ADD KEY `published` (`published`,`access`),
  ADD KEY `newsfeeds` (`module`,`published`),
  ADD KEY `idx_language` (`language`);

--
-- Indexes for table `joom_modules_menu`
--
ALTER TABLE `joom_modules_menu`
  ADD PRIMARY KEY (`moduleid`,`menuid`);

--
-- Indexes for table `joom_newsfeeds`
--
ALTER TABLE `joom_newsfeeds`
  ADD PRIMARY KEY (`id`),
  ADD KEY `idx_access` (`access`),
  ADD KEY `idx_checkout` (`checked_out`),
  ADD KEY `idx_state` (`published`),
  ADD KEY `idx_catid` (`catid`),
  ADD KEY `idx_createdby` (`created_by`),
  ADD KEY `idx_language` (`language`),
  ADD KEY `idx_xreference` (`xreference`);

--
-- Indexes for table `joom_overrider`
--
ALTER TABLE `joom_overrider`
  ADD PRIMARY KEY (`id`);

--
-- Indexes for table `joom_postinstall_messages`
--
ALTER TABLE `joom_postinstall_messages`
  ADD PRIMARY KEY (`postinstall_message_id`);

--
-- Indexes for table `joom_privacy_consents`
--
ALTER TABLE `joom_privacy_consents`
  ADD PRIMARY KEY (`id`),
  ADD KEY `idx_user_id` (`user_id`);

--
-- Indexes for table `joom_privacy_requests`
--
ALTER TABLE `joom_privacy_requests`
  ADD PRIMARY KEY (`id`);

--
-- Indexes for table `joom_redirect_links`
--
ALTER TABLE `joom_redirect_links`
  ADD PRIMARY KEY (`id`),
  ADD KEY `idx_link_modifed` (`modified_date`),
  ADD KEY `idx_old_url` (`old_url`(100));

--
-- Indexes for table `joom_rokcommon_configs`
--
ALTER TABLE `joom_rokcommon_configs`
  ADD PRIMARY KEY (`id`);

--
-- Indexes for table `joom_rokgallery_files`
--
ALTER TABLE `joom_rokgallery_files`
  ADD PRIMARY KEY (`id`),
  ADD UNIQUE KEY `id` (`id`),
  ADD UNIQUE KEY `guid` (`guid`),
  ADD UNIQUE KEY `joom_files_sluggable_idx` (`slug`),
  ADD KEY `joom_rokgallery_files_published_idx` (`published`),
  ADD KEY `joom_rokgallery_files_md5_idx` (`md5`),
  ADD KEY `joom_rokgallery_files_guid_idx` (`guid`);

--
-- Indexes for table `joom_rokgallery_files_index`
--
ALTER TABLE `joom_rokgallery_files_index`
  ADD PRIMARY KEY (`keyword`,`field`,`position`,`id`),
  ADD KEY `joom_rokgallery_files_index_id_idx` (`id`);

--
-- Indexes for table `joom_rokgallery_file_loves`
--
ALTER TABLE `joom_rokgallery_file_loves`
  ADD PRIMARY KEY (`file_id`),
  ADD UNIQUE KEY `file_id` (`file_id`);

--
-- Indexes for table `joom_rokgallery_file_tags`
--
ALTER TABLE `joom_rokgallery_file_tags`
  ADD PRIMARY KEY (`file_id`,`tag`),
  ADD KEY `joom_rokgallery_file_tags_file_id_idx` (`file_id`);

--
-- Indexes for table `joom_rokgallery_file_views`
--
ALTER TABLE `joom_rokgallery_file_views`
  ADD PRIMARY KEY (`file_id`),
  ADD UNIQUE KEY `file_id` (`file_id`);

--
-- Indexes for table `joom_rokgallery_filters`
--
ALTER TABLE `joom_rokgallery_filters`
  ADD PRIMARY KEY (`id`),
  ADD UNIQUE KEY `id` (`id`),
  ADD KEY `rokgallery_profiles_name_idx` (`name`);

--
-- Indexes for table `joom_rokgallery_galleries`
--
ALTER TABLE `joom_rokgallery_galleries`
  ADD PRIMARY KEY (`id`),
  ADD UNIQUE KEY `id` (`id`),
  ADD KEY `joom_rokgallery_galleries_auto_publish_idx` (`auto_publish`);

--
-- Indexes for table `joom_rokgallery_jobs`
--
ALTER TABLE `joom_rokgallery_jobs`
  ADD PRIMARY KEY (`id`),
  ADD UNIQUE KEY `id` (`id`);

--
-- Indexes for table `joom_rokgallery_profiles`
--
ALTER TABLE `joom_rokgallery_profiles`
  ADD PRIMARY KEY (`id`),
  ADD UNIQUE KEY `id` (`id`),
  ADD KEY `joom_rokgallery_profiles_name_idx` (`name`);

--
-- Indexes for table `joom_rokgallery_slices`
--
ALTER TABLE `joom_rokgallery_slices`
  ADD PRIMARY KEY (`id`),
  ADD UNIQUE KEY `id` (`id`),
  ADD UNIQUE KEY `guid` (`guid`),
  ADD UNIQUE KEY `joom_rokgallery_slices_sluggable_idx` (`slug`,`gallery_id`),
  ADD KEY `rokgallery_slices_published_idx` (`published`),
  ADD KEY `rokgallery_slices_guid_idx` (`guid`),
  ADD KEY `file_id_idx` (`file_id`),
  ADD KEY `gallery_id_idx` (`gallery_id`);

--
-- Indexes for table `joom_rokgallery_slices_index`
--
ALTER TABLE `joom_rokgallery_slices_index`
  ADD PRIMARY KEY (`keyword`,`field`,`position`,`id`),
  ADD KEY `rokgallery_slices_index_id_idx` (`id`);

--
-- Indexes for table `joom_rokgallery_slice_tags`
--
ALTER TABLE `joom_rokgallery_slice_tags`
  ADD PRIMARY KEY (`slice_id`,`tag`),
  ADD KEY `rokgallery_slice_tags_slice_id_idx` (`slice_id`);

--
-- Indexes for table `joom_schemas`
--
ALTER TABLE `joom_schemas`
  ADD PRIMARY KEY (`extension_id`,`version_id`);

--
-- Indexes for table `joom_session`
--
ALTER TABLE `joom_session`
  ADD PRIMARY KEY (`session_id`),
  ADD KEY `userid` (`userid`),
  ADD KEY `time` (`time`),
  ADD KEY `client_id_guest` (`client_id`,`guest`);

--
-- Indexes for table `joom_tags`
--
ALTER TABLE `joom_tags`
  ADD PRIMARY KEY (`id`),
  ADD KEY `tag_idx` (`published`,`access`),
  ADD KEY `idx_access` (`access`),
  ADD KEY `idx_checkout` (`checked_out`),
  ADD KEY `idx_left_right` (`lft`,`rgt`),
  ADD KEY `idx_language` (`language`),
  ADD KEY `idx_path` (`path`(100)),
  ADD KEY `idx_alias` (`alias`(100));

--
-- Indexes for table `joom_template_styles`
--
ALTER TABLE `joom_template_styles`
  ADD PRIMARY KEY (`id`),
  ADD KEY `idx_template` (`template`),
  ADD KEY `idx_client_id` (`client_id`),
  ADD KEY `idx_client_id_home` (`client_id`,`home`);

--
-- Indexes for table `joom_ucm_base`
--
ALTER TABLE `joom_ucm_base`
  ADD PRIMARY KEY (`ucm_id`),
  ADD KEY `idx_ucm_item_id` (`ucm_item_id`),
  ADD KEY `idx_ucm_type_id` (`ucm_type_id`),
  ADD KEY `idx_ucm_language_id` (`ucm_language_id`);

--
-- Indexes for table `joom_ucm_content`
--
ALTER TABLE `joom_ucm_content`
  ADD PRIMARY KEY (`core_content_id`),
  ADD KEY `tag_idx` (`core_state`,`core_access`),
  ADD KEY `idx_access` (`core_access`),
  ADD KEY `idx_language` (`core_language`),
  ADD KEY `idx_modified_time` (`core_modified_time`),
  ADD KEY `idx_created_time` (`core_created_time`),
  ADD KEY `idx_core_modified_user_id` (`core_modified_user_id`),
  ADD KEY `idx_core_checked_out_user_id` (`core_checked_out_user_id`),
  ADD KEY `idx_core_created_user_id` (`core_created_user_id`),
  ADD KEY `idx_core_type_id` (`core_type_id`),
  ADD KEY `idx_alias` (`core_alias`(100)),
  ADD KEY `idx_title` (`core_title`(100)),
  ADD KEY `idx_content_type` (`core_type_alias`(100));

--
-- Indexes for table `joom_ucm_history`
--
ALTER TABLE `joom_ucm_history`
  ADD PRIMARY KEY (`version_id`),
  ADD KEY `idx_ucm_item_id` (`ucm_type_id`,`ucm_item_id`),
  ADD KEY `idx_save_date` (`save_date`);

--
-- Indexes for table `joom_updates`
--
ALTER TABLE `joom_updates`
  ADD PRIMARY KEY (`update_id`);

--
-- Indexes for table `joom_update_sites`
--
ALTER TABLE `joom_update_sites`
  ADD PRIMARY KEY (`update_site_id`);

--
-- Indexes for table `joom_update_sites_extensions`
--
ALTER TABLE `joom_update_sites_extensions`
  ADD PRIMARY KEY (`update_site_id`,`extension_id`);

--
-- Indexes for table `joom_usergroups`
--
ALTER TABLE `joom_usergroups`
  ADD PRIMARY KEY (`id`),
  ADD UNIQUE KEY `idx_usergroup_parent_title_lookup` (`parent_id`,`title`),
  ADD KEY `idx_usergroup_title_lookup` (`title`),
  ADD KEY `idx_usergroup_adjacency_lookup` (`parent_id`),
  ADD KEY `idx_usergroup_nested_set_lookup` (`lft`,`rgt`) USING BTREE;

--
-- Indexes for table `joom_users`
--
ALTER TABLE `joom_users`
  ADD PRIMARY KEY (`id`),
  ADD UNIQUE KEY `idx_username` (`username`),
  ADD KEY `idx_block` (`block`),
  ADD KEY `email` (`email`),
  ADD KEY `idx_name` (`name`(100));

--
-- Indexes for table `joom_user_keys`
--
ALTER TABLE `joom_user_keys`
  ADD PRIMARY KEY (`id`),
  ADD UNIQUE KEY `series` (`series`),
  ADD KEY `user_id` (`user_id`);

--
-- Indexes for table `joom_user_notes`
--
ALTER TABLE `joom_user_notes`
  ADD PRIMARY KEY (`id`),
  ADD KEY `idx_user_id` (`user_id`),
  ADD KEY `idx_category_id` (`catid`);

--
-- Indexes for table `joom_user_profiles`
--
ALTER TABLE `joom_user_profiles`
  ADD UNIQUE KEY `idx_user_id_profile_key` (`user_id`,`profile_key`);

--
-- Indexes for table `joom_user_usergroup_map`
--
ALTER TABLE `joom_user_usergroup_map`
  ADD PRIMARY KEY (`user_id`,`group_id`);

--
-- Indexes for table `joom_viewlevels`
--
ALTER TABLE `joom_viewlevels`
  ADD PRIMARY KEY (`id`),
  ADD UNIQUE KEY `idx_assetgroup_title_lookup` (`title`);

--
-- Indexes for table `joom_weblinks`
--
ALTER TABLE `joom_weblinks`
  ADD PRIMARY KEY (`id`),
  ADD KEY `idx_access` (`access`),
  ADD KEY `idx_checkout` (`checked_out`),
  ADD KEY `idx_state` (`state`),
  ADD KEY `idx_catid` (`catid`),
  ADD KEY `idx_createdby` (`created_by`),
  ADD KEY `idx_featured_catid` (`featured`,`catid`),
  ADD KEY `idx_language` (`language`),
  ADD KEY `idx_xreference` (`xreference`);

--
-- AUTO_INCREMENT for dumped tables
--

--
-- AUTO_INCREMENT for table `bak_joom_assets`
--
ALTER TABLE `bak_joom_assets`
  MODIFY `id` int(10) UNSIGNED NOT NULL AUTO_INCREMENT COMMENT 'Primary Key', AUTO_INCREMENT=126;

--
-- AUTO_INCREMENT for table `bak_joom_banners`
--
ALTER TABLE `bak_joom_banners`
  MODIFY `id` int(11) NOT NULL AUTO_INCREMENT;

--
-- AUTO_INCREMENT for table `bak_joom_banner_clients`
--
ALTER TABLE `bak_joom_banner_clients`
  MODIFY `id` int(11) NOT NULL AUTO_INCREMENT;

--
-- AUTO_INCREMENT for table `bak_joom_categories`
--
ALTER TABLE `bak_joom_categories`
  MODIFY `id` int(11) NOT NULL AUTO_INCREMENT, AUTO_INCREMENT=48;

--
-- AUTO_INCREMENT for table `bak_joom_contact_details`
--
ALTER TABLE `bak_joom_contact_details`
  MODIFY `id` int(11) NOT NULL AUTO_INCREMENT, AUTO_INCREMENT=2;

--
-- AUTO_INCREMENT for table `bak_joom_content`
--
ALTER TABLE `bak_joom_content`
  MODIFY `id` int(10) UNSIGNED NOT NULL AUTO_INCREMENT, AUTO_INCREMENT=71;

--
-- AUTO_INCREMENT for table `bak_joom_extensions`
--
ALTER TABLE `bak_joom_extensions`
  MODIFY `extension_id` int(11) NOT NULL AUTO_INCREMENT, AUTO_INCREMENT=10029;

--
-- AUTO_INCREMENT for table `bak_joom_finder_filters`
--
ALTER TABLE `bak_joom_finder_filters`
  MODIFY `filter_id` int(10) UNSIGNED NOT NULL AUTO_INCREMENT;

--
-- AUTO_INCREMENT for table `bak_joom_finder_links`
--
ALTER TABLE `bak_joom_finder_links`
  MODIFY `link_id` int(10) UNSIGNED NOT NULL AUTO_INCREMENT;

--
-- AUTO_INCREMENT for table `bak_joom_finder_taxonomy`
--
ALTER TABLE `bak_joom_finder_taxonomy`
  MODIFY `id` int(10) UNSIGNED NOT NULL AUTO_INCREMENT, AUTO_INCREMENT=2;

--
-- AUTO_INCREMENT for table `bak_joom_finder_terms`
--
ALTER TABLE `bak_joom_finder_terms`
  MODIFY `term_id` int(10) UNSIGNED NOT NULL AUTO_INCREMENT;

--
-- AUTO_INCREMENT for table `bak_joom_finder_types`
--
ALTER TABLE `bak_joom_finder_types`
  MODIFY `id` int(10) UNSIGNED NOT NULL AUTO_INCREMENT;

--
-- AUTO_INCREMENT for table `bak_joom_languages`
--
ALTER TABLE `bak_joom_languages`
  MODIFY `lang_id` int(11) UNSIGNED NOT NULL AUTO_INCREMENT, AUTO_INCREMENT=2;

--
-- AUTO_INCREMENT for table `bak_joom_menu`
--
ALTER TABLE `bak_joom_menu`
  MODIFY `id` int(11) NOT NULL AUTO_INCREMENT, AUTO_INCREMENT=182;

--
-- AUTO_INCREMENT for table `bak_joom_menu_types`
--
ALTER TABLE `bak_joom_menu_types`
  MODIFY `id` int(10) UNSIGNED NOT NULL AUTO_INCREMENT, AUTO_INCREMENT=2;

--
-- AUTO_INCREMENT for table `bak_joom_messages`
--
ALTER TABLE `bak_joom_messages`
  MODIFY `message_id` int(10) UNSIGNED NOT NULL AUTO_INCREMENT;

--
-- AUTO_INCREMENT for table `bak_joom_modules`
--
ALTER TABLE `bak_joom_modules`
  MODIFY `id` int(11) NOT NULL AUTO_INCREMENT, AUTO_INCREMENT=158;

--
-- AUTO_INCREMENT for table `bak_joom_newsfeeds`
--
ALTER TABLE `bak_joom_newsfeeds`
  MODIFY `id` int(10) UNSIGNED NOT NULL AUTO_INCREMENT;

--
-- AUTO_INCREMENT for table `bak_joom_overrider`
--
ALTER TABLE `bak_joom_overrider`
  MODIFY `id` int(10) NOT NULL AUTO_INCREMENT COMMENT 'Primary Key';

--
-- AUTO_INCREMENT for table `bak_joom_redirect_links`
--
ALTER TABLE `bak_joom_redirect_links`
  MODIFY `id` int(10) UNSIGNED NOT NULL AUTO_INCREMENT;

--
-- AUTO_INCREMENT for table `bak_joom_template_styles`
--
ALTER TABLE `bak_joom_template_styles`
  MODIFY `id` int(10) UNSIGNED NOT NULL AUTO_INCREMENT, AUTO_INCREMENT=9;

--
-- AUTO_INCREMENT for table `bak_joom_updates`
--
ALTER TABLE `bak_joom_updates`
  MODIFY `update_id` int(11) NOT NULL AUTO_INCREMENT;

--
-- AUTO_INCREMENT for table `bak_joom_update_categories`
--
ALTER TABLE `bak_joom_update_categories`
  MODIFY `categoryid` int(11) NOT NULL AUTO_INCREMENT;

--
-- AUTO_INCREMENT for table `bak_joom_update_sites`
--
ALTER TABLE `bak_joom_update_sites`
  MODIFY `update_site_id` int(11) NOT NULL AUTO_INCREMENT, AUTO_INCREMENT=7;

--
-- AUTO_INCREMENT for table `bak_joom_usergroups`
--
ALTER TABLE `bak_joom_usergroups`
  MODIFY `id` int(10) UNSIGNED NOT NULL AUTO_INCREMENT COMMENT 'Primary Key', AUTO_INCREMENT=9;

--
-- AUTO_INCREMENT for table `bak_joom_users`
--
ALTER TABLE `bak_joom_users`
  MODIFY `id` int(11) NOT NULL AUTO_INCREMENT, AUTO_INCREMENT=469;

--
-- AUTO_INCREMENT for table `bak_joom_user_notes`
--
ALTER TABLE `bak_joom_user_notes`
  MODIFY `id` int(10) UNSIGNED NOT NULL AUTO_INCREMENT;

--
-- AUTO_INCREMENT for table `bak_joom_viewlevels`
--
ALTER TABLE `bak_joom_viewlevels`
  MODIFY `id` int(10) UNSIGNED NOT NULL AUTO_INCREMENT COMMENT 'Primary Key', AUTO_INCREMENT=4;

--
-- AUTO_INCREMENT for table `bak_joom_weblinks`
--
ALTER TABLE `bak_joom_weblinks`
  MODIFY `id` int(10) UNSIGNED NOT NULL AUTO_INCREMENT, AUTO_INCREMENT=5;

--
-- AUTO_INCREMENT for table `joom_action_logs`
--
ALTER TABLE `joom_action_logs`
  MODIFY `id` int(10) UNSIGNED NOT NULL AUTO_INCREMENT;

--
-- AUTO_INCREMENT for table `joom_action_logs_extensions`
--
ALTER TABLE `joom_action_logs_extensions`
  MODIFY `id` int(10) UNSIGNED NOT NULL AUTO_INCREMENT, AUTO_INCREMENT=19;

--
-- AUTO_INCREMENT for table `joom_action_log_config`
--
ALTER TABLE `joom_action_log_config`
  MODIFY `id` int(10) UNSIGNED NOT NULL AUTO_INCREMENT, AUTO_INCREMENT=20;

--
-- AUTO_INCREMENT for table `joom_ak_profiles`
--
ALTER TABLE `joom_ak_profiles`
  MODIFY `id` int(10) UNSIGNED NOT NULL AUTO_INCREMENT, AUTO_INCREMENT=2;

--
-- AUTO_INCREMENT for table `joom_ak_stats`
--
ALTER TABLE `joom_ak_stats`
  MODIFY `id` bigint(20) UNSIGNED NOT NULL AUTO_INCREMENT, AUTO_INCREMENT=5;

--
-- AUTO_INCREMENT for table `joom_assets`
--
ALTER TABLE `joom_assets`
  MODIFY `id` int(10) UNSIGNED NOT NULL AUTO_INCREMENT COMMENT 'Primary Key', AUTO_INCREMENT=76;

--
-- AUTO_INCREMENT for table `joom_banners`
--
ALTER TABLE `joom_banners`
  MODIFY `id` int(11) NOT NULL AUTO_INCREMENT;

--
-- AUTO_INCREMENT for table `joom_banner_clients`
--
ALTER TABLE `joom_banner_clients`
  MODIFY `id` int(11) NOT NULL AUTO_INCREMENT;

--
-- AUTO_INCREMENT for table `joom_categories`
--
ALTER TABLE `joom_categories`
  MODIFY `id` int(11) NOT NULL AUTO_INCREMENT, AUTO_INCREMENT=10;

--
-- AUTO_INCREMENT for table `joom_contact_details`
--
ALTER TABLE `joom_contact_details`
  MODIFY `id` int(11) NOT NULL AUTO_INCREMENT, AUTO_INCREMENT=2;

--
-- AUTO_INCREMENT for table `joom_content`
--
ALTER TABLE `joom_content`
  MODIFY `id` int(10) UNSIGNED NOT NULL AUTO_INCREMENT, AUTO_INCREMENT=7;

--
-- AUTO_INCREMENT for table `joom_content_types`
--
ALTER TABLE `joom_content_types`
  MODIFY `type_id` int(10) UNSIGNED NOT NULL AUTO_INCREMENT, AUTO_INCREMENT=16;

--
-- AUTO_INCREMENT for table `joom_extensions`
--
ALTER TABLE `joom_extensions`
  MODIFY `extension_id` int(11) NOT NULL AUTO_INCREMENT, AUTO_INCREMENT=10033;

--
-- AUTO_INCREMENT for table `joom_fields`
--
ALTER TABLE `joom_fields`
  MODIFY `id` int(10) UNSIGNED NOT NULL AUTO_INCREMENT;

--
-- AUTO_INCREMENT for table `joom_fields_groups`
--
ALTER TABLE `joom_fields_groups`
  MODIFY `id` int(10) UNSIGNED NOT NULL AUTO_INCREMENT;

--
-- AUTO_INCREMENT for table `joom_finder_filters`
--
ALTER TABLE `joom_finder_filters`
  MODIFY `filter_id` int(10) UNSIGNED NOT NULL AUTO_INCREMENT;

--
-- AUTO_INCREMENT for table `joom_finder_links`
--
ALTER TABLE `joom_finder_links`
  MODIFY `link_id` int(10) UNSIGNED NOT NULL AUTO_INCREMENT;

--
-- AUTO_INCREMENT for table `joom_finder_taxonomy`
--
ALTER TABLE `joom_finder_taxonomy`
  MODIFY `id` int(10) UNSIGNED NOT NULL AUTO_INCREMENT, AUTO_INCREMENT=2;

--
-- AUTO_INCREMENT for table `joom_finder_terms`
--
ALTER TABLE `joom_finder_terms`
  MODIFY `term_id` int(10) UNSIGNED NOT NULL AUTO_INCREMENT;

--
-- AUTO_INCREMENT for table `joom_finder_types`
--
ALTER TABLE `joom_finder_types`
  MODIFY `id` int(10) UNSIGNED NOT NULL AUTO_INCREMENT;

--
-- AUTO_INCREMENT for table `joom_languages`
--
ALTER TABLE `joom_languages`
  MODIFY `lang_id` int(11) UNSIGNED NOT NULL AUTO_INCREMENT, AUTO_INCREMENT=2;

--
-- AUTO_INCREMENT for table `joom_menu`
--
ALTER TABLE `joom_menu`
  MODIFY `id` int(11) NOT NULL AUTO_INCREMENT, AUTO_INCREMENT=121;

--
-- AUTO_INCREMENT for table `joom_menu_types`
--
ALTER TABLE `joom_menu_types`
  MODIFY `id` int(10) UNSIGNED NOT NULL AUTO_INCREMENT, AUTO_INCREMENT=2;

--
-- AUTO_INCREMENT for table `joom_messages`
--
ALTER TABLE `joom_messages`
  MODIFY `message_id` int(10) UNSIGNED NOT NULL AUTO_INCREMENT;

--
-- AUTO_INCREMENT for table `joom_modules`
--
ALTER TABLE `joom_modules`
  MODIFY `id` int(11) NOT NULL AUTO_INCREMENT, AUTO_INCREMENT=94;

--
-- AUTO_INCREMENT for table `joom_newsfeeds`
--
ALTER TABLE `joom_newsfeeds`
  MODIFY `id` int(10) UNSIGNED NOT NULL AUTO_INCREMENT;

--
-- AUTO_INCREMENT for table `joom_overrider`
--
ALTER TABLE `joom_overrider`
  MODIFY `id` int(10) NOT NULL AUTO_INCREMENT COMMENT 'Primary Key';

--
-- AUTO_INCREMENT for table `joom_postinstall_messages`
--
ALTER TABLE `joom_postinstall_messages`
  MODIFY `postinstall_message_id` bigint(20) UNSIGNED NOT NULL AUTO_INCREMENT, AUTO_INCREMENT=20;

--
-- AUTO_INCREMENT for table `joom_privacy_consents`
--
ALTER TABLE `joom_privacy_consents`
  MODIFY `id` int(10) UNSIGNED NOT NULL AUTO_INCREMENT;

--
-- AUTO_INCREMENT for table `joom_privacy_requests`
--
ALTER TABLE `joom_privacy_requests`
  MODIFY `id` int(10) UNSIGNED NOT NULL AUTO_INCREMENT;

--
-- AUTO_INCREMENT for table `joom_redirect_links`
--
ALTER TABLE `joom_redirect_links`
  MODIFY `id` int(10) UNSIGNED NOT NULL AUTO_INCREMENT;

--
-- AUTO_INCREMENT for table `joom_rokcommon_configs`
--
ALTER TABLE `joom_rokcommon_configs`
  MODIFY `id` int(11) NOT NULL AUTO_INCREMENT, AUTO_INCREMENT=5;

--
-- AUTO_INCREMENT for table `joom_rokgallery_files`
--
ALTER TABLE `joom_rokgallery_files`
  MODIFY `id` int(10) UNSIGNED NOT NULL AUTO_INCREMENT, AUTO_INCREMENT=12;

--
-- AUTO_INCREMENT for table `joom_rokgallery_filters`
--
ALTER TABLE `joom_rokgallery_filters`
  MODIFY `id` int(10) UNSIGNED NOT NULL AUTO_INCREMENT;

--
-- AUTO_INCREMENT for table `joom_rokgallery_galleries`
--
ALTER TABLE `joom_rokgallery_galleries`
  MODIFY `id` int(10) UNSIGNED NOT NULL AUTO_INCREMENT, AUTO_INCREMENT=2;

--
-- AUTO_INCREMENT for table `joom_rokgallery_profiles`
--
ALTER TABLE `joom_rokgallery_profiles`
  MODIFY `id` int(10) UNSIGNED NOT NULL AUTO_INCREMENT;

--
-- AUTO_INCREMENT for table `joom_rokgallery_slices`
--
ALTER TABLE `joom_rokgallery_slices`
  MODIFY `id` int(10) UNSIGNED NOT NULL AUTO_INCREMENT, AUTO_INCREMENT=20;

--
-- AUTO_INCREMENT for table `joom_tags`
--
ALTER TABLE `joom_tags`
  MODIFY `id` int(10) UNSIGNED NOT NULL AUTO_INCREMENT, AUTO_INCREMENT=2;

--
-- AUTO_INCREMENT for table `joom_template_styles`
--
ALTER TABLE `joom_template_styles`
  MODIFY `id` int(10) UNSIGNED NOT NULL AUTO_INCREMENT, AUTO_INCREMENT=11;

--
-- AUTO_INCREMENT for table `joom_ucm_content`
--
ALTER TABLE `joom_ucm_content`
  MODIFY `core_content_id` int(10) UNSIGNED NOT NULL AUTO_INCREMENT;

--
-- AUTO_INCREMENT for table `joom_ucm_history`
--
ALTER TABLE `joom_ucm_history`
  MODIFY `version_id` int(10) UNSIGNED NOT NULL AUTO_INCREMENT, AUTO_INCREMENT=58;

--
-- AUTO_INCREMENT for table `joom_updates`
--
ALTER TABLE `joom_updates`
  MODIFY `update_id` int(11) NOT NULL AUTO_INCREMENT, AUTO_INCREMENT=1433;

--
-- AUTO_INCREMENT for table `joom_update_sites`
--
ALTER TABLE `joom_update_sites`
  MODIFY `update_site_id` int(11) NOT NULL AUTO_INCREMENT, AUTO_INCREMENT=22;

--
-- AUTO_INCREMENT for table `joom_usergroups`
--
ALTER TABLE `joom_usergroups`
  MODIFY `id` int(10) UNSIGNED NOT NULL AUTO_INCREMENT COMMENT 'Primary Key', AUTO_INCREMENT=10;

--
-- AUTO_INCREMENT for table `joom_users`
--
ALTER TABLE `joom_users`
  MODIFY `id` int(11) NOT NULL AUTO_INCREMENT, AUTO_INCREMENT=321;

--
-- AUTO_INCREMENT for table `joom_user_keys`
--
ALTER TABLE `joom_user_keys`
  MODIFY `id` int(10) UNSIGNED NOT NULL AUTO_INCREMENT;

--
-- AUTO_INCREMENT for table `joom_user_notes`
--
ALTER TABLE `joom_user_notes`
  MODIFY `id` int(10) UNSIGNED NOT NULL AUTO_INCREMENT;

--
-- AUTO_INCREMENT for table `joom_viewlevels`
--
ALTER TABLE `joom_viewlevels`
  MODIFY `id` int(10) UNSIGNED NOT NULL AUTO_INCREMENT COMMENT 'Primary Key', AUTO_INCREMENT=7;

--
-- AUTO_INCREMENT for table `joom_weblinks`
--
ALTER TABLE `joom_weblinks`
  MODIFY `id` int(10) UNSIGNED NOT NULL AUTO_INCREMENT;

--
-- Constraints for dumped tables
--

--
-- Constraints for table `joom_rokgallery_files_index`
--
ALTER TABLE `joom_rokgallery_files_index`
  ADD CONSTRAINT `joom_rokgallery_files_index_id_idx` FOREIGN KEY (`id`) REFERENCES `joom_rokgallery_files` (`id`) ON DELETE CASCADE ON UPDATE CASCADE;

--
-- Constraints for table `joom_rokgallery_file_loves`
--
ALTER TABLE `joom_rokgallery_file_loves`
  ADD CONSTRAINT `joom_file_loves_file_id_files_id` FOREIGN KEY (`file_id`) REFERENCES `joom_rokgallery_files` (`id`) ON DELETE CASCADE ON UPDATE CASCADE;

--
-- Constraints for table `joom_rokgallery_file_tags`
--
ALTER TABLE `joom_rokgallery_file_tags`
  ADD CONSTRAINT `joom_file_tags_file_id_files_id` FOREIGN KEY (`file_id`) REFERENCES `joom_rokgallery_files` (`id`) ON DELETE CASCADE ON UPDATE CASCADE;

--
-- Constraints for table `joom_rokgallery_file_views`
--
ALTER TABLE `joom_rokgallery_file_views`
  ADD CONSTRAINT `joom_file_views_file_id__files_id` FOREIGN KEY (`file_id`) REFERENCES `joom_rokgallery_files` (`id`) ON DELETE CASCADE ON UPDATE CASCADE;

--
-- Constraints for table `joom_rokgallery_slices`
--
ALTER TABLE `joom_rokgallery_slices`
  ADD CONSTRAINT `joom_slices_file_id_files_id` FOREIGN KEY (`file_id`) REFERENCES `joom_rokgallery_files` (`id`) ON DELETE CASCADE ON UPDATE CASCADE,
  ADD CONSTRAINT `joom_slices_gallery_id_galleries_id` FOREIGN KEY (`gallery_id`) REFERENCES `joom_rokgallery_galleries` (`id`) ON DELETE SET NULL ON UPDATE CASCADE;

--
-- Constraints for table `joom_rokgallery_slices_index`
--
ALTER TABLE `joom_rokgallery_slices_index`
  ADD CONSTRAINT `joom_rokgallery_slices_index_id_idx` FOREIGN KEY (`id`) REFERENCES `joom_rokgallery_slices` (`id`) ON DELETE CASCADE ON UPDATE CASCADE;

--
-- Constraints for table `joom_rokgallery_slice_tags`
--
ALTER TABLE `joom_rokgallery_slice_tags`
  ADD CONSTRAINT `joom_slice_tags_slice_id_slices_id` FOREIGN KEY (`slice_id`) REFERENCES `joom_rokgallery_slices` (`id`) ON DELETE CASCADE ON UPDATE CASCADE;
COMMIT;

